* using log directory ‘/data/gannet/ripley/R/packages/tests-gcc-SAN/fasttreeid.Rcheck’ * using R Under development (unstable) (2025-11-06 r88990) * using platform: x86_64-pc-linux-gnu * R was compiled by gcc (GCC) 15.1.1 20250521 (Red Hat 15.1.1-2) GNU Fortran (GCC) 15.1.1 20250521 (Red Hat 15.1.1-2) * running under: Fedora Linux 42 (Workstation Edition) * using session charset: UTF-8 * using option ‘--no-stop-on-test-error’ * checking for file ‘fasttreeid/DESCRIPTION’ ... OK * checking extension type ... Package * this is package ‘fasttreeid’ version ‘1.0.0’ * package encoding: UTF-8 * checking package dependencies ... OK * checking if this is a source package ... OK * checking if there is a namespace ... OK * checking for hidden files and directories ... OK * checking for portable file names ... OK * checking whether package ‘fasttreeid’ can be installed ... [108s/218s] WARNING Found the following significant warnings: algebra.cpp:12:9: warning: ISO C++ does not support ‘__int128’ for ‘A’ [-Wpedantic] algebra.cpp:12:9: warning: ISO C++ does not support ‘__int128’ for ‘B’ [-Wpedantic] See ‘/data/gannet/ripley/R/packages/tests-gcc-SAN/fasttreeid.Rcheck/00install.out’ for details. * used C++ compiler: ‘g++ (GCC) 15.1.1 20250521 (Red Hat 15.1.1-2)’ * checking C++ specification ... OK * checking package directory ... OK * checking whether the package can be loaded ... OK * checking whether the package can be loaded with stated dependencies ... OK * checking whether the package can be unloaded cleanly ... OK * checking whether the namespace can be loaded with stated dependencies ... OK * checking whether the namespace can be unloaded cleanly ... OK * checking loading without being on the library search path ... OK * checking compiled code ... OK * checking examples ... [4s/10s] OK * checking tests ... [12s/27s] OK Running ‘testthat.R’ [10s/22s] * DONE Status: 1 WARNING