* using log directory ‘/data/gannet/ripley/R/packages/tests-gcc-SAN/fastmatrix.Rcheck’ * using R Under development (unstable) (2025-10-15 r88920) * using platform: x86_64-pc-linux-gnu * R was compiled by gcc (GCC) 15.1.1 20250521 (Red Hat 15.1.1-2) GNU Fortran (GCC) 15.1.1 20250521 (Red Hat 15.1.1-2) * running under: Fedora Linux 42 (Workstation Edition) * using session charset: UTF-8 * using option ‘--no-stop-on-test-error’ * checking for file ‘fastmatrix/DESCRIPTION’ ... OK * checking extension type ... Package * this is package ‘fastmatrix’ version ‘0.6-2’ * checking package dependencies ... OK * checking if this is a source package ... OK * checking if there is a namespace ... OK * checking for hidden files and directories ... OK * checking for portable file names ... OK * checking whether package ‘fastmatrix’ can be installed ... [61s/121s] WARNING Found the following significant warnings: fastmatrix.h:109:6: warning: type of ‘schur_decomp_’ does not match original declaration [-Wlto-type-mismatch] See ‘/data/gannet/ripley/R/packages/tests-gcc-SAN/fastmatrix.Rcheck/00install.out’ for details. * used C compiler: ‘gcc (GCC) 15.1.1 20250521 (Red Hat 15.1.1-2)’ * used Fortran compiler: ‘GNU Fortran (GCC) 15.1.1 20250521 (Red Hat 15.1.1-2)’ * checking package directory ... OK * checking whether the package can be loaded ... OK * checking whether the package can be loaded with stated dependencies ... OK * checking whether the package can be unloaded cleanly ... OK * checking whether the namespace can be loaded with stated dependencies ... OK * checking whether the namespace can be unloaded cleanly ... OK * checking loading without being on the library search path ... OK * checking compiled code ... OK * checking usage of KIND in Fortran files ... OK * checking examples ... [16s/40s] OK * DONE Status: 1 WARNING