* using log directory ‘/data/gannet/ripley/R/packages/tests-gcc-SAN/bbotk.Rcheck’ * using R Under development (unstable) (2025-10-10 r88914) * using platform: x86_64-pc-linux-gnu * R was compiled by gcc (GCC) 15.1.1 20250521 (Red Hat 15.1.1-2) GNU Fortran (GCC) 15.1.1 20250521 (Red Hat 15.1.1-2) * running under: Fedora Linux 42 (Workstation Edition) * using session charset: UTF-8 * using option ‘--no-stop-on-test-error’ * checking for file ‘bbotk/DESCRIPTION’ ... OK * this is package ‘bbotk’ version ‘1.7.0’ * package encoding: UTF-8 * checking package dependencies ... OK * checking if this is a source package ... OK * checking if there is a namespace ... OK * checking for hidden files and directories ... OK * checking for portable file names ... OK * checking whether package ‘bbotk’ can be installed ... [161s/519s] WARNING Found the following significant warnings: test_local_search.h:8:6: warning: type of ‘c_test_toposort_params’ does not match original declaration [-Wlto-type-mismatch] See ‘/data/gannet/ripley/R/packages/tests-gcc-SAN/bbotk.Rcheck/00install.out’ for details. * used C compiler: ‘gcc (GCC) 15.1.1 20250521 (Red Hat 15.1.1-2)’ * checking package directory ... OK * checking whether the package can be loaded ... [5s/15s] OK * checking whether the package can be loaded with stated dependencies ... [4s/10s] OK * checking whether the package can be unloaded cleanly ... [4s/14s] OK * checking whether the namespace can be loaded with stated dependencies ... [4s/16s] OK * checking whether the namespace can be unloaded cleanly ... [5s/18s] OK * checking loading without being on the library search path ... [4s/16s] OK * checking compiled code ... OK * checking examples ... [87s/273s] OK * checking tests ... [26m/32m] OK Running ‘testthat.R’ [26m/32m] * DONE Status: 1 WARNING