* using log directory ‘/data/gannet/ripley/R/packages/tests-gcc-SAN/FORTLS.Rcheck’ * using R Under development (unstable) (2025-11-11 r89001) * using platform: x86_64-pc-linux-gnu * R was compiled by gcc (GCC) 15.1.1 20250521 (Red Hat 15.1.1-2) GNU Fortran (GCC) 15.1.1 20250521 (Red Hat 15.1.1-2) * running under: Fedora Linux 42 (Workstation Edition) * using session charset: UTF-8 * using option ‘--no-stop-on-test-error’ * checking for file ‘FORTLS/DESCRIPTION’ ... OK * this is package ‘FORTLS’ version ‘1.6.1’ * package encoding: UTF-8 * checking package dependencies ... OK * checking if this is a source package ... OK * checking if there is a namespace ... OK * checking for hidden files and directories ... OK * checking for portable file names ... OK * checking whether package ‘FORTLS’ can be installed ... [270s/275s] WARNING Found the following significant warnings: geometric_features_dist.cpp:146:8: warning: type ‘struct GeometricFeatures’ violates the C++ One Definition Rule [-Wodr] geometric_features_knn.cpp:82:3: warning: type of ‘__ct_comp ’ does not match original declaration [-Wlto-type-mismatch] geometric_features_knn.cpp:82:3: warning: type of ‘__ct_base ’ does not match original declaration [-Wlto-type-mismatch] See ‘/data/gannet/ripley/R/packages/tests-gcc-SAN/FORTLS.Rcheck/00install.out’ for details. * used C++ compiler: ‘g++ (GCC) 15.1.1 20250521 (Red Hat 15.1.1-2)’ * checking package directory ... OK * checking whether the package can be loaded ... [18s/30s] OK * checking whether the package can be loaded with stated dependencies ... [14s/22s] OK * checking whether the package can be unloaded cleanly ... [14s/19s] OK * checking whether the namespace can be loaded with stated dependencies ... [15s/20s] OK * checking whether the namespace can be unloaded cleanly ... [18s/27s] OK * checking loading without being on the library search path ... [18s/24s] OK * checking compiled code ... OK * checking installed files from ‘inst/doc’ ... OK * checking files in ‘vignettes’ ... OK * checking examples ... [19s/30s] OK * checking tests ... [74s/124s] OK Running ‘testthat.R’ [72s/121s] * checking package vignettes ... OK * checking re-building of vignette outputs ... [43m/61m] OK * DONE Status: 1 WARNING