* using log directory ‘/data/gannet/ripley/R/packages/tests-clang-ASAN/trtswitch.Rcheck’ * using R Under development (unstable) (2025-11-06 r88990) * using platform: x86_64-pc-linux-gnu * R was compiled by clang version 21.1.5 flang version 21.1.5 * running under: Fedora Linux 42 (Workstation Edition) * using session charset: UTF-8 * using option ‘--no-stop-on-test-error’ * checking for file ‘trtswitch/DESCRIPTION’ ... OK * checking extension type ... Package * this is package ‘trtswitch’ version ‘0.2.1’ * package encoding: UTF-8 * checking package dependencies ... OK * checking if this is a source package ... OK * checking if there is a namespace ... OK * checking for hidden files and directories ... OK * checking for portable file names ... OK * checking whether package ‘trtswitch’ can be installed ... [21m/17m] OK * used C++ compiler: ‘clang version 21.1.5’ * checking package directory ... OK * checking whether the package can be loaded ... OK * checking whether the package can be loaded with stated dependencies ... OK * checking whether the package can be unloaded cleanly ... OK * checking whether the namespace can be loaded with stated dependencies ... OK * checking whether the namespace can be unloaded cleanly ... OK * checking loading without being on the library search path ... OK * checking compiled code ... OK * checking installed files from ‘inst/doc’ ... OK * checking files in ‘vignettes’ ... OK * checking examples ... [102s/106s] OK * checking tests ... [145s/151s] ERROR Running ‘testthat.R’ [144s/150s] Running the tests in ‘tests/testthat.R’ failed. Complete output: > # This file is part of the standard setup for testthat. > # It is recommended that you do not modify it. > # > # Where should you do additional test configuration? > # Learn more about the roles of various files in: > # * https://r-pkgs.org/testing-design.html#sec-tests-files-overview > # * https://testthat.r-lib.org/articles/special-files.html > > library(testthat) > library(trtswitch) > > test_check("trtswitch") Attaching package: 'tidyr' The following object is masked from 'package:testthat': matches The milestone is larger than the largest observed time Additional warning messages are suppressed ================================================================= ==1494315==ERROR: AddressSanitizer: stack-use-after-scope on address 0x7b5452b051f0 at pc 0x7b5442164c23 bp 0x7ffd6033b0b0 sp 0x7ffd6033b0a8 READ of size 8 at 0x7b5452b051f0 thread T0 #0 0x7b5442164c22 in Rcpp::PreserveStorage>::get__() const /data/gannet/ripley/R/test-clang/Rcpp/include/Rcpp/storage/PreserveStorage.h:52:20 #1 0x7b5442164c22 in Rcpp::Vector<14, Rcpp::PreserveStorage>::size() const /data/gannet/ripley/R/test-clang/Rcpp/include/Rcpp/vector/Vector.h:274:39 #2 0x7b5442164c22 in Rcpp::sugar::Vectorized<&log, true, Rcpp::Vector<14, Rcpp::PreserveStorage>>::size() const /data/gannet/ripley/R/test-clang/Rcpp/include/Rcpp/sugar/block/Vectorized_Math.h:40:50 #3 0x7b5442164c22 in Rcpp::VectorBase<14, true, Rcpp::sugar::Vectorized<&log, true, Rcpp::Vector<14, Rcpp::PreserveStorage>>>::size() const /data/gannet/ripley/R/test-clang/Rcpp/include/Rcpp/vector/VectorBase.h:49:74 #4 0x7b5442164c22 in void Rcpp::Vector<14, Rcpp::PreserveStorage>::import_sugar_expression>>(Rcpp::VectorBase<14, true, Rcpp::sugar::Vectorized<&log, true, Rcpp::Vector<14, Rcpp::PreserveStorage>>> const&, Rcpp::traits::integral_constant) /data/gannet/ripley/R/test-clang/Rcpp/include/Rcpp/vector/Vector.h:1066:28 #5 0x7b5442164c22 in Rcpp::Vector<14, Rcpp::PreserveStorage>::Vector>>(Rcpp::VectorBase<14, true, Rcpp::sugar::Vectorized<&log, true, Rcpp::Vector<14, Rcpp::PreserveStorage>>> const&) /data/gannet/ripley/R/test-clang/Rcpp/include/Rcpp/vector/Vector.h:164:9 #6 0x7b5442164c22 in tsesimpcpp(Rcpp::DataFrame_Impl, std::__1::basic_string, std::__1::allocator>, Rcpp::Vector<16, Rcpp::PreserveStorage> const&, std::__1::basic_string, std::__1::allocator>, std::__1::basic_string, std::__1::allocator>, std::__1::basic_string, std::__1::allocator>, std::__1::basic_string, std::__1::allocator>, std::__1::basic_string, std::__1::allocator>, std::__1::basic_string, std::__1::allocator>, std::__1::basic_string, std::__1::allocator>, std::__1::basic_string, std::__1::allocator>, Rcpp::Vector<16, Rcpp::PreserveStorage> const&, Rcpp::Vector<16, Rcpp::PreserveStorage> const&, std::__1::basic_string, std::__1::allocator>, bool, bool, bool, bool, double, std::__1::basic_string, std::__1::allocator>, double, bool, int, int) /data/gannet/ripley/R/packages/tests-clang-ASAN/trtswitch/src/tsesimp.cpp:1060:30 #7 0x7b5441828a0f in _trtswitch_tsesimpcpp /data/gannet/ripley/R/packages/tests-clang-ASAN/trtswitch/src/RcppExports.cpp:617:34 #8 0x55a386237822 in R_doDotCall /data/gannet/ripley/R/svn/R-devel/src/main/dotcode.c #9 0x55a38623d61c in do_dotcall /data/gannet/ripley/R/svn/R-devel/src/main/dotcode.c:1437:11 #10 0x55a3862e87f9 in bcEval_loop /data/gannet/ripley/R/svn/R-devel/src/main/eval.c:8114:14 #11 0x55a3862db4b4 in bcEval /data/gannet/ripley/R/svn/R-devel/src/main/eval.c:7497:16 #12 0x55a3862d99da in Rf_eval /data/gannet/ripley/R/svn/R-devel/src/main/eval.c:1167:8 #13 0x55a38632196c in R_execClosure /data/gannet/ripley/R/svn/R-devel/src/main/eval.c:2389:22 #14 0x55a386320b31 in applyClosure_core /data/gannet/ripley/R/svn/R-devel/src/main/eval.c:2302:16 #15 0x55a3862da429 in Rf_applyClosure /data/gannet/ripley/R/svn/R-devel/src/main/eval.c:2324:16 #16 0x55a3862da429 in Rf_eval /data/gannet/ripley/R/svn/R-devel/src/main/eval.c:1280:12 #17 0x55a386333057 in do_set /data/gannet/ripley/R/svn/R-devel/src/main/eval.c:3563:8 #18 0x55a3862d9f23 in Rf_eval /data/gannet/ripley/R/svn/R-devel/src/main/eval.c:1232:12 #19 0x55a3863301d9 in do_begin /data/gannet/ripley/R/svn/R-devel/src/main/eval.c:2992:10 #20 0x55a3862d9f23 in Rf_eval /data/gannet/ripley/R/svn/R-devel/src/main/eval.c:1232:12 #21 0x55a386337963 in do_eval /data/gannet/ripley/R/svn/R-devel/src/main/eval.c:3937:13 #22 0x55a3862e87f9 in bcEval_loop /data/gannet/ripley/R/svn/R-devel/src/main/eval.c:8114:14 #23 0x55a3862db4b4 in bcEval /data/gannet/ripley/R/svn/R-devel/src/main/eval.c:7497:16 #24 0x55a3862d99da in Rf_eval /data/gannet/ripley/R/svn/R-devel/src/main/eval.c:1167:8 #25 0x55a38632196c in R_execClosure /data/gannet/ripley/R/svn/R-devel/src/main/eval.c:2389:22 #26 0x55a386320b31 in applyClosure_core /data/gannet/ripley/R/svn/R-devel/src/main/eval.c:2302:16 #27 0x55a3862da429 in Rf_applyClosure /data/gannet/ripley/R/svn/R-devel/src/main/eval.c:2324:16 #28 0x55a3862da429 in Rf_eval /data/gannet/ripley/R/svn/R-devel/src/main/eval.c:1280:12 #29 0x55a3863382ca in do_eval /data/gannet/ripley/R/svn/R-devel/src/main/eval.c:3955:9 #30 0x55a3862e87f9 in bcEval_loop /data/gannet/ripley/R/svn/R-devel/src/main/eval.c:8114:14 #31 0x55a3862db4b4 in bcEval /data/gannet/ripley/R/svn/R-devel/src/main/eval.c:7497:16 #32 0x55a3862d99da in Rf_eval /data/gannet/ripley/R/svn/R-devel/src/main/eval.c:1167:8 #33 0x55a38632196c in R_execClosure /data/gannet/ripley/R/svn/R-devel/src/main/eval.c:2389:22 #34 0x55a386320b31 in applyClosure_core /data/gannet/ripley/R/svn/R-devel/src/main/eval.c:2302:16 #35 0x55a38632a604 in Rf_applyClosure /data/gannet/ripley/R/svn/R-devel/src/main/eval.c:2324:16 #36 0x55a38632a604 in R_forceAndCall /data/gannet/ripley/R/svn/R-devel/src/main/eval.c:2456:8 #37 0x55a3860ea711 in do_lapply /data/gannet/ripley/R/svn/R-devel/src/main/apply.c:75:8 #38 0x55a3863e3fb9 in do_internal /data/gannet/ripley/R/svn/R-devel/src/main/names.c:1411:11 #39 0x55a3862edff3 in bcEval_loop /data/gannet/ripley/R/svn/R-devel/src/main/eval.c:8134:15 #40 0x55a3862db4b4 in bcEval /data/gannet/ripley/R/svn/R-devel/src/main/eval.c:7497:16 #41 0x55a3862d99da in Rf_eval /data/gannet/ripley/R/svn/R-devel/src/main/eval.c:1167:8 #42 0x55a38632196c in R_execClosure /data/gannet/ripley/R/svn/R-devel/src/main/eval.c:2389:22 #43 0x55a386320b31 in applyClosure_core /data/gannet/ripley/R/svn/R-devel/src/main/eval.c:2302:16 #44 0x55a3862da429 in Rf_applyClosure /data/gannet/ripley/R/svn/R-devel/src/main/eval.c:2324:16 #45 0x55a3862da429 in Rf_eval /data/gannet/ripley/R/svn/R-devel/src/main/eval.c:1280:12 #46 0x55a3863ae261 in Rf_ReplIteration /data/gannet/ripley/R/svn/R-devel/src/main/main.c:264:15 #47 0x55a3863b0ab0 in R_ReplConsole /data/gannet/ripley/R/svn/R-devel/src/main/main.c:317:11 #48 0x55a3863b0ab0 in run_Rmainloop /data/gannet/ripley/R/svn/R-devel/src/main/main.c:1235:5 #49 0x55a3863b0b42 in Rf_mainloop /data/gannet/ripley/R/svn/R-devel/src/main/main.c:1242:5 #50 0x55a3860b799c in main /data/gannet/ripley/R/svn/R-devel/src/main/Rmain.c:29:5 #51 0x7f5456c115f4 in __libc_start_call_main (/lib64/libc.so.6+0x35f4) (BuildId: a1dda014206b55b07f58fe8db80121b752dc3d03) #52 0x7f5456c116a7 in __libc_start_main@GLIBC_2.2.5 (/lib64/libc.so.6+0x36a7) (BuildId: a1dda014206b55b07f58fe8db80121b752dc3d03) #53 0x55a385fd07d4 in _start (/data/gannet/ripley/R/clang-ASAN/bin/exec/R+0x17d4) Address 0x7b5452b051f0 is located in stack of thread T0 at offset 20976 in frame #0 0x7b5442135f9f in tsesimpcpp(Rcpp::DataFrame_Impl, std::__1::basic_string, std::__1::allocator>, Rcpp::Vector<16, Rcpp::PreserveStorage> const&, std::__1::basic_string, std::__1::allocator>, std::__1::basic_string, std::__1::allocator>, std::__1::basic_string, std::__1::allocator>, std::__1::basic_string, std::__1::allocator>, std::__1::basic_string, std::__1::allocator>, std::__1::basic_string, std::__1::allocator>, std::__1::basic_string, std::__1::allocator>, std::__1::basic_string, std::__1::allocator>, Rcpp::Vector<16, Rcpp::PreserveStorage> const&, Rcpp::Vector<16, Rcpp::PreserveStorage> const&, std::__1::basic_string, std::__1::allocator>, bool, bool, bool, bool, double, std::__1::basic_string, std::__1::allocator>, double, bool, int, int) /data/gannet/ripley/R/packages/tests-clang-ASAN/trtswitch/src/tsesimp.cpp:31 This frame has 769 object(s): [32, 96) 'ref.tmp' [128, 392) 'oss' [464, 528) 'ref.tmp' [560, 824) 'oss' [896, 960) 'ref.tmp' [992, 1256) 'oss' [1328, 1392) 'ref.tmp' [1424, 1688) 'oss' [1760, 1824) 'ref.tmp' [1856, 2120) 'oss' [2192, 2256) 'ref.tmp' [2288, 2552) 'oss' [2624, 2688) 'ref.tmp' [2720, 2984) 'oss' [3056, 3120) 'ref.tmp' [3152, 3416) 'oss' [3488, 3552) 'ref.tmp' [3584, 3848) 'oss' [3920, 3984) 'ref.tmp' [4016, 4280) 'oss' [4352, 4416) 'ref.tmp' [4448, 4712) 'oss' [4784, 4848) 'ref.tmp' [4880, 5144) 'oss' [5216, 5280) 'ref.tmp' [5312, 5576) 'oss' [5648, 5712) 'ref.tmp' [5744, 6008) 'oss' [6080, 6144) 'ref.tmp' [6176, 6440) 'oss' [6512, 6576) 'ref.tmp' [6608, 6872) 'oss' [6944, 7008) 'ref.tmp' [7040, 7304) 'oss' [7376, 7440) 'ref.tmp' [7472, 7736) 'oss' [7808, 7872) 'ref.tmp' [7904, 8168) 'oss' [8240, 8304) 'ref.tmp' [8336, 8600) 'oss' [8672, 8736) 'ref.tmp' [8768, 9032) 'oss' [9104, 9168) 'ref.tmp' [9200, 9464) 'oss' [9536, 9600) 'ref.tmp' [9632, 9896) 'oss' [9968, 10032) 'ref.tmp' [10064, 10328) 'oss' [10400, 10464) 'ref.tmp' [10496, 10760) 'oss' [10832, 10896) 'ref.tmp' [10928, 11192) 'oss' [11264, 11328) 'ref.tmp' [11360, 11624) 'oss' [11696, 11760) 'ref.tmp' [11792, 12056) 'oss' [12128, 12192) 'ref.tmp' [12224, 12488) 'oss' [12560, 12624) 'ref.tmp' [12656, 12920) 'oss' [12992, 13056) 'ref.tmp' [13088, 13352) 'oss' [13424, 13432) 'x' [13456, 13480) 'ref.tmp' [13520, 13528) 'i.addr' [13552, 13576) 'ref.tmp' [13616, 13624) 'i.addr' [13648, 13672) 'ref.tmp' [13712, 13720) 'i.addr' [13744, 13768) 'ref.tmp' [13808, 13816) 'i.addr' [13840, 13864) 'ref.tmp' [13904, 13912) 'i.addr' [13936, 13960) 'ref.tmp' [14000, 14008) 'i.addr' [14032, 14056) 'ref.tmp' [14096, 14104) 'i.addr' [14128, 14152) 'ref.tmp' [14192, 14200) 'i.addr' [14224, 14248) 'ref.tmp' [14288, 14296) 'i.addr' [14320, 14344) 'ref.tmp' [14384, 14392) 'i.addr' [14416, 14440) 'ref.tmp' [14480, 14488) 'i.addr' [14512, 14536) 'ref.tmp' [14576, 14584) 'i.addr' [14608, 14632) 'ref.tmp' [14672, 14680) 'i.addr' [14704, 14728) 'ref.tmp' [14768, 14776) 'i.addr' [14800, 14824) 'ref.tmp' [14864, 14872) 'i.addr' [14896, 14920) 'ref.tmp' [14960, 14968) 'i.addr' [14992, 15016) 'ref.tmp' [15056, 15064) 'i.addr' [15088, 15112) 'ref.tmp' [15152, 15160) 'i.addr' [15184, 15208) 'ref.tmp' [15248, 15256) 'i.addr' [15280, 15304) 'ref.tmp' [15344, 15352) 'i.addr' [15376, 15400) 'ref.tmp' [15440, 15448) 'i.addr' [15472, 15496) 'ref.tmp' [15536, 15544) 'i.addr' [15568, 15592) 'ref.tmp' [15632, 15640) 'i.addr' [15664, 15688) 'ref.tmp' [15728, 15736) 'i.addr' [15760, 15784) 'ref.tmp' [15824, 15832) 'i.addr' [15856, 15880) 'ref.tmp' [15920, 15928) 'i.addr' [15952, 15976) 'ref.tmp' [16016, 16024) 'i.addr' [16048, 16072) 'ref.tmp' [16112, 16120) 'i.addr' [16144, 16168) 'ref.tmp' [16208, 16216) 'i.addr' [16240, 16264) 'ref.tmp' [16304, 16312) 'i.addr' [16336, 16360) 'ref.tmp' [16400, 16408) 'i.addr' [16432, 16456) 'ref.tmp' [16496, 16504) 'i.addr' [16528, 16552) 'ref.tmp' [16592, 16600) 'i.addr' [16624, 16648) 'ref.tmp' [16688, 16696) 'i.addr' [16720, 16744) 'ref.tmp' [16784, 16792) 'i.addr' [16816, 16840) 'ref.tmp' [16880, 16888) 'i.addr' [16912, 16936) 'ref.tmp' [16976, 16984) 'i.addr' [17008, 17032) 'ref.tmp' [17072, 17080) 'i.addr' [17104, 17128) 'ref.tmp' [17168, 17176) 'i.addr' [17200, 17224) 'ref.tmp' [17264, 17272) 'i.addr' [17296, 17320) 'ref.tmp' [17360, 17368) 'i.addr' [17392, 17416) 'ref.tmp' [17456, 17464) 'i.addr' [17488, 17512) 'ref.tmp' [17552, 17560) 'i.addr' [17584, 17608) 'ref.tmp' [17648, 17656) 'i.addr' [17680, 17704) 'ref.tmp' [17744, 17752) 'i.addr' [17776, 17800) 'ref.tmp' [17840, 17848) 'i.addr' [17872, 17896) 'ref.tmp' [17936, 17944) 'i.addr' [17968, 17992) 'ref.tmp' [18032, 18040) 'i.addr' [18064, 18088) 'ref.tmp' [18128, 18136) 'i.addr' [18160, 18168) 'ref.tmp' [18192, 18216) 'ref.tmp' [18256, 18264) 'i.addr' [18288, 18296) 'ref.tmp' [18320, 18344) 'ref.tmp' [18384, 18392) 'i.addr' [18416, 18424) 'ref.tmp' [18448, 18456) 'ref.tmp' [18480, 18504) 'ref.tmp' [18544, 18552) 'i.addr' [18576, 18584) 'ref.tmp' [18608, 18632) 'ref.tmp' [18672, 18680) 'i.addr' [18704, 18728) 'ref.tmp' [18768, 18776) 'i.addr' [18800, 18808) 'ref.tmp' [18832, 18856) 'ref.tmp' [18896, 18904) 'i.addr' [18928, 18936) 'ref.tmp' [18960, 18984) 'ref.tmp' [19024, 19032) 'i.addr' [19056, 19064) 'ref.tmp' [19088, 19112) 'ref.tmp' [19152, 19160) 'i.addr' [19184, 19192) 'ref.tmp' [19216, 19240) 'ref.tmp' [19280, 19288) 'i.addr' [19312, 19316) 'i.addr' [19328, 19332) 'ref.tmp' [19344, 19368) 'ref.tmp' [19408, 19416) 'i.addr' [19440, 19448) 'ref.tmp' [19472, 19496) 'ref.tmp' [19536, 19544) 'i.addr' [19568, 19572) 'i.addr' [19584, 19588) 'ref.tmp' [19600, 19604) 'i.addr' [19616, 19620) 'ref.tmp' [19632, 19656) 'ref.tmp' [19696, 19704) 'i.addr' [19728, 19736) 'ref.tmp' [19760, 19784) 'ref.tmp' [19824, 19832) 'i.addr' [19856, 19864) 'ref.tmp' [19888, 19896) 'ref.tmp' [19920, 19944) 'ref.tmp' [19984, 19992) 'i.addr' [20016, 20024) 'ref.tmp' [20048, 20072) 'ref.tmp' [20112, 20120) 'i.addr' [20144, 20168) 'ref.tmp' [20208, 20216) 'i.addr' [20240, 20248) 'ref.tmp' [20272, 20296) 'ref.tmp' [20336, 20344) 'i.addr' [20368, 20376) 'ref.tmp' [20400, 20424) 'ref.tmp' [20464, 20472) 'i.addr' [20496, 20504) 'ref.tmp' [20528, 20552) 'ref.tmp' [20592, 20600) 'i.addr' [20624, 20632) 'ref.tmp' [20656, 20664) 'ref.tmp' [20688, 20696) 'ref.tmp' [20720, 20728) 'ref.tmp' [20752, 20760) 'ref.tmp' [20784, 20792) 'ref.tmp' [20816, 20824) 'ref.tmp' [20848, 20856) 'ref.tmp' [20880, 20888) 'ref.tmp' [20912, 20920) 'ref.tmp' [20944, 20952) 'ref.tmp' [20976, 21008) 'ref.tmp' <== Memory access at offset 20976 is inside this variable [21040, 21048) 'ref.tmp' [21072, 21080) 'ref.tmp' [21104, 21112) 'ref.tmp' [21136, 21144) 'ref.tmp' [21168, 21176) 'ref.tmp' [21200, 21208) 'ref.tmp' [21232, 21236) 'i.addr' [21248, 21252) 'ref.tmp' [21264, 21268) 'i.addr' [21280, 21284) 'ref.tmp' [21296, 21300) 'i.addr' [21312, 21316) 'ref.tmp' [21328, 21332) 'i.addr' [21344, 21348) 'ref.tmp' [21360, 21364) 'i.addr' [21376, 21380) 'ref.tmp' [21392, 21396) 'i.addr' [21408, 21412) 'ref.tmp' [21424, 21428) 'ref.tmp' [21440, 21444) 'ref.tmp' [21456, 21464) 'ref.tmp' [21488, 21496) 'ref.tmp' [21520, 21528) 'ref.tmp' [21552, 21560) 'ref.tmp' [21584, 21592) 'ref.tmp' [21616, 21624) 'ref.tmp' [21648, 21656) 'ref.tmp' [21680, 21688) 'ref.tmp' [21712, 21720) 'ref.tmp' [21744, 21792) 'tmp' [21824, 21832) 'safe' [21856, 21904) 'tmp' [21936, 21944) 'safe' [21968, 22016) 'tmp' [22048, 22056) 'safe' [22080, 22128) 'tmp' [22160, 22208) 'tmp' [22240, 22248) 'safe' [22272, 22320) 'tmp' [22352, 22360) 'safe' [22384, 22432) 'tmp' [22464, 22472) 'safe' [22496, 22497) 'tmp' [22512, 22513) 'tmp' [22528, 22529) 'tmp' [22544, 22545) 'tmp' [22560, 22561) 'strata_main_effect_only.addr' [22576, 22577) 'recensor.addr' [22592, 22593) 'admin_recensor_only.addr' [22608, 22609) 'swtrt_control_only.addr' [22624, 22632) 'alpha.addr' [22656, 22664) 'offset.addr' [22688, 22689) 'boot.addr' [22704, 22708) 'n_boot.addr' [22720, 22724) 'seed.addr' [22736, 22740) 'k' (line 33) [22752, 22756) 'n' (line 33) [22768, 22772) 'p' (line 35) [22784, 22788) 'p_stratum' (line 41) [22800, 22832) 'stratumn' (line 44) [22864, 22888) 'u_stratum' (line 45) [22928, 22960) 'd' (line 46) [22992, 23032) 'stratan' (line 47) [23072, 23096) 'levels' (line 48) [23136, 23160) 'ref.tmp' (line 53) [23200, 23204) 'ref.tmp' (line 54) [23216, 23232) 'ref.tmp' (line 54) [23248, 23272) 'out' (line 56) [23312, 23336) 'agg.tmp' [23376, 23408) 'ref.tmp' (line 58) [23440, 23464) 'ref.tmp' (line 59) [23504, 23536) 'ref.tmp' (line 59) [23568, 23600) 'ref.tmp' (line 60) [23632, 23672) 'ref.tmp' (line 61) [23712, 23744) 'ref.tmp' (line 61) [23776, 23808) 'ref.tmp' (line 62) [23840, 23872) 'stratumn_unique' (line 65) [23904, 23928) 'agg.tmp' [23968, 23992) 'agg.tmp' [24032, 24056) 'agg.tmp' [24096, 24120) 'agg.tmp' [24160, 24184) 'agg.tmp' [24224, 24248) 'agg.tmp' [24288, 24312) 'agg.tmp' [24352, 24376) 'agg.tmp' [24416, 24440) 'agg.tmp' [24480, 24504) 'agg.tmp' [24544, 24568) 'agg.tmp' [24608, 24632) 'agg.tmp' [24672, 24696) 'agg.tmp' [24736, 24760) 'agg.tmp' [24800, 24824) 'agg.tmp' [24864, 24888) 'agg.tmp' [24928, 24952) 'agg.tmp' [24992, 25016) 'agg.tmp' [25056, 25088) 'idn' (line 81) [25120, 25152) 'idwi' (line 82) [25184, 25216) 'idwn' (line 83) [25248, 25272) 'idwc' (line 84) [25312, 25344) 'ref.tmp' (line 86) [25376, 25408) 'idv' (line 90) [25440, 25472) 'ref.tmp' (line 91) [25504, 25520) 'ref.tmp' (line 93) [25536, 25568) 'ref.tmp' (line 93) [25600, 25632) 'idv' (line 95) [25664, 25696) 'ref.tmp' (line 96) [25728, 25744) 'ref.tmp' (line 98) [25760, 25792) 'ref.tmp' (line 98) [25824, 25848) 'idv' (line 100) [25888, 25912) 'ref.tmp' (line 101) [25952, 25968) 'ref.tmp' (line 103) [25984, 26016) 'ref.tmp' (line 103) [26048, 26080) 'ref.tmp' (line 111) [26112, 26144) 'timenz' (line 118) [26176, 26208) 'timen' (line 119) [26240, 26280) 'ref.tmp' (line 120) [26320, 26352) 'ref.tmp' (line 127) [26384, 26416) 'eventn' (line 130) [26448, 26480) 'eventnz' (line 132) [26512, 26528) 'ref.tmp' (line 133) [26544, 26560) 'ref.tmp' (line 133) [26576, 26616) 'ref.tmp' (line 133) [26656, 26696) 'ref.tmp' (line 133) [26736, 26768) 'ref.tmp' (line 136) [26800, 26832) 'eventnz' (line 139) [26864, 26880) 'ref.tmp' (line 140) [26896, 26912) 'ref.tmp' (line 140) [26928, 26968) 'ref.tmp' (line 140) [27008, 27048) 'ref.tmp' (line 140) [27088, 27120) 'eventnz2' (line 143) [27152, 27184) 'ref.tmp' (line 144) [27216, 27256) 'ref.tmp' (line 150) [27296, 27328) 'treatn' (line 157) [27360, 27392) 'treatwi' (line 158) [27424, 27456) 'treatwn' (line 159) [27488, 27512) 'treatwc' (line 160) [27552, 27584) 'ref.tmp' (line 162) [27616, 27648) 'treatv' (line 166) [27680, 27712) 'ref.tmp' (line 167) [27744, 27760) 'ref.tmp' (line 174) [27776, 27792) 'ref.tmp' (line 174) [27808, 27848) 'ref.tmp' (line 174) [27888, 27928) 'ref.tmp' (line 174) [27968, 28000) 'ref.tmp' (line 175) [28032, 28056) 'ref.tmp' (line 176) [28096, 28128) 'ref.tmp' (line 179) [28160, 28192) 'treatv' (line 182) [28224, 28256) 'ref.tmp' (line 183) [28288, 28304) 'ref.tmp' (line 190) [28320, 28336) 'ref.tmp' (line 190) [28352, 28392) 'ref.tmp' (line 190) [28432, 28472) 'ref.tmp' (line 190) [28512, 28544) 'ref.tmp' (line 191) [28576, 28600) 'ref.tmp' (line 192) [28640, 28672) 'ref.tmp' (line 192) [28704, 28736) 'ref.tmp' (line 195) [28768, 28792) 'treatv' (line 198) [28832, 28856) 'ref.tmp' (line 199) [28896, 28928) 'ref.tmp' (line 206) [28960, 28984) 'ref.tmp' (line 211) [29024, 29056) 'ref.tmp' (line 216) [29088, 29120) 'censor_timenz' (line 223) [29152, 29184) 'censor_timen' (line 224) [29216, 29232) 'ref.tmp' (line 225) [29248, 29272) 'ref.tmp' (line 225) [29312, 29344) 'ref.tmp' (line 240) [29376, 29408) 'pdn' (line 243) [29440, 29472) 'pdnz' (line 245) [29504, 29520) 'ref.tmp' (line 246) [29536, 29552) 'ref.tmp' (line 246) [29568, 29608) 'ref.tmp' (line 246) [29648, 29688) 'ref.tmp' (line 246) [29728, 29760) 'ref.tmp' (line 249) [29792, 29824) 'pdnz' (line 252) [29856, 29872) 'ref.tmp' (line 253) [29888, 29904) 'ref.tmp' (line 253) [29920, 29960) 'ref.tmp' (line 253) [30000, 30040) 'ref.tmp' (line 253) [30080, 30112) 'pdnz2' (line 256) [30144, 30176) 'ref.tmp' (line 257) [30208, 30240) 'ref.tmp' (line 268) [30272, 30304) 'pd_timenz' (line 274) [30336, 30368) 'pd_timen' (line 275) [30400, 30432) 'ref.tmp' (line 288) [30464, 30496) 'swtrtn' (line 291) [30528, 30560) 'swtrtnz' (line 293) [30592, 30608) 'ref.tmp' (line 294) [30624, 30640) 'ref.tmp' (line 294) [30656, 30696) 'ref.tmp' (line 294) [30736, 30776) 'ref.tmp' (line 294) [30816, 30848) 'ref.tmp' (line 297) [30880, 30912) 'swtrtnz' (line 300) [30944, 30960) 'ref.tmp' (line 301) [30976, 30992) 'ref.tmp' (line 301) [31008, 31048) 'ref.tmp' (line 301) [31088, 31128) 'ref.tmp' (line 301) [31168, 31200) 'swtrtnz2' (line 304) [31232, 31264) 'ref.tmp' (line 305) [31296, 31312) 'ref.tmp' (line 312) [31328, 31344) 'ref.tmp' (line 312) [31360, 31400) 'ref.tmp' (line 312) [31440, 31480) 'ref.tmp' (line 312) [31520, 31560) 'ref.tmp' (line 312) [31600, 31616) 'ref.tmp' (line 317) [31632, 31648) 'ref.tmp' (line 317) [31664, 31704) 'ref.tmp' (line 317) [31744, 31784) 'ref.tmp' (line 317) [31824, 31864) 'ref.tmp' (line 317) [31904, 31936) 'ref.tmp' (line 324) [31968, 32000) 'swtrt_timenz' (line 330) [32032, 32064) 'swtrt_timen' (line 331) [32096, 32120) 'covariates' (line 373) [32160, 32200) 'zn' (line 374) [32240, 32288) 'zj' (line 377) [32320, 32336) 'ref.tmp' (line 377) [32352, 32376) 'agg.tmp' [32416, 32440) 'agg.tmp' [32480, 32528) 'ref.tmp' (line 382) [32560, 32592) 'u' (line 386) [32624, 32656) 'ref.tmp' (line 386) [32688, 32712) 'ref.tmp' (line 386) [32752, 32768) 'ref.tmp' (line 387) [32784, 32808) 'ref.tmp' (line 388) [32848, 32872) 'covariates_aft' (line 401) [32912, 32952) 'z_aftn' (line 402) [32992, 32996) 'ref.tmp' (line 402) [33008, 33032) 'ref.tmp' (line 412) [33072, 33096) 'u' (line 415) [33136, 33160) 'label' (line 416) [33200, 33224) 'ref.tmp' (line 416) [33264, 33296) 'u' (line 419) [33328, 33352) 'ref.tmp' (line 420) [33392, 33424) 'u' (line 422) [33456, 33480) 'ref.tmp' (line 423) [33520, 33560) 'ref.tmp' (line 426) [33600, 33624) 'ref.tmp' (line 426) [33664, 33696) 'q_col' (line 442) [33728, 33752) 'ref.tmp' (line 445) [33792, 33816) 'u' (line 448) [33856, 33880) 'label' (line 449) [33920, 33944) 'ref.tmp' (line 449) [33984, 34016) 'u' (line 452) [34048, 34072) 'ref.tmp' (line 453) [34112, 34144) 'u' (line 455) [34176, 34200) 'ref.tmp' (line 456) [34240, 34256) 'ref.tmp' (line 460) [34272, 34312) 'ref.tmp' (line 463) [34352, 34376) 'ref.tmp' (line 463) [34416, 34464) 'zj' (line 468) [34496, 34512) 'ref.tmp' (line 468) [34528, 34552) 'agg.tmp' [34592, 34616) 'agg.tmp' [34656, 34704) 'ref.tmp' (line 474) [34736, 34768) 'u' (line 478) [34800, 34832) 'ref.tmp' (line 478) [34864, 34888) 'ref.tmp' (line 478) [34928, 34944) 'ref.tmp' (line 479) [34960, 34984) 'ref.tmp' (line 480) [35024, 35048) 'dist' (line 483) [35088, 35120) 'sub' (line 517) [35152, 35184) 'order' (line 530) [35216, 35280) 'ref.tmp' (line 531) [35312, 35376) 'ref.tmp' (line 532) [35408, 35472) 'ref.tmp' (line 533) [35504, 35568) 'ref.tmp' (line 534) [35600, 35664) 'ref.tmp' (line 535) [35696, 35760) 'ref.tmp' (line 536) [35792, 35856) 'ref.tmp' (line 537) [35888, 35952) 'ref.tmp' (line 538) [35984, 36048) 'ref.tmp' (line 539) [36080, 36144) 'ref.tmp' (line 540) [36176, 36216) 'ref.tmp' (line 541) [36256, 36296) 'agg.tmp' [36336, 36368) 'agg.tmp' [36400, 36440) 'ref.tmp' (line 542) [36480, 36520) 'agg.tmp' [36560, 36592) 'agg.tmp' [36624, 36648) 'lr' (line 547) [36688, 36712) 'agg.tmp' [36752, 36776) 'ref.tmp' (line 547) [36816, 36840) 'agg.tmp' [36880, 36904) 'agg.tmp' [36944, 36968) 'agg.tmp' [37008, 37032) 'agg.tmp' [37072, 37096) 'agg.tmp' [37136, 37144) 'logRankPValue' (line 548) [37168, 37200) 'ref.tmp' (line 548) [37232, 37688) 'f' (line 552) [37760, 37784) 'out' (line 818) [37824, 37848) 'data_aft' (line 821) [37888, 37920) 'ref.tmp' (line 821) [37952, 37976) 'fit_aft' (line 822) [38016, 38048) 'ref.tmp' (line 822) [38080, 38104) 'data_outcome' (line 823) [38144, 38176) 'ref.tmp' (line 823) [38208, 38232) 'fit_outcome' (line 824) [38272, 38304) 'ref.tmp' (line 824) [38336, 38344) 'psihat' (line 826) [38368, 38400) 'ref.tmp' (line 826) [38432, 38464) 'ref.tmp' (line 827) [38496, 38528) 'ref.tmp' (line 828) [38560, 38592) 'ref.tmp' (line 829) [38624, 38656) 'ref.tmp' (line 830) [38688, 38720) 'ref.tmp' (line 831) [38752, 38800) 'psi_CI_type' (line 832) [38832, 38840) 'hrhat' (line 833) [38864, 38896) 'ref.tmp' (line 833) [38928, 38960) 'ref.tmp' (line 834) [38992, 39024) 'ref.tmp' (line 835) [39056, 39064) 'pvalue' (line 836) [39088, 39120) 'ref.tmp' (line 836) [39152, 39153) 'fail' (line 837) [39168, 39200) 'ref.tmp' (line 837) [39232, 39233) 'psimissing' (line 838) [39248, 39280) 'ref.tmp' (line 838) [39312, 39344) 'hrhats' (line 840) [39376, 39408) 'psihats' (line 840) [39440, 39472) 'psi1hats' (line 840) [39504, 39536) 'fails' (line 841) [39568, 39592) 'fail_boots_data' (line 842) [39632, 39680) 'hr_CI_type' (line 843) [39712, 39744) 'uid' (line 846) [39776, 39808) 'ref.tmp' (line 846) [39840, 39904) 'ref.tmp' (line 848) [39936, 40000) 'ref.tmp' (line 850) [40032, 40096) 'ref.tmp' (line 852) [40128, 40160) 'treated' (line 855) [40192, 40224) 'ref.tmp' (line 855) [40256, 40320) 'ref.tmp' (line 857) [40352, 40376) 'ref.tmp' (line 857) [40416, 40480) 'ref.tmp' (line 859) [40512, 40536) 'ref.tmp' (line 859) [40576, 40640) 'ref.tmp' (line 861) [40672, 40696) 'ref.tmp' (line 861) [40736, 40768) 'ustratum' (line 865) [40800, 40832) 'ref.tmp' (line 865) [40864, 40888) 's' (line 867) [40928, 40960) 'ref.tmp' (line 868) [40992, 41024) 'v' (line 871) [41056, 41120) 'ref.tmp' (line 872) [41152, 41184) 'v' (line 874) [41216, 41280) 'ref.tmp' (line 875) [41312, 41336) 'v' (line 877) [41376, 41440) 'ref.tmp' (line 878) [41472, 41504) 'idb' (line 889) [41536, 41568) 'stratumb' (line 889) [41600, 41632) 'treatb' (line 889) [41664, 41696) 'eventb' (line 889) [41728, 41760) 'pdb' (line 890) [41792, 41824) 'swtrtb' (line 890) [41856, 41888) 'timeb' (line 891) [41920, 41952) 'censor_timeb' (line 891) [41984, 42016) 'pd_timeb' (line 891) [42048, 42080) 'swtrt_timeb' (line 891) [42112, 42152) 'zb' (line 892) [42192, 42232) 'z_aftb' (line 892) [42272, 42276) 'ref.tmp' (line 892) [42288, 42292) 'B' (line 894) [42304, 42336) 'boot_indexc' (line 895) [42368, 42400) 'idc' (line 896) [42432, 42464) 'stratumc' (line 896) [42496, 42528) 'treatc' (line 896) [42560, 42592) 'eventc' (line 896) [42624, 42656) 'pdc' (line 897) [42688, 42720) 'swtrtc' (line 897) [42752, 42784) 'timec' (line 898) [42816, 42848) 'censor_timec' (line 898) [42880, 42912) 'pd_timec' (line 898) [42944, 42976) 'swtrt_timec' (line 898) [43008, 43048) 'z_aftc' (line 899) [43088, 43092) 'ref.tmp' (line 899) [43104, 43136) 'order' (line 903) [43168, 43184) 'ref.tmp' (line 903) [43200, 43264) 'ref.tmp' (line 915) [43296, 43360) 'ref.tmp' (line 916) [43392, 43456) 'ref.tmp' (line 917) [43488, 43552) 'ref.tmp' (line 918) [43584, 43648) 'ref.tmp' (line 919) [43680, 43744) 'ref.tmp' (line 920) [43776, 43840) 'ref.tmp' (line 921) [43872, 43936) 'ref.tmp' (line 922) [43968, 44032) 'ref.tmp' (line 923) [44064, 44128) 'ref.tmp' (line 924) [44160, 44200) 'ref.tmp' (line 925) [44240, 44280) 'agg.tmp' [44320, 44352) 'agg.tmp' [44384, 44424) 'ref.tmp' (line 926) [44464, 44504) 'agg.tmp' [44544, 44576) 'agg.tmp' [44608, 44640) 'tsx' (line 928) [44672, 44696) 'ref.tmp' (line 955) [44736, 44760) 'ref.tmp' (line 955) [44800, 44824) 'ref.tmp' (line 956) [44864, 44888) 'ref.tmp' (line 956) [44928, 44952) 'out' (line 960) [44992, 45024) 'ref.tmp' (line 963) [45056, 45088) 'ref.tmp' (line 964) [45120, 45152) 'ref.tmp' (line 965) [45184, 45216) 'ref.tmp' (line 966) [45248, 45272) 'ref.tmp' (line 982) [45312, 45336) 'ref.tmp' (line 982) [45376, 45408) 'sub' (line 989) [45440, 45456) 'ref.tmp' (line 989) [45472, 45536) 'ref.tmp' (line 990) [45568, 45632) 'ref.tmp' (line 991) [45664, 45728) 'ref.tmp' (line 992) [45760, 45824) 'ref.tmp' (line 993) [45856, 45920) 'ref.tmp' (line 994) [45952, 46016) 'ref.tmp' (line 995) [46048, 46112) 'ref.tmp' (line 996) [46144, 46208) 'ref.tmp' (line 997) [46240, 46304) 'ref.tmp' (line 998) [46336, 46400) 'ref.tmp' (line 999) [46432, 46496) 'ref.tmp' (line 1000) [46528, 46568) 'ref.tmp' (line 1001) [46608, 46648) 'agg.tmp' [46688, 46720) 'agg.tmp' [46752, 46776) 'ref.tmp' (line 1003) [46816, 46832) 'ref.tmp' (line 1003) [46848, 46872) 'ref.tmp' (line 1003) [46912, 46928) 'ref.tmp' (line 1003) [46944, 46968) 'ref.tmp' (line 1003) [47008, 47024) 'ref.tmp' (line 1003) [47040, 47064) 'ref.tmp' (line 1003) [47104, 47120) 'ref.tmp' (line 1003) [47136, 47160) 'ref.tmp' (line 1003) [47200, 47216) 'ref.tmp' (line 1003) [47232, 47256) 'ref.tmp' (line 1003) [47296, 47312) 'ref.tmp' (line 1003) [47328, 47352) 'ref.tmp' (line 1003) [47392, 47408) 'ref.tmp' (line 1003) [47424, 47448) 'ref.tmp' (line 1003) [47488, 47504) 'ref.tmp' (line 1003) [47520, 47544) 'ref.tmp' (line 1003) [47584, 47600) 'ref.tmp' (line 1003) [47616, 47640) 'ref.tmp' (line 1003) [47680, 47728) 'zj' (line 1016) [47760, 47776) 'ref.tmp' (line 1016) [47792, 47824) 'u' (line 1017) [47856, 47880) 'ref.tmp' (line 1017) [47920, 47944) 'ref.tmp' (line 1018) [47984, 48048) 'ref.tmp' (line 1022) [48080, 48144) 'ref.tmp' (line 1024) [48176, 48240) 'ref.tmp' (line 1026) [48272, 48336) 'ref.tmp' (line 1030) [48368, 48392) 'ref.tmp' (line 1030) [48432, 48496) 'ref.tmp' (line 1032) [48528, 48552) 'ref.tmp' (line 1032) [48592, 48656) 'ref.tmp' (line 1034) [48688, 48712) 'ref.tmp' (line 1034) [48752, 48776) 's' (line 1039) [48816, 48848) 'ref.tmp' (line 1040) [48880, 48912) 'v' (line 1043) [48944, 49008) 'ref.tmp' (line 1044) [49040, 49072) 'v' (line 1046) [49104, 49168) 'ref.tmp' (line 1047) [49200, 49224) 'v' (line 1049) [49264, 49328) 'ref.tmp' (line 1050) [49360, 49392) 'ok' (line 1058) [49424, 49440) 'ref.tmp' (line 1058) [49456, 49472) 'ref.tmp' (line 1058) [49488, 49504) 'ref.tmp' (line 1058) [49520, 49528) 'ref.tmp' (line 1058) [49552, 49584) 'loghrs' (line 1060) [49616, 49624) 'ref.tmp' (line 1060) [49648, 49712) 'ref.tmp' (line 1060) [49744, 49776) 'psihats1' (line 1069) [49808, 49872) 'ref.tmp' (line 1069) [49904, 49936) 'psi1hats1' (line 1075) [49968, 50032) 'ref.tmp' (line 1075) [50064, 50088) 'settings' (line 1082) [50128, 50144) 'ref.tmp' (line 1082) [50160, 50184) 'ref.tmp' (line 1082) [50224, 50240) 'ref.tmp' (line 1082) [50256, 50280) 'ref.tmp' (line 1082) [50320, 50336) 'ref.tmp' (line 1082) [50352, 50376) 'ref.tmp' (line 1082) [50416, 50432) 'ref.tmp' (line 1082) [50448, 50472) 'ref.tmp' (line 1082) [50512, 50528) 'ref.tmp' (line 1082) [50544, 50568) 'ref.tmp' (line 1082) [50608, 50624) 'ref.tmp' (line 1082) [50640, 50664) 'ref.tmp' (line 1082) [50704, 50720) 'ref.tmp' (line 1082) [50736, 50760) 'ref.tmp' (line 1082) [50800, 50816) 'ref.tmp' (line 1082) [50832, 50856) 'ref.tmp' (line 1082) [50896, 50912) 'ref.tmp' (line 1082) [50928, 50952) 'ref.tmp' (line 1082) [50992, 51008) 'ref.tmp' (line 1082) [51024, 51048) 'ref.tmp' (line 1082) [51088, 51104) 'ref.tmp' (line 1082) [51120, 51144) 'ref.tmp' (line 1082) [51184, 51200) 'ref.tmp' (line 1095) [51216, 51240) 'ref.tmp' (line 1095) [51280, 51296) 'ref.tmp' (line 1095) [51312, 51344) 'ref.tmp' (line 1095) [51376, 51400) 'ref.tmp' (line 1095) [51440, 51456) 'ref.tmp' (line 1095) [51472, 51496) 'ref.tmp' (line 1095) [51536, 51552) 'ref.tmp' (line 1095) [51568, 51592) 'ref.tmp' (line 1095) [51632, 51648) 'ref.tmp' (line 1095) [51664, 51688) 'ref.tmp' (line 1095) [51728, 51744) 'ref.tmp' (line 1095) [51760, 51784) 'ref.tmp' (line 1095) [51824, 51840) 'ref.tmp' (line 1095) [51856, 51888) 'ref.tmp' (line 1095) [51920, 51944) 'ref.tmp' (line 1095) [51984, 52000) 'ref.tmp' (line 1095) [52016, 52040) 'ref.tmp' (line 1095) [52080, 52096) 'ref.tmp' (line 1095) [52112, 52136) 'ref.tmp' (line 1095) [52176, 52192) 'ref.tmp' (line 1095) [52208, 52232) 'ref.tmp' (line 1095) [52272, 52288) 'ref.tmp' (line 1095) [52304, 52328) 'ref.tmp' (line 1095) [52368, 52392) 'ref.tmp' (line 1095) [52432, 52448) 'ref.tmp' (line 1095) [52464, 52488) 'ref.tmp' (line 1095) [52528, 52544) 'ref.tmp' (line 1095) [52560, 52584) 'ref.tmp' (line 1095) [52624, 52640) 'ref.tmp' (line 1095) [52656, 52680) 'ref.tmp' (line 1095) [52720, 52736) 'ref.tmp' (line 1095) [52752, 52776) 'ref.tmp' (line 1095) [52816, 52840) 'ref.tmp' (line 1113) [52880, 52912) 'psi1_CI' (line 1114) [52944, 52968) 'ref.tmp' (line 1115) [53008, 53032) 'ref.tmp' (line 1119) [53072, 53096) 'ref.tmp' (line 1120) [53136, 53160) 'ref.tmp' (line 1121) [53200, 53224) 'ref.tmp' (line 1123) [53264, 53288) 'ref.tmp' (line 1126) [53328, 53352) 'ref.tmp' (line 1126) HINT: this may be a false positive if your program uses some custom stack unwind mechanism, swapcontext or vfork (longjmp and C++ exceptions *are* supported) SUMMARY: AddressSanitizer: stack-use-after-scope /data/gannet/ripley/R/test-clang/Rcpp/include/Rcpp/storage/PreserveStorage.h:52:20 in Rcpp::PreserveStorage>::get__() const Shadow bytes around the buggy address: 0x7b5452b04f00: f2 f2 f8 f2 f2 f2 f8 f8 f8 f2 f2 f2 f2 f2 f8 f2 0x7b5452b04f80: f2 f2 f8 f2 f2 f2 f8 f8 f8 f2 f2 f2 f2 f2 f8 f2 0x7b5452b05000: f2 f2 f8 f2 f2 f2 f8 f8 f8 f2 f2 f2 f2 f2 f8 f2 0x7b5452b05080: f2 f2 f8 f2 f2 f2 f8 f2 f2 f2 f8 f2 f2 f2 f8 f2 0x7b5452b05100: f2 f2 f8 f2 f2 f2 f8 f2 f2 f2 f8 f2 f2 f2 f8 f2 =>0x7b5452b05180: f2 f2 f8 f2 f2 f2 f8 f2 f2 f2 f8 f2 f2 f2[f8]f8 0x7b5452b05200: f8 f8 f2 f2 f2 f2 f8 f2 f2 f2 f8 f2 f2 f2 f8 f2 0x7b5452b05280: f2 f2 f8 f2 f2 f2 f8 f2 f2 f2 f8 f2 f2 f2 f8 f2 0x7b5452b05300: f8 f2 f8 f2 f8 f2 f8 f2 f8 f2 f8 f2 f8 f2 f8 f2 0x7b5452b05380: f8 f2 f8 f2 f8 f2 f8 f2 f8 f2 f8 f2 f2 f2 f8 f2 0x7b5452b05400: f2 f2 f8 f2 f2 f2 f8 f2 f2 f2 f8 f2 f2 f2 f8 f2 Shadow byte legend (one shadow byte represents 8 application bytes): Addressable: 00 Partially addressable: 01 02 03 04 05 06 07 Heap left redzone: fa Freed heap region: fd Stack left redzone: f1 Stack mid redzone: f2 Stack right redzone: f3 Stack after return: f5 Stack use after scope: f8 Global redzone: f9 Global init order: f6 Poisoned by user: f7 Container overflow: fc Array cookie: ac Intra object redzone: bb ASan internal: fe Left alloca redzone: ca Right alloca redzone: cb ==1494315==ABORTING * checking package vignettes ... OK * checking re-building of vignette outputs ... [266s/272s] OK * DONE Status: 1 ERROR