* using log directory ‘/data/gannet/ripley/R/packages/tests-clang-SAN/Rpcop.Rcheck’ * using R Under development (unstable) (2023-07-18 r84705) * using platform: x86_64-pc-linux-gnu * R was compiled by clang version 16.0.6 GNU Fortran (GCC) 13.1.0 * running under: Fedora Linux 36 (Workstation Edition) * using session charset: UTF-8 * using option ‘--no-stop-on-test-error’ * checking for file ‘Rpcop/DESCRIPTION’ ... OK * checking extension type ... Package * this is package ‘Rpcop’ version ‘1.1’ * checking package dependencies ... OK * checking if this is a source package ... OK * checking if there is a namespace ... OK * checking for hidden files and directories ... OK * checking for portable file names ... OK * checking whether package ‘Rpcop’ can be installed ... [82s/93s] OK * used C++ compiler: ‘clang version 16.0.6’ * checking package directory ... OK * checking whether the package can be loaded ... OK * checking whether the package can be loaded with stated dependencies ... OK * checking whether the package can be unloaded cleanly ... OK * checking whether the namespace can be loaded with stated dependencies ... OK * checking whether the namespace can be unloaded cleanly ... OK * checking loading without being on the library search path ... OK * checking compiled code ... OK * checking examples ... ERROR Running examples in ‘Rpcop-Ex.R’ failed The error most likely occurred in: > ### Name: pcop > ### Title: pcop > ### Aliases: pcop > > ### ** Examples > > x <- runif(100,-1,1) > x <- cbind(x, x ^ 2 + rnorm(100, sd = 0.1)) > pcop(x, plot.true=TRUE, lwd=4, col=2) ================================================================= ==2991389==ERROR: AddressSanitizer: alloc-dealloc-mismatch (operator new [] vs operator delete) on 0x60200001dab0 #0 0x55a311d0115d in operator delete(void*) /data/gannet/ripley/Sources2/LLVM/16.0/llvm-project/compiler-rt/lib/asan/asan_new_delete.cpp:152:3 #1 0x7fd00770e7b3 in ll_p::obtener_satelites() /data/gannet/ripley/R/packages/tests-clang-SAN/Rpcop/src/ll_p.cpp:446:3 #2 0x7fd00770a5ec in ll_p::inicialitzacio_principal() /data/gannet/ripley/R/packages/tests-clang-SAN/Rpcop/src/ll_p.cpp:237:12 #3 0x7fd0076eeb56 in espai::obtenir_VTG(float**) /data/gannet/ripley/R/packages/tests-clang-SAN/Rpcop/src/espai_rba_f.cpp:63:12 #4 0x7fd007714dd5 in pcop_backend(Rcpp::Matrix<14, Rcpp::PreserveStorage> const&, float, float) /data/gannet/ripley/R/packages/tests-clang-SAN/Rpcop/src/main.cpp:65:26 #5 0x7fd0076cfac1 in _Rpcop_pcop_backend /data/gannet/ripley/R/packages/tests-clang-SAN/Rpcop/src/RcppExports.cpp:23:32 #6 0x55a311f4cf2f in R_doDotCall /data/gannet/ripley/R/svn/R-devel/src/main/dotcode.c:874:17 #7 0x55a311f99ba5 in do_dotcall /data/gannet/ripley/R/svn/R-devel/src/main/dotcode.c:1551:11 #8 0x55a3120b4d3e in bcEval /data/gannet/ripley/R/svn/R-devel/src/main/eval.c:7440:14 #9 0x55a31209dfa5 in Rf_eval /data/gannet/ripley/R/svn/R-devel/src/main/eval.c:1019:8 #10 0x55a3120ffebd in R_execClosure /data/gannet/ripley/R/svn/R-devel/src/main/eval.c #11 0x55a3120fc466 in Rf_applyClosure /data/gannet/ripley/R/svn/R-devel/src/main/eval.c:2119:16 #12 0x55a3120bfaa3 in bcEval /data/gannet/ripley/R/svn/R-devel/src/main/eval.c:7408:12 #13 0x55a31209dfa5 in Rf_eval /data/gannet/ripley/R/svn/R-devel/src/main/eval.c:1019:8 #14 0x55a3120f99ee in forcePromise /data/gannet/ripley/R/svn/R-devel/src/main/eval.c:833:8 #15 0x55a312130746 in FORCE_PROMISE /data/gannet/ripley/R/svn/R-devel/src/main/eval.c:5461:15 #16 0x55a312130746 in getvar /data/gannet/ripley/R/svn/R-devel/src/main/eval.c:5502:14 #17 0x55a3120d1cca in bcEval /data/gannet/ripley/R/svn/R-devel/src/main/eval.c:7192:20 #18 0x55a31209dfa5 in Rf_eval /data/gannet/ripley/R/svn/R-devel/src/main/eval.c:1019:8 #19 0x55a3120ffebd in R_execClosure /data/gannet/ripley/R/svn/R-devel/src/main/eval.c #20 0x55a3120fc466 in Rf_applyClosure /data/gannet/ripley/R/svn/R-devel/src/main/eval.c:2119:16 #21 0x55a3120bfaa3 in bcEval /data/gannet/ripley/R/svn/R-devel/src/main/eval.c:7408:12 #22 0x55a31209dfa5 in Rf_eval /data/gannet/ripley/R/svn/R-devel/src/main/eval.c:1019:8 #23 0x55a3120ffebd in R_execClosure /data/gannet/ripley/R/svn/R-devel/src/main/eval.c #24 0x55a3120fc466 in Rf_applyClosure /data/gannet/ripley/R/svn/R-devel/src/main/eval.c:2119:16 #25 0x55a31209e891 in Rf_eval /data/gannet/ripley/R/svn/R-devel/src/main/eval.c:1146:12 #26 0x55a3121de3e5 in Rf_ReplIteration /data/gannet/ripley/R/svn/R-devel/src/main/main.c:262:2 #27 0x55a3121e1d10 in R_ReplConsole /data/gannet/ripley/R/svn/R-devel/src/main/main.c:314:11 #28 0x55a3121e1b06 in run_Rmainloop /data/gannet/ripley/R/svn/R-devel/src/main/main.c:1208:5 #29 0x55a3121e1e52 in Rf_mainloop /data/gannet/ripley/R/svn/R-devel/src/main/main.c:1215:5 #30 0x55a311d02f1c in main /data/gannet/ripley/R/svn/R-devel/src/main/Rmain.c:29:5 #31 0x7fd01382950f in __libc_start_call_main (/lib64/libc.so.6+0x2950f) (BuildId: 8257ee907646e9b057197533d1e4ac8ede7a9c5c) #32 0x7fd0138295c8 in __libc_start_main@GLIBC_2.2.5 (/lib64/libc.so.6+0x295c8) (BuildId: 8257ee907646e9b057197533d1e4ac8ede7a9c5c) #33 0x55a311c29314 in _start (/data/gannet/ripley/R/R-clang-SAN/bin/exec/R+0x312314) 0x60200001dab0 is located 0 bytes inside of 8-byte region [0x60200001dab0,0x60200001dab8) allocated by thread T0 here: #0 0x55a311d00a0d in operator new[](unsigned long) /data/gannet/ripley/Sources2/LLVM/16.0/llvm-project/compiler-rt/lib/asan/asan_new_delete.cpp:98:3 #1 0x7fd007705e94 in ll_p::mult_esc(float, float*) /data/gannet/ripley/R/packages/tests-clang-SAN/Rpcop/src/ll_p.cpp:603:8 #2 0x7fd00770a560 in ll_p::inicialitzacio_principal() /data/gannet/ripley/R/packages/tests-clang-SAN/Rpcop/src/ll_p.cpp:232:12 #3 0x7fd0076eeb56 in espai::obtenir_VTG(float**) /data/gannet/ripley/R/packages/tests-clang-SAN/Rpcop/src/espai_rba_f.cpp:63:12 #4 0x7fd007714dd5 in pcop_backend(Rcpp::Matrix<14, Rcpp::PreserveStorage> const&, float, float) /data/gannet/ripley/R/packages/tests-clang-SAN/Rpcop/src/main.cpp:65:26 #5 0x7fd0076cfac1 in _Rpcop_pcop_backend /data/gannet/ripley/R/packages/tests-clang-SAN/Rpcop/src/RcppExports.cpp:23:32 #6 0x55a311f4cf2f in R_doDotCall /data/gannet/ripley/R/svn/R-devel/src/main/dotcode.c:874:17 #7 0x55a311f99ba5 in do_dotcall /data/gannet/ripley/R/svn/R-devel/src/main/dotcode.c:1551:11 #8 0x55a3120b4d3e in bcEval /data/gannet/ripley/R/svn/R-devel/src/main/eval.c:7440:14 #9 0x55a31209dfa5 in Rf_eval /data/gannet/ripley/R/svn/R-devel/src/main/eval.c:1019:8 #10 0x55a3120ffebd in R_execClosure /data/gannet/ripley/R/svn/R-devel/src/main/eval.c #11 0x55a3120fc466 in Rf_applyClosure /data/gannet/ripley/R/svn/R-devel/src/main/eval.c:2119:16 #12 0x55a3120bfaa3 in bcEval /data/gannet/ripley/R/svn/R-devel/src/main/eval.c:7408:12 #13 0x55a31209dfa5 in Rf_eval /data/gannet/ripley/R/svn/R-devel/src/main/eval.c:1019:8 #14 0x55a3120f99ee in forcePromise /data/gannet/ripley/R/svn/R-devel/src/main/eval.c:833:8 #15 0x55a312130746 in FORCE_PROMISE /data/gannet/ripley/R/svn/R-devel/src/main/eval.c:5461:15 #16 0x55a312130746 in getvar /data/gannet/ripley/R/svn/R-devel/src/main/eval.c:5502:14 #17 0x55a3120d1cca in bcEval /data/gannet/ripley/R/svn/R-devel/src/main/eval.c:7192:20 #18 0x55a31209dfa5 in Rf_eval /data/gannet/ripley/R/svn/R-devel/src/main/eval.c:1019:8 #19 0x55a3120ffebd in R_execClosure /data/gannet/ripley/R/svn/R-devel/src/main/eval.c #20 0x55a3120fc466 in Rf_applyClosure /data/gannet/ripley/R/svn/R-devel/src/main/eval.c:2119:16 #21 0x55a3120bfaa3 in bcEval /data/gannet/ripley/R/svn/R-devel/src/main/eval.c:7408:12 #22 0x55a31209dfa5 in Rf_eval /data/gannet/ripley/R/svn/R-devel/src/main/eval.c:1019:8 #23 0x55a3120ffebd in R_execClosure /data/gannet/ripley/R/svn/R-devel/src/main/eval.c #24 0x55a3120fc466 in Rf_applyClosure /data/gannet/ripley/R/svn/R-devel/src/main/eval.c:2119:16 #25 0x55a31209e891 in Rf_eval /data/gannet/ripley/R/svn/R-devel/src/main/eval.c:1146:12 #26 0x55a3121de3e5 in Rf_ReplIteration /data/gannet/ripley/R/svn/R-devel/src/main/main.c:262:2 #27 0x55a3121e1d10 in R_ReplConsole /data/gannet/ripley/R/svn/R-devel/src/main/main.c:314:11 #28 0x55a3121e1b06 in run_Rmainloop /data/gannet/ripley/R/svn/R-devel/src/main/main.c:1208:5 #29 0x55a3121e1e52 in Rf_mainloop /data/gannet/ripley/R/svn/R-devel/src/main/main.c:1215:5 #30 0x55a311d02f1c in main /data/gannet/ripley/R/svn/R-devel/src/main/Rmain.c:29:5 SUMMARY: AddressSanitizer: alloc-dealloc-mismatch /data/gannet/ripley/Sources2/LLVM/16.0/llvm-project/compiler-rt/lib/asan/asan_new_delete.cpp:152:3 in operator delete(void*) ==2991389==HINT: if you don't care about these errors you may set ASAN_OPTIONS=alloc_dealloc_mismatch=0 ==2991389==ABORTING * DONE Status: 1 ERROR