* using log directory ‘/data/gannet/ripley/R/packages/tests-clang-SAN/BMN.Rcheck’ * using R Under development (unstable) (2018-03-05 r74358) * using platform: x86_64-pc-linux-gnu (64-bit) * using session charset: UTF-8 * using option ‘--no-stop-on-test-error’ * checking for file ‘BMN/DESCRIPTION’ ... OK * checking extension type ... Package * this is package ‘BMN’ version ‘1.02’ * checking package dependencies ... OK * checking if this is a source package ... OK * checking if there is a namespace ... OK * checking for hidden files and directories ... OK * checking for portable file names ... OK * checking whether package ‘BMN’ can be installed ... [61s/90s] OK * checking package directory ... OK * checking whether the package can be loaded ... OK * checking whether the package can be loaded with stated dependencies ... OK * checking whether the package can be unloaded cleanly ... OK * checking whether the namespace can be loaded with stated dependencies ... OK * checking whether the namespace can be unloaded cleanly ... OK * checking loading without being on the library search path ... OK * checking compiled code ... NOTE File ‘BMN/libs/BMN.so’: Found ‘_ZNSt3__14coutE’, possibly from ‘std::cout’ (C++) Objects: ‘JunctionTree.o’, ‘pseudoLikelihood.o’ Compiled code should not call entry points which might terminate R nor write to stdout/stderr instead of to the console, nor use Fortran I/O nor system RNGs. See ‘Writing portable packages’ in the ‘Writing R Extensions’ manual. * checking examples ... ERROR Running examples in ‘BMN-Ex.R’ failed The error most likely occurred in: > ### Name: BMNExact > ### Title: Exact inference in L1-penalized Binary Markov Model > ### Aliases: BMNExact BMNExact.single > ### Keywords: multivariate > > ### ** Examples > > library(BMN) > Theta = matrix(numeric(25), ncol=5); > Theta[1,1]=0.5; Theta[2,2]=0.5; Theta[3,3]=0; Theta[4,4]= -0.5; Theta[5,5]= 0.5; > Theta[1,2]=Theta[2,1]=1; Theta[1,4]=Theta[4,1]=1; Theta[2,3]=Theta[3,2]= -1; > numSamples=1000; burnIn=100; skip=1; > > simData = BMNSamples(Theta, numSamples, burnIn, skip) > > rhoVec = c(0.01, 0.02, 0.03) > > exactPath = BMNExact(simData, rhoVec) Printing matrix: 0,0:1 1,1:0.939507 2,2:-0.649954 3,3:0.413805 4,4:0.443111 Printing matrix: 0,0:-1.83255e-06 1,1:-1.83255e-06 2,2:-1.83255e-06 3,3:-1.83255e-06 4,4:-1.83255e-06 0,0:250,-365.941 1,1:250,-234.877 2,2:250,162.488 3,3:250,-103.451 4,4:250,-110.778 MaxChange0.463766 StepSize1 Iteration: 0 Printing matrix: 0,0:1.46377 1,1:0.939507 2,2:-0.649954 3,3:0.413805 4,4:0.443111 Printing matrix: 0,0:115.941 1,1:-1.10276e-11 2,2:-1.47793e-12 3,3:1.29603e-11 4,4:9.09495e-13 0,0:250,-400.833 1,1:250,-234.877 2,2:250,162.488 3,3:250,-103.451 4,4:250,-110.778 MaxChange0.139568 StepSize1 Iteration: 1 Printing matrix: 0,0:1.60333 1,1:0.939507 2,2:-0.649954 3,3:0.413805 4,4:0.443111 Printing matrix: 0,0:34.892 1,1:2.23963e-11 2,2:-7.38964e-13 3,3:-1.39835e-11 4,4:7.95808e-13 0,0:250,-415.35 1,1:250,-234.877 2,2:250,162.488 3,3:250,-103.451 4,4:250,-110.778 MaxChange0.0580647 StepSize1 Iteration: 2 Printing matrix: 0,0:1.6614 1,1:0.939507 2,2:-0.649954 3,3:0.413805 4,4:0.443111 Printing matrix: 0,0:14.5162 1,1:-1.80762e-11 2,2:-5.68434e-13 3,3:1.3074e-11 4,4:7.95808e-13 0,0:250,-421.924 1,1:250,-234.877 2,2:250,162.488 3,3:250,-103.451 4,4:250,-110.778 MaxChange0.0262974 StepSize1 Iteration: 3 Printing matrix: 0,0:1.6877 1,1:0.939507 2,2:-0.649954 3,3:0.413805 4,4:0.443111 Printing matrix: 0,0:6.57434 1,1:-1.04592e-11 2,2:-5.68434e-13 3,3:-1.39835e-11 4,4:-6.82121e-13 0,0:250,-425.003 1,1:250,-234.877 2,2:250,162.488 3,3:250,-103.451 4,4:250,-110.778 MaxChange0.0123163 StepSize1 Iteration: 4 Printing matrix: 0,0:1.70001 1,1:0.939507 2,2:-0.649954 3,3:0.413805 4,4:0.443111 Printing matrix: 0,0:3.07908 1,1:2.42153e-11 2,2:-5.11591e-13 3,3:1.31877e-11 4,4:-6.82121e-13 0,0:250,-426.467 1,1:250,-234.877 2,2:250,162.488 3,3:250,-103.451 4,4:250,-110.778 MaxChange0.00585464 StepSize1 Iteration: 5 Printing matrix: 0,0:1.70587 1,1:0.939507 2,2:-0.649954 3,3:0.413805 4,4:0.443111 Printing matrix: 0,0:1.46366 1,1:-1.28466e-11 2,2:-5.11591e-13 3,3:-1.25056e-11 4,4:7.95808e-13 0,0:250,-427.167 1,1:250,-234.877 2,2:250,162.488 3,3:250,-103.451 4,4:250,-110.778 MaxChange0.00280225 StepSize1 Iteration: 6 Printing matrix: 0,0:1.70867 1,1:0.939507 2,2:-0.649954 3,3:0.413805 4,4:0.443111 Printing matrix: 0,0:0.700563 1,1:-1.04592e-11 2,2:2.16005e-12 3,3:1.3074e-11 4,4:-6.82121e-13 0,0:250,-427.504 1,1:250,-234.877 2,2:250,162.488 3,3:250,-103.451 4,4:250,-110.778 MaxChange0.00134563 StepSize1 Iteration: 7 Printing matrix: 0,0:1.71001 1,1:0.939507 2,2:-0.649954 3,3:0.413805 4,4:0.443111 Printing matrix: 0,0:0.336409 1,1:2.42153e-11 2,2:-5.68434e-13 3,3:-1.39835e-11 4,4:7.95808e-13 0,0:250,-427.665 1,1:250,-234.877 2,2:250,162.488 3,3:250,-103.451 4,4:250,-110.778 MaxChange0.000647176 StepSize1 Iteration: 8 Printing matrix: 0,0:1.71066 1,1:0.939507 2,2:-0.649954 3,3:0.413805 4,4:0.443111 Printing matrix: 0,0:0.161794 1,1:-1.28466e-11 2,2:-5.68434e-13 3,3:1.31877e-11 4,4:-6.82121e-13 0,0:250,-427.743 1,1:250,-234.877 2,2:250,162.488 3,3:250,-103.451 4,4:250,-110.778 MaxChange0.000311488 StepSize1 Iteration: 9 Printing matrix: 0,0:1.71097 1,1:0.939507 2,2:-0.649954 3,3:0.413805 4,4:0.443111 Printing matrix: 0,0:0.077872 1,1:-1.05729e-11 2,2:-5.11591e-13 3,3:-1.25056e-11 4,4:7.95808e-13 0,0:250,-427.781 1,1:250,-234.877 2,2:250,162.488 3,3:250,-103.451 4,4:250,-110.778 MaxChange0.000149974 StepSize1 Iteration: 10 Printing matrix: 0,0:1.71112 1,1:0.939507 2,2:-0.649954 3,3:0.413805 4,4:0.443111 Printing matrix: 0,0:0.0374935 1,1:2.28511e-11 2,2:-5.11591e-13 3,3:1.31877e-11 4,4:-6.82121e-13 0,0:250,-427.799 1,1:250,-234.877 2,2:250,162.488 3,3:250,-103.451 4,4:250,-110.778 MaxChange7.22213e-05 StepSize1 Iteration: 11 Printing matrix: 0,0:1.7112 1,1:0.939507 2,2:-0.649954 3,3:0.413805 4,4:0.443111 Printing matrix: 0,0:0.0180553 1,1:-1.28466e-11 2,2:2.16005e-12 3,3:-1.39835e-11 4,4:7.95808e-13 0,0:250,-427.808 1,1:250,-234.877 2,2:250,162.488 3,3:250,-103.451 4,4:250,-110.778 MaxChange3.47817e-05 StepSize1 Iteration: 12 Printing matrix: 0,0:1.71123 1,1:0.939507 2,2:-0.649954 3,3:0.413805 4,4:0.443111 Printing matrix: 0,0:0.00869542 1,1:-1.04592e-11 2,2:-5.68434e-13 3,3:1.31877e-11 4,4:-6.82121e-13 0,0:250,-427.812 1,1:250,-234.877 2,2:250,162.488 3,3:250,-103.451 4,4:250,-110.778 MaxChange1.67515e-05 StepSize1 Iteration: 13 Printing matrix: 0,0:1.71125 1,1:0.939507 2,2:-0.649954 3,3:0.413805 4,4:0.443111 Printing matrix: 0,0:0.00418787 1,1:2.28511e-11 2,2:-5.68434e-13 3,3:-1.23919e-11 4,4:7.95808e-13 0,0:250,-427.814 1,1:250,-234.877 2,2:250,162.488 3,3:250,-103.451 4,4:250,-110.778 MaxChange8.06798e-06 StepSize1 Iteration: 14 Printing matrix: 0,0:1.71126 1,1:0.939507 2,2:-0.649954 3,3:0.413805 4,4:0.443111 0,1:0 1,2:0 Printing matrix: 0,0:0.000971449 1,1:-1.04592e-11 2,2:-5.11591e-13 3,3:-1.39835e-11 4,4:7.95808e-13 0,1:66.0147 1,2:-81.234 0,0:250,-427.815 1,1:250,-234.877 2,2:250,162.488 3,3:250,-103.451 4,4:250,-110.778 0,1:391.5,-66.0147 1,2:265.5,81.234 MaxChange0.0799774 StepSize1 Iteration: 0 Printing matrix: 0,0:1.71126 1,1:0.939507 2,2:-0.649954 3,3:0.413805 4,4:0.443111 0,1:0.0153632 1,2:-0.0799774 Printing matrix: 0,0:0.000971449 1,1:-1.04592e-11 2,2:-5.11591e-13 3,3:-1.39835e-11 4,4:7.95808e-13 0,1:66.0147 1,2:-81.234 0,0:250,-426.391 1,1:250,-237.864 2,2:250,149.697 3,3:250,-103.451 4,4:250,-110.778 0,1:391.5,-72.6066 1,2:265.5,84.9445 MaxChange0.0511644 StepSize1 Iteration: 1 Printing matrix: 0,0:1.70557 1,1:0.951457 2,2:-0.598789 3,3:0.413805 4,4:0.443111 0,1:0.0322007 1,2:-0.0939529 Printing matrix: 0,0:-1.4234 1,1:2.98768 2,2:12.7911 3,3:1.31877e-11 4,4:-6.82121e-13 0,1:66.5919 1,2:-63.7105 0,0:250,-424.152 1,1:250,-236.548 2,2:250,146.077 3,3:250,-103.451 4,4:250,-110.778 0,1:391.5,-74.07 1,2:265.5,95.4029 MaxChange0.0393915 StepSize1 Iteration: 2 Printing matrix: 0,0:1.69661 1,1:0.946193 2,2:-0.584309 3,3:0.413805 4,4:0.443111 0,1:0.0359386 1,2:-0.133344 Printing matrix: 0,0:-2.23897 1,1:-1.31609 2,2:3.62016 3,3:-1.23919e-11 4,4:-6.82121e-13 0,1:61.4634 1,2:-70.4585 0,0:250,-422.72 1,1:250,-238.477 2,2:250,139.426 3,3:250,-103.451 4,4:250,-110.778 0,1:391.5,-78.5923 1,2:265.5,98.9217 MaxChange0.0266042 StepSize1 Iteration: 3 Printing matrix: 0,0:1.69088 1,1:0.953908 2,2:-0.557704 3,3:0.413805 4,4:0.443111 0,1:0.04749 1,2:-0.146598 Printing matrix: 0,0:-1.43237 1,1:1.92862 2,2:6.65104 3,3:1.31877e-11 4,4:7.95808e-13 0,1:64.5224 1,2:-63.5188 0,0:250,-420.965 1,1:250,-237.831 2,2:250,136.62 3,3:250,-103.451 4,4:250,-110.778 0,1:391.5,-80.0801 1,2:265.5,104.847 MaxChange0.0223164 StepSize1 Iteration: 4 Printing matrix: 0,0:1.68386 1,1:0.951324 2,2:-0.54648 3,3:0.413805 4,4:0.443111 0,1:0.0512902 1,2:-0.168914 Printing matrix: 0,0:-1.75457 1,1:-0.646005 2,2:2.80619 3,3:-1.39835e-11 4,4:-6.82121e-13 0,1:61.4878 1,2:-65.925 0,0:250,-419.765 1,1:250,-238.674 2,2:250,132.783 3,3:250,-103.451 4,4:250,-110.778 0,1:391.5,-82.9833 1,2:265.5,107.434 MaxChange0.0153482 StepSize1 Iteration: 5 Printing matrix: 0,0:1.67906 1,1:0.954696 2,2:-0.531131 3,3:0.413805 4,4:0.443111 0,1:0.0587056 1,2:-0.178658 Printing matrix: 0,0:-1.20019 1,1:0.843228 2,2:3.83705 3,3:1.31877e-11 4,4:7.95808e-13 0,1:62.9031 1,2:-62.587 0,0:250,-418.504 1,1:250,-238.282 2,2:250,130.839 3,3:250,-103.451 4,4:250,-110.778 0,1:391.5,-84.3927 1,2:265.5,110.89 MaxChange0.0130191 StepSize1 Iteration: 6 Printing matrix: 0,0:1.67402 1,1:0.95313 2,2:-0.523356 3,3:0.413805 4,4:0.443111 0,1:0.0623059 1,2:-0.191677 Printing matrix: 0,0:-1.26112 1,1:-0.391614 2,2:1.9439 3,3:-1.23919e-11 4,4:-6.82121e-13 0,1:61.4095 1,2:-63.4566 0,0:250,-417.563 1,1:250,-238.543 2,2:250,128.573 3,3:250,-103.451 4,4:250,-110.778 0,1:391.5,-86.3679 1,2:265.5,112.668 MaxChange0.00906521 StepSize1 Iteration: 7 Printing matrix: 0,0:1.67025 1,1:0.954172 2,2:-0.514291 3,3:0.413805 4,4:0.443111 0,1:0.0673511 1,2:-0.198371 Printing matrix: 0,0:-0.940801 1,1:0.260554 2,2:2.2663 3,3:1.31877e-11 4,4:7.95808e-13 0,1:61.9752 1,2:-61.7773 0,0:250,-416.646 1,1:250,-238.225 2,2:250,127.278 3,3:250,-103.451 4,4:250,-110.778 0,1:391.5,-87.593 1,2:265.5,114.711 MaxChange0.00769654 StepSize1 Iteration: 8 Printing matrix: 0,0:1.66658 1,1:0.9529 2,2:-0.509114 3,3:0.413805 4,4:0.443111 0,1:0.0704801 1,2:-0.206068 Printing matrix: 0,0:-0.917348 1,1:-0.318092 2,2:1.29426 3,3:-1.39835e-11 4,4:-6.82121e-13 0,1:61.225 1,2:-62.0434 0,0:250,-415.916 1,1:250,-238.195 2,2:250,125.925 3,3:250,-103.451 4,4:250,-110.778 0,1:391.5,-89.0145 1,2:265.5,115.887 MaxChange0.00541249 StepSize1 Iteration: 9 Printing matrix: 0,0:1.66366 1,1:0.952779 2,2:-0.503701 3,3:0.413805 4,4:0.443111 0,1:0.074111 1,2:-0.210496 Printing matrix: 0,0:-0.730285 1,1:-0.0300811 2,2:1.35312 3,3:1.31877e-11 4,4:7.95808e-13 0,1:61.4215 1,2:-61.1757 0,0:250,-415.23 1,1:250,-237.897 2,2:250,125.085 3,3:250,-103.451 4,4:250,-110.778 0,1:391.5,-90.0415 1,2:265.5,117.104 MaxChange0.00458397 StepSize1 Iteration: 10 Printing matrix: 0,0:1.66092 1,1:0.951588 2,2:-0.50034 3,3:0.413805 4,4:0.443111 0,1:0.0767343 1,2:-0.21508 Printing matrix: 0,0:-0.68542 1,1:-0.297802 2,2:0.840148 3,3:-1.23919e-11 4,4:-6.82121e-13 0,1:61.027 1,2:-61.217 0,0:250,-414.659 1,1:250,-237.73 2,2:250,124.273 3,3:250,-103.451 4,4:250,-110.778 0,1:391.5,-91.1123 1,2:265.5,117.861 MaxChange0.00324952 StepSize1 Iteration: 11 Printing matrix: 0,0:1.65864 1,1:0.950921 2,2:-0.497091 3,3:0.413805 4,4:0.443111 0,1:0.0794694 1,2:-0.217933 Printing matrix: 0,0:-0.571333 1,1:-0.166797 2,2:0.812379 3,3:1.31877e-11 4,4:7.95808e-13 0,1:61.0708 1,2:-60.7575 0,0:250,-414.133 1,1:250,-237.443 2,2:250,123.738 3,3:250,-103.451 4,4:250,-110.778 0,1:391.5,-91.9631 1,2:265.5,118.588 MaxChange0.00273745 StepSize1 Iteration: 12 Printing matrix: 0,0:1.65653 1,1:0.949773 2,2:-0.494952 3,3:0.413805 4,4:0.443111 0,1:0.0816425 1,2:-0.220671 Printing matrix: 0,0:-0.526255 1,1:-0.286942 2,2:0.534854 3,3:-1.39835e-11 4,4:-6.82121e-13 0,1:60.8508 1,2:-60.7268 0,0:250,-413.68 1,1:250,-237.22 2,2:250,123.25 3,3:250,-103.451 4,4:250,-110.778 0,1:391.5,-92.7987 1,2:265.5,119.066 MaxChange0.00213453 StepSize1 Iteration: 13 Printing matrix: 0,0:1.65472 1,1:0.94888 2,2:-0.492998 3,3:0.413805 4,4:0.443111 0,1:0.0837771 1,2:-0.22247 Printing matrix: 0,0:-0.452948 1,1:-0.223223 2,2:0.488277 3,3:1.31877e-11 4,4:7.95808e-13 0,1:60.8357 1,2:-60.4776 0,0:250,-413.266 1,1:250,-236.947 2,2:250,122.915 3,3:250,-103.451 4,4:250,-110.778 0,1:391.5,-93.5029 1,2:265.5,119.499 MaxChange0.00179855 StepSize1 Iteration: 14 Printing matrix: 0,0:1.65306 1,1:0.947788 2,2:-0.49166 3,3:0.413805 4,4:0.443111 0,1:0.0855756 1,2:-0.224101 Printing matrix: 0,0:-0.413911 1,1:-0.273075 2,2:0.334674 3,3:-1.23919e-11 4,4:-6.82121e-13 0,1:60.7041 1,2:-60.433 0,0:250,-412.902 1,1:250,-236.709 2,2:250,122.622 3,3:250,-103.451 4,4:250,-110.778 0,1:391.5,-94.1726 1,2:265.5,119.794 MaxChange0.00171065 StepSize1 Iteration: 15 Printing matrix: 0,0:1.65161 1,1:0.946836 2,2:-0.49049 3,3:0.413805 4,4:0.443111 0,1:0.0872863 1,2:-0.225212 Printing matrix: 0,0:-0.364263 1,1:-0.238062 2,2:0.292435 3,3:1.31877e-11 4,4:-6.82121e-13 0,1:60.6697 1,2:-60.295 0,0:250,-412.569 1,1:250,-236.454 2,2:250,122.417 3,3:250,-103.451 4,4:250,-110.778 0,1:391.5,-94.7576 1,2:265.5,120.049 MaxChange0.00149434 StepSize1 Iteration: 16 Printing matrix: 0,0:1.65028 1,1:0.945818 2,2:-0.489667 3,3:0.413805 4,4:0.443111 0,1:0.0887806 1,2:-0.226175 Printing matrix: 0,0:-0.332195 1,1:-0.2545 2,2:0.205716 3,3:-1.39835e-11 4,4:7.95808e-13 0,1:60.585 1,2:-60.2558 0,0:250,-412.273 1,1:250,-236.223 2,2:250,122.243 3,3:250,-103.451 4,4:250,-110.778 0,1:391.5,-95.3049 1,2:265.5,120.227 MaxChange0.00139799 StepSize1 Iteration: 17 Printing matrix: 0,0:1.64909 1,1:0.944891 2,2:-0.488973 3,3:0.413805 4,4:0.443111 0,1:0.0901786 1,2:-0.226845 Printing matrix: 0,0:-0.296894 1,1:-0.231846 2,2:0.173528 3,3:1.31877e-11 4,4:-6.82121e-13 0,1:60.5473 1,2:-60.1779 0,0:250,-412.002 1,1:250,-235.99 2,2:250,122.119 3,3:250,-103.451 4,4:250,-110.778 0,1:391.5,-95.7937 1,2:265.5,120.376 MaxChange0.00124851 StepSize1 Iteration: 18 Printing matrix: 0,0:1.64801 1,1:0.94396 2,2:-0.488478 3,3:0.413805 4,4:0.443111 0,1:0.0914271 1,2:-0.227405 Printing matrix: 0,0:-0.27101 1,1:-0.232644 2,2:0.123782 3,3:-1.23919e-11 4,4:7.95808e-13 0,1:60.4888 1,2:-60.1486 0,0:250,-411.757 1,1:250,-235.774 2,2:250,122.018 3,3:250,-103.451 4,4:250,-110.778 0,1:391.5,-96.2474 1,2:265.5,120.48 MaxChange0.0011588 StepSize1 Iteration: 19 Printing matrix: 0,0:1.64703 1,1:0.943098 2,2:-0.488073 3,3:0.413805 4,4:0.443111 0,1:0.0925859 1,2:-0.227797 Printing matrix: 0,0:-0.244827 1,1:-0.215584 2,2:0.101216 3,3:1.31877e-11 4,4:-6.82121e-13 0,1:60.4537 1,2:-60.1041 0,0:250,-411.533 1,1:250,-235.565 2,2:250,121.946 3,3:250,-103.451 4,4:250,-110.778 0,1:391.5,-96.6581 1,2:265.5,120.564 MaxChange0.00104905 StepSize1 Iteration: 20 Printing matrix: 0,0:1.64613 1,1:0.94226 2,2:-0.487784 3,3:0.413805 4,4:0.443111 0,1:0.0936349 1,2:-0.228112 Printing matrix: 0,0:-0.22397 1,1:-0.209383 2,2:0.0723544 3,3:-1.39835e-11 4,4:7.95808e-13 0,1:60.4107 1,2:-60.0838 0,0:250,-411.329 1,1:250,-235.37 2,2:250,121.889 3,3:250,-103.451 4,4:250,-110.778 0,1:391.5,-97.038 1,2:265.5,120.622 MaxChange0.000970421 StepSize1 Iteration: 21 Printing matrix: 0,0:1.64532 1,1:0.941479 2,2:-0.487554 3,3:0.413805 4,4:0.443111 0,1:0.0946054 1,2:-0.228331 Printing matrix: 0,0:-0.203859 1,1:-0.195198 2,2:0.0573136 3,3:1.31877e-11 4,4:-6.82121e-13 0,1:60.3799 1,2:-60.0581 0,0:250,-411.142 1,1:250,-235.184 2,2:250,121.848 3,3:250,-103.451 4,4:250,-110.778 0,1:391.5,-97.3848 1,2:265.5,120.667 MaxChange0.000885948 StepSize1 Iteration: 22 Printing matrix: 0,0:1.64457 1,1:0.940734 2,2:-0.487392 3,3:0.413805 4,4:0.443111 0,1:0.0954913 1,2:-0.228499 Printing matrix: 0,0:-0.186956 1,1:-0.186222 2,2:0.0404709 3,3:-1.23919e-11 4,4:7.95808e-13 0,1:60.3468 1,2:-60.0448 0,0:250,-410.971 1,1:250,-235.01 2,2:250,121.817 3,3:250,-103.451 4,4:250,-110.778 0,1:391.5,-97.7054 1,2:265.5,120.697 MaxChange0.000818685 StepSize1 Iteration: 23 Printing matrix: 0,0:1.64388 1,1:0.940039 2,2:-0.487269 3,3:0.413805 4,4:0.443111 0,1:0.09631 1,2:-0.228612 Printing matrix: 0,0:-0.171072 1,1:-0.173856 2,2:0.0308065 3,3:1.31877e-11 4,4:-6.82121e-13 0,1:60.3205 1,2:-60.0299 0,0:250,-410.814 1,1:250,-234.846 2,2:250,121.796 3,3:250,-103.451 4,4:250,-110.778 0,1:391.5,-97.9995 1,2:265.5,120.718 MaxChange0.000751392 StepSize1 Iteration: 24 Printing matrix: 0,0:1.64325 1,1:0.939382 2,2:-0.487185 3,3:0.413805 4,4:0.443111 0,1:0.0970614 1,2:-0.228693 Printing matrix: 0,0:-0.157255 1,1:-0.164158 2,2:0.0209831 3,3:-1.39835e-11 4,4:7.95808e-13 0,1:60.2942 1,2:-60.0215 0,0:250,-410.669 1,1:250,-234.692 2,2:250,121.781 3,3:250,-103.451 4,4:250,-110.778 0,1:391.5,-98.2714 1,2:265.5,120.731 MaxChange0.000694355 StepSize1 Iteration: 25 Printing matrix: 0,0:1.64268 1,1:0.93877 2,2:-0.487125 3,3:0.413805 4,4:0.443111 0,1:0.0977557 1,2:-0.228742 Printing matrix: 0,0:-0.144436 1,1:-0.153201 2,2:0.0149687 3,3:1.31877e-11 4,4:-6.82121e-13 0,1:60.2718 1,2:-60.013 0,0:250,-410.536 1,1:250,-234.549 2,2:250,121.772 3,3:250,-103.451 4,4:250,-110.778 0,1:391.5,-98.5217 1,2:265.5,120.739 MaxChange0.000639446 StepSize1 Iteration: 26 Printing matrix: 0,0:1.64214 1,1:0.938194 2,2:-0.487088 3,3:0.413805 4,4:0.443111 0,1:0.0983952 1,2:-0.228772 Printing matrix: 0,0:-0.133037 1,1:-0.143761 2,2:0.00928884 3,3:-1.23919e-11 4,4:7.95808e-13 0,1:60.2503 1,2:-60.0079 0,0:250,-410.414 1,1:250,-234.415 2,2:250,121.766 3,3:250,-103.451 4,4:250,-110.778 0,1:391.5,-98.7532 1,2:265.5,120.742 MaxChange0.000591168 StepSize1 Iteration: 27 Printing matrix: 0,0:1.64165 1,1:0.937658 2,2:-0.487066 3,3:0.413805 4,4:0.443111 0,1:0.0989864 1,2:-0.228784 Printing matrix: 0,0:-0.122519 1,1:-0.134036 2,2:0.00567074 3,3:1.31877e-11 4,4:-6.82121e-13 0,1:60.2314 1,2:-60.0031 0,0:250,-410.301 1,1:250,-234.289 2,2:250,121.764 3,3:250,-103.451 4,4:250,-110.778 0,1:391.5,-98.9668 1,2:265.5,120.742 MaxChange0.000545621 StepSize1 Iteration: 28 Printing matrix: 0,0:1.6412 1,1:0.937157 2,2:-0.487056 3,3:0.413805 4,4:0.443111 0,1:0.099532 1,2:-0.228785 Printing matrix: 0,0:-0.113033 1,1:-0.12529 2,2:0.00245216 3,3:-1.39835e-11 4,4:-6.82121e-13 0,1:60.2136 1,2:-60.0002 0,0:250,-410.196 1,1:250,-234.173 2,2:250,121.764 3,3:250,-103.451 4,4:250,-110.778 0,1:391.5,-99.1644 1,2:265.5,120.74 MaxChange0.000504709 StepSize1 Iteration: 29 Printing matrix: 0,0:1.64078 1,1:0.93669 2,2:-0.487054 3,3:0.413805 4,4:0.443111 0,1:0.100037 1,2:-0.228776 Printing matrix: 0,0:-0.104296 1,1:-0.116691 2,2:0.000368247 3,3:1.31877e-11 4,4:7.95808e-13 0,1:60.1976 1,2:-59.9976 0,0:250,-410.1 1,1:250,-234.064 2,2:250,121.765 3,3:250,-103.451 4,4:250,-110.778 0,1:391.5,-99.347 1,2:265.5,120.736 MaxChange0.000466505 StepSize1 Iteration: 30 Printing matrix: 0,0:1.6404 1,1:0.936255 2,2:-0.48706 3,3:0.413805 4,4:0.443111 0,1:0.100503 1,2:-0.228761 Printing matrix: 0,0:-0.0963443 1,1:-0.108805 2,2:-0.00138625 3,3:-1.23919e-11 4,4:-6.82121e-13 0,1:60.1826 1,2:-59.996 0,0:250,-410.011 1,1:250,-233.963 2,2:250,121.767 3,3:250,-103.451 4,4:250,-110.778 0,1:391.5,-99.516 1,2:265.5,120.731 MaxChange0.000431756 StepSize1 Iteration: 31 Printing matrix: 0,0:1.64004 1,1:0.93585 2,2:-0.48707 3,3:0.413805 4,4:0.443111 0,1:0.100935 1,2:-0.228741 Printing matrix: 0,0:-0.0890196 1,1:-0.10124 2,2:-0.00250919 3,3:1.31877e-11 4,4:7.95808e-13 0,1:60.169 1,2:-59.9947 0,0:250,-409.929 1,1:250,-233.868 2,2:250,121.771 3,3:250,-103.451 4,4:250,-110.778 0,1:391.5,-99.6724 1,2:265.5,120.725 MaxChange0.000399467 StepSize1 Iteration: 32 Printing matrix: 0,0:1.63971 1,1:0.935473 2,2:-0.487083 3,3:0.413805 4,4:0.443111 0,1:0.101334 1,2:-0.228718 Printing matrix: 0,0:-0.0823135 1,1:-0.0942429 2,2:-0.00339643 3,3:-1.39835e-11 4,4:-6.82121e-13 0,1:60.1564 1,2:-59.994 0,0:250,-409.852 1,1:250,-233.781 2,2:250,121.775 3,3:250,-103.451 4,4:250,-110.778 0,1:391.5,-99.8172 1,2:265.5,120.718 MaxChange0.000369881 StepSize1 Iteration: 33 Printing matrix: 0,0:1.63941 1,1:0.935123 2,2:-0.487099 3,3:0.413805 4,4:0.443111 0,1:0.101704 1,2:-0.228694 Printing matrix: 0,0:-0.076131 1,1:-0.0876204 2,2:-0.00393078 3,3:1.31877e-11 4,4:7.95808e-13 0,1:60.1448 1,2:-59.9934 0,0:250,-409.782 1,1:250,-233.699 2,2:250,121.779 3,3:250,-103.451 4,4:250,-110.778 0,1:391.5,-99.9513 1,2:265.5,120.711 MaxChange0.000342451 StepSize1 Iteration: 34 Printing matrix: 0,0:1.63913 1,1:0.934797 2,2:-0.487116 3,3:0.413805 4,4:0.443111 0,1:0.102047 1,2:-0.228668 Printing matrix: 0,0:-0.0704481 1,1:-0.0814732 2,2:-0.00431008 3,3:-1.23919e-11 4,4:-6.82121e-13 0,1:60.1341 1,2:-59.9932 0,0:250,-409.717 1,1:250,-233.624 2,2:250,121.784 3,3:250,-103.451 4,4:250,-110.778 0,1:391.5,-100.075 1,2:265.5,120.704 MaxChange0.000317204 StepSize1 Iteration: 35 Printing matrix: 0,0:1.63887 1,1:0.934494 2,2:-0.487134 3,3:0.413805 4,4:0.443111 0,1:0.102364 1,2:-0.228642 Printing matrix: 0,0:-0.0652035 1,1:-0.0757001 2,2:-0.00449352 3,3:1.31877e-11 4,4:7.95808e-13 0,1:60.1242 1,2:-59.9931 0,0:250,-409.656 1,1:250,-233.553 2,2:250,121.788 3,3:250,-103.451 4,4:250,-110.778 0,1:391.5,-100.191 1,2:265.5,120.698 MaxChange0.000293817 StepSize1 Iteration: 36 Printing matrix: 0,0:1.63863 1,1:0.934213 2,2:-0.487153 3,3:0.413805 4,4:0.443111 0,1:0.102658 1,2:-0.228616 Printing matrix: 0,0:-0.0603699 1,1:-0.0703347 2,2:-0.00458168 3,3:-1.39835e-11 4,4:-6.82121e-13 0,1:60.115 1,2:-59.9931 0,0:250,-409.601 1,1:250,-233.488 2,2:250,121.793 3,3:250,-103.451 4,4:250,-110.778 0,1:391.5,-100.297 1,2:265.5,120.691 MaxChange0.000272234 StepSize1 Iteration: 37 Printing matrix: 0,0:1.6384 1,1:0.933951 2,2:-0.487171 3,3:0.413805 4,4:0.443111 0,1:0.10293 1,2:-0.228591 Printing matrix: 0,0:-0.0559045 1,1:-0.0653187 2,2:-0.00456359 3,3:1.31877e-11 4,4:7.95808e-13 0,1:60.1066 1,2:-59.9932 0,0:250,-409.549 1,1:250,-233.427 2,2:250,121.797 3,3:250,-103.451 4,4:250,-110.778 0,1:391.5,-100.396 1,2:265.5,120.684 MaxChange0.000252245 StepSize1 Iteration: 38 Printing matrix: 0,0:1.63819 1,1:0.933709 2,2:-0.487189 3,3:0.413805 4,4:0.443111 0,1:0.103182 1,2:-0.228566 Printing matrix: 0,0:-0.0517816 1,1:-0.0606562 2,2:-0.00449123 3,3:-1.23919e-11 4,4:-6.82121e-13 0,1:60.0988 1,2:-59.9935 0,0:250,-409.501 1,1:250,-233.371 2,2:250,121.802 3,3:250,-103.451 4,4:250,-110.778 0,1:391.5,-100.487 1,2:265.5,120.678 MaxChange0.000233767 StepSize1 Iteration: 39 Printing matrix: 0,0:1.638 1,1:0.933484 2,2:-0.487206 3,3:0.413805 4,4:0.443111 0,1:0.103416 1,2:-0.228542 Printing matrix: 0,0:-0.0479695 1,1:-0.0563093 2,2:-0.00436406 3,3:1.31877e-11 4,4:7.95808e-13 0,1:60.0915 1,2:-59.9937 0,0:250,-409.456 1,1:250,-233.319 2,2:250,121.806 3,3:250,-103.451 4,4:250,-110.778 0,1:391.5,-100.572 1,2:265.5,120.672 MaxChange0.000216651 StepSize1 Iteration: 40 Printing matrix: 0,0:1.63783 1,1:0.933275 2,2:-0.487223 3,3:0.413805 4,4:0.443111 0,1:0.103633 1,2:-0.22852 Printing matrix: 0,0:-0.0444453 1,1:-0.0522696 2,2:-0.00420931 3,3:-1.39835e-11 4,4:-6.82121e-13 0,1:60.0848 1,2:-59.994 0,0:250,-409.415 1,1:250,-233.27 2,2:250,121.81 3,3:250,-103.451 4,4:250,-110.778 0,1:391.5,-100.651 1,2:265.5,120.666 MaxChange0.000200813 StepSize1 Iteration: 41 Printing matrix: 0,0:1.63766 1,1:0.93308 2,2:-0.487239 3,3:0.413805 4,4:0.443111 0,1:0.103833 1,2:-0.228498 Printing matrix: 0,0:-0.0411844 1,1:-0.04851 2,2:-0.00402928 3,3:1.31877e-11 4,4:-6.82121e-13 0,1:60.0786 1,2:-59.9943 0,0:250,-409.377 1,1:250,-233.225 2,2:250,121.814 3,3:250,-103.451 4,4:250,-110.778 0,1:391.5,-100.724 1,2:265.5,120.661 MaxChange0.000186141 StepSize1 Iteration: 42 Printing matrix: 0,0:1.63751 1,1:0.9329 2,2:-0.487255 3,3:0.413805 4,4:0.443111 0,1:0.10402 1,2:-0.228478 Printing matrix: 0,0:-0.0381672 1,1:-0.0450174 2,2:-0.00383831 3,3:-1.23919e-11 4,4:7.95808e-13 0,1:60.0729 1,2:-59.9946 0,0:250,-409.342 1,1:250,-233.183 2,2:250,121.817 3,3:250,-103.451 4,4:250,-110.778 0,1:391.5,-100.791 1,2:265.5,120.656 MaxChange0.000172554 StepSize1 Iteration: 43 Printing matrix: 0,0:1.63737 1,1:0.932733 2,2:-0.487269 3,3:0.413805 4,4:0.443111 0,1:0.104192 1,2:-0.228458 Printing matrix: 0,0:-0.0353739 1,1:-0.0417705 2,2:-0.00363882 3,3:1.31877e-11 4,4:-6.82121e-13 0,1:60.0676 1,2:-59.9949 0,0:250,-409.309 1,1:250,-233.145 2,2:250,121.821 3,3:250,-103.451 4,4:250,-110.778 0,1:391.5,-100.854 1,2:265.5,120.651 MaxChange0.000159964 StepSize1 Iteration: 44 Printing matrix: 0,0:1.63724 1,1:0.932578 2,2:-0.487283 3,3:0.413805 4,4:0.443111 0,1:0.104352 1,2:-0.22844 Printing matrix: 0,0:-0.0327877 1,1:-0.0387553 2,2:-0.00343833 3,3:-1.39835e-11 4,4:7.95808e-13 0,1:60.0626 1,2:-59.9952 0,0:250,-409.278 1,1:250,-233.109 2,2:250,121.824 3,3:250,-103.451 4,4:250,-110.778 0,1:391.5,-100.912 1,2:265.5,120.646 MaxChange0.000148301 StepSize1 Iteration: 45 Printing matrix: 0,0:1.63711 1,1:0.932434 2,2:-0.487296 3,3:0.413805 4,4:0.443111 0,1:0.1045 1,2:-0.228423 Printing matrix: 0,0:-0.0303925 1,1:-0.0359543 2,2:-0.00323857 3,3:1.31877e-11 4,4:-6.82121e-13 0,1:60.0581 1,2:-59.9955 0,0:250,-409.25 1,1:250,-233.075 2,2:250,121.827 3,3:250,-103.451 4,4:250,-110.778 0,1:391.5,-100.966 1,2:265.5,120.642 MaxChange0.000137492 StepSize1 Iteration: 46 Printing matrix: 0,0:1.637 1,1:0.932301 2,2:-0.487308 3,3:0.413805 4,4:0.443111 0,1:0.104638 1,2:-0.228407 Printing matrix: 0,0:-0.0281738 1,1:-0.0333541 2,2:-0.0030434 3,3:-1.23919e-11 4,4:7.95808e-13 0,1:60.0538 1,2:-59.9957 0,0:250,-409.224 1,1:250,-233.044 2,2:250,121.83 3,3:250,-103.451 4,4:250,-110.778 0,1:391.5,-101.016 1,2:265.5,120.638 MaxChange0.000127476 StepSize1 Iteration: 47 Printing matrix: 0,0:1.6369 1,1:0.932177 2,2:-0.48732 3,3:0.413805 4,4:0.443111 0,1:0.104765 1,2:-0.228392 Printing matrix: 0,0:-0.0261183 1,1:-0.0309398 2,2:-0.00285382 3,3:1.31877e-11 4,4:-6.82121e-13 0,1:60.0499 1,2:-59.996 0,0:250,-409.2 1,1:250,-233.016 2,2:250,121.833 3,3:250,-103.451 4,4:250,-110.778 0,1:391.5,-101.062 1,2:265.5,120.634 MaxChange0.000118191 StepSize1 Iteration: 48 Printing matrix: 0,0:1.6368 1,1:0.932063 2,2:-0.48733 3,3:0.413805 4,4:0.443111 0,1:0.104884 1,2:-0.228378 Printing matrix: 0,0:-0.0242138 1,1:-0.0286991 2,2:-0.00267169 3,3:-1.39835e-11 4,4:7.95808e-13 0,1:60.0463 1,2:-59.9963 0,0:250,-409.177 1,1:250,-232.989 2,2:250,121.835 3,3:250,-103.451 4,4:250,-110.778 0,1:391.5,-101.105 1,2:265.5,120.631 MaxChange0.000109586 StepSize1 Iteration: 49 Printing matrix: 0,0:1.63671 1,1:0.931956 2,2:-0.48734 3,3:0.413805 4,4:0.443111 0,1:0.104993 1,2:-0.228364 Printing matrix: 0,0:-0.0224489 1,1:-0.0266194 2,2:-0.00249744 3,3:1.31877e-11 4,4:-6.82121e-13 0,1:60.0429 1,2:-59.9965 0,0:250,-409.157 1,1:250,-232.964 2,2:250,121.837 3,3:250,-103.451 4,4:250,-110.778 0,1:391.5,-101.145 1,2:265.5,120.628 MaxChange0.000101609 StepSize1 Iteration: 50 Printing matrix: 0,0:1.63663 1,1:0.931857 2,2:-0.48735 3,3:0.413805 4,4:0.443111 0,1:0.105095 1,2:-0.228352 Printing matrix: 0,0:-0.0208132 1,1:-0.0246896 2,2:-0.00233184 3,3:-1.23919e-11 4,4:7.95808e-13 0,1:60.0398 1,2:-59.9968 0,0:250,-409.137 1,1:250,-232.941 2,2:250,121.84 3,3:250,-103.451 4,4:250,-110.778 0,1:391.5,-101.181 1,2:265.5,120.624 MaxChange9.42137e-05 StepSize1 Iteration: 51 Printing matrix: 0,0:1.63655 1,1:0.931766 2,2:-0.487358 3,3:0.413805 4,4:0.443111 0,1:0.105189 1,2:-0.228341 Printing matrix: 0,0:-0.0192972 1,1:-0.022899 2,2:-0.00217492 3,3:1.31877e-11 4,4:-6.82121e-13 0,1:60.0369 1,2:-59.997 0,0:250,-409.119 1,1:250,-232.92 2,2:250,121.842 3,3:250,-103.451 4,4:250,-110.778 0,1:391.5,-101.216 1,2:265.5,120.622 MaxChange8.73578e-05 StepSize1 Iteration: 52 Printing matrix: 0,0:1.63648 1,1:0.931681 2,2:-0.487366 3,3:0.413805 4,4:0.443111 0,1:0.105276 1,2:-0.22833 Printing matrix: 0,0:-0.0178919 1,1:-0.0212376 2,2:-0.00202686 3,3:-1.39835e-11 4,4:7.95808e-13 0,1:60.0342 1,2:-59.9972 0,0:250,-409.103 1,1:250,-232.9 2,2:250,121.843 3,3:250,-103.451 4,4:250,-110.778 0,1:391.5,-101.247 1,2:265.5,120.619 MaxChange8.10019e-05 StepSize1 Iteration: 53 Printing matrix: 0,0:1.63641 1,1:0.931602 2,2:-0.487374 3,3:0.413805 4,4:0.443111 0,1:0.105357 1,2:-0.22832 Printing matrix: 0,0:-0.0165893 1,1:-0.0196964 2,2:-0.00188746 3,3:1.31877e-11 4,4:-6.82121e-13 0,1:60.0317 1,2:-59.9974 0,0:250,-409.087 1,1:250,-232.882 2,2:250,121.845 3,3:250,-103.451 4,4:250,-110.778 0,1:391.5,-101.277 1,2:265.5,120.617 MaxChange7.51089e-05 StepSize1 Iteration: 54 Printing matrix: 0,0:1.63635 1,1:0.931529 2,2:-0.487381 3,3:0.413805 4,4:0.443111 0,1:0.105432 1,2:-0.228311 Printing matrix: 0,0:-0.0153818 1,1:-0.0182666 2,2:-0.00175658 3,3:-1.23919e-11 4,4:-6.82121e-13 0,1:60.0294 1,2:-59.9976 0,0:250,-409.073 1,1:250,-232.865 2,2:250,121.847 3,3:250,-103.451 4,4:250,-110.778 0,1:391.5,-101.304 1,2:265.5,120.614 MaxChange6.96453e-05 StepSize1 Iteration: 55 Printing matrix: 0,0:1.63629 1,1:0.931461 2,2:-0.487388 3,3:0.413805 4,4:0.443111 0,1:0.105502 1,2:-0.228303 Printing matrix: 0,0:-0.0142623 1,1:-0.0169403 2,2:-0.0016339 3,3:1.31877e-11 4,4:7.95808e-13 0,1:60.0273 1,2:-59.9977 0,0:250,-409.06 1,1:250,-232.85 2,2:250,121.848 3,3:250,-103.451 4,4:250,-110.778 0,1:391.5,-101.329 1,2:265.5,120.612 MaxChange6.45794e-05 StepSize1 Iteration: 56 Printing matrix: 0,0:1.63624 1,1:0.931398 2,2:-0.487394 3,3:0.413805 4,4:0.443111 0,1:0.105567 1,2:-0.228295 Printing matrix: 0,0:-0.0132245 1,1:-0.0157101 2,2:-0.00151911 3,3:-1.39835e-11 4,4:-6.82121e-13 0,1:60.0253 1,2:-59.9979 0,0:250,-409.048 1,1:250,-232.835 2,2:250,121.85 3,3:250,-103.451 4,4:250,-110.778 0,1:391.5,-101.353 1,2:265.5,120.61 MaxChange5.98824e-05 StepSize1 Iteration: 57 Printing matrix: 0,0:1.63619 1,1:0.93134 2,2:-0.487399 3,3:0.413805 4,4:0.443111 0,1:0.105627 1,2:-0.228287 Printing matrix: 0,0:-0.0122623 1,1:-0.014569 2,2:-0.00141184 3,3:1.31877e-11 4,4:7.95808e-13 0,1:60.0234 1,2:-59.998 0,0:250,-409.036 1,1:250,-232.821 2,2:250,121.851 3,3:250,-103.451 4,4:250,-110.778 0,1:391.5,-101.375 1,2:265.5,120.608 MaxChange5.55272e-05 StepSize1 Iteration: 58 Printing matrix: 0,0:1.63615 1,1:0.931286 2,2:-0.487404 3,3:0.413805 4,4:0.443111 0,1:0.105682 1,2:-0.22828 Printing matrix: 0,0:-0.0113702 1,1:-0.0135107 2,2:-0.00131172 3,3:-1.23919e-11 4,4:-6.82121e-13 0,1:60.0217 1,2:-59.9982 0,0:250,-409.026 1,1:250,-232.809 2,2:250,121.852 3,3:250,-103.451 4,4:250,-110.778 0,1:391.5,-101.395 1,2:265.5,120.607 MaxChange5.14889e-05 StepSize1 Iteration: 59 Printing matrix: 0,0:1.6361 1,1:0.931236 2,2:-0.487409 3,3:0.413805 4,4:0.443111 0,1:0.105734 1,2:-0.228274 Printing matrix: 0,0:-0.010543 1,1:-0.0125291 2,2:-0.00121836 3,3:1.31877e-11 4,4:7.95808e-13 0,1:60.0202 1,2:-59.9983 0,0:250,-409.016 1,1:250,-232.797 2,2:250,121.853 3,3:250,-103.451 4,4:250,-110.778 0,1:391.5,-101.413 1,2:265.5,120.605 MaxChange4.77444e-05 StepSize1 Iteration: 60 Printing matrix: 0,0:1.63606 1,1:0.931189 2,2:-0.487414 3,3:0.413805 4,4:0.443111 0,1:0.105781 1,2:-0.228268 Printing matrix: 0,0:-0.00977609 1,1:-0.0116187 2,2:-0.00113138 3,3:-1.39835e-11 4,4:-6.82121e-13 0,1:60.0187 1,2:-59.9984 0,0:250,-409.007 1,1:250,-232.787 2,2:250,121.855 3,3:250,-103.451 4,4:250,-110.778 0,1:391.5,-101.431 1,2:265.5,120.604 MaxChange4.42724e-05 StepSize1 Iteration: 61 Printing matrix: 0,0:1.63603 1,1:0.931146 2,2:-0.487418 3,3:0.413805 4,4:0.443111 0,1:0.105826 1,2:-0.228263 Printing matrix: 0,0:-0.009065 1,1:-0.0107744 2,2:-0.00105039 3,3:1.31877e-11 4,4:7.95808e-13 0,1:60.0173 1,2:-59.9985 0,0:250,-408.999 1,1:250,-232.777 2,2:250,121.855 3,3:250,-103.451 4,4:250,-110.778 0,1:391.5,-101.447 1,2:265.5,120.602 MaxChange4.10529e-05 StepSize1 Iteration: 62 Printing matrix: 0,0:1.63599 1,1:0.931106 2,2:-0.487422 3,3:0.413805 4,4:0.443111 0,1:0.105867 1,2:-0.228258 Printing matrix: 0,0:-0.00840566 1,1:-0.00999139 2,2:-0.000975031 3,3:-1.23919e-11 4,4:-6.82121e-13 0,1:60.0161 1,2:-59.9986 0,0:250,-408.991 1,1:250,-232.767 2,2:250,121.856 3,3:250,-103.451 4,4:250,-110.778 0,1:391.5,-101.462 1,2:265.5,120.601 MaxChange3.80676e-05 StepSize1 Iteration: 63 Printing matrix: 0,0:1.63596 1,1:0.931069 2,2:-0.487426 3,3:0.413805 4,4:0.443111 0,1:0.105905 1,2:-0.228253 Printing matrix: 0,0:-0.00779431 1,1:-0.00926522 2,2:-0.000904944 3,3:1.31877e-11 4,4:7.95808e-13 0,1:60.0149 1,2:-59.9987 0,0:250,-408.984 1,1:250,-232.759 2,2:250,121.857 3,3:250,-103.451 4,4:250,-110.778 0,1:391.5,-101.476 1,2:265.5,120.6 MaxChange3.52994e-05 StepSize1 Iteration: 64 Printing matrix: 0,0:1.63593 1,1:0.931035 2,2:-0.487429 3,3:0.413805 4,4:0.443111 0,1:0.10594 1,2:-0.228249 Printing matrix: 0,0:-0.00722744 1,1:-0.00859179 2,2:-0.000839788 3,3:-1.39835e-11 4,4:-6.82121e-13 0,1:60.0138 1,2:-59.9988 0,0:250,-408.977 1,1:250,-232.751 2,2:250,121.858 3,3:250,-103.451 4,4:250,-110.778 0,1:391.5,-101.488 1,2:265.5,120.599 MaxChange3.27326e-05 StepSize1 Iteration: 65 Printing matrix: 0,0:1.63591 1,1:0.931003 2,2:-0.487432 3,3:0.413805 4,4:0.443111 0,1:0.105973 1,2:-0.228244 Printing matrix: 0,0:-0.00670181 1,1:-0.00796728 2,2:-0.000779238 3,3:1.31877e-11 4,4:7.95808e-13 0,1:60.0128 1,2:-59.9989 0,0:250,-408.971 1,1:250,-232.743 2,2:250,121.859 3,3:250,-103.451 4,4:250,-110.778 0,1:391.5,-101.5 1,2:265.5,120.598 MaxChange3.03524e-05 StepSize1 Iteration: 66 Printing matrix: 0,0:1.63588 1,1:0.930973 2,2:-0.487435 3,3:0.413805 4,4:0.443111 0,1:0.106003 1,2:-0.228241 Printing matrix: 0,0:-0.00621442 1,1:-0.00738812 2,2:-0.000722987 3,3:-1.23919e-11 4,4:-6.82121e-13 0,1:60.0119 1,2:-59.999 0,0:250,-408.965 1,1:250,-232.737 2,2:250,121.859 3,3:250,-103.451 4,4:250,-110.778 0,1:391.5,-101.511 1,2:265.5,120.597 MaxChange2.81453e-05 StepSize1 Iteration: 67 Printing matrix: 0,0:1.63586 1,1:0.930946 2,2:-0.487438 3,3:0.413805 4,4:0.443111 0,1:0.106031 1,2:-0.228237 Printing matrix: 0,0:-0.00576248 1,1:-0.00685105 2,2:-0.000670743 3,3:1.31877e-11 4,4:-6.82121e-13 0,1:60.011 1,2:-59.9991 0,0:250,-408.96 1,1:250,-232.73 2,2:250,121.86 3,3:250,-103.451 4,4:250,-110.778 0,1:391.5,-101.521 1,2:265.5,120.596 MaxChange2.60987e-05 StepSize1 Iteration: 68 Printing matrix: 0,0:1.63584 1,1:0.930921 2,2:-0.48744 3,3:0.413805 4,4:0.443111 0,1:0.106057 1,2:-0.228234 Printing matrix: 0,0:-0.00534342 1,1:-0.006353 2,2:-0.000622232 3,3:-1.39835e-11 4,4:7.95808e-13 0,1:60.0102 1,2:-59.9991 0,0:250,-408.955 1,1:250,-232.724 2,2:250,121.861 3,3:250,-103.451 4,4:250,-110.778 0,1:391.5,-101.531 1,2:265.5,120.595 MaxChange2.42009e-05 StepSize1 Iteration: 69 Printing matrix: 0,0:1.63582 1,1:0.930897 2,2:-0.487442 3,3:0.413805 4,4:0.443111 0,1:0.106082 1,2:-0.228231 Printing matrix: 0,0:-0.00495483 1,1:-0.00589114 2,2:-0.000577195 3,3:1.31877e-11 4,4:-6.82121e-13 0,1:60.0095 1,2:-59.9992 0,0:250,-408.95 1,1:250,-232.719 2,2:250,121.861 3,3:250,-103.451 4,4:250,-110.778 0,1:391.5,-101.54 1,2:265.5,120.595 MaxChange2.24411e-05 StepSize1 Iteration: 70 Printing matrix: 0,0:1.6358 1,1:0.930875 2,2:-0.487445 3,3:0.413805 4,4:0.443111 0,1:0.106104 1,2:-0.228228 Printing matrix: 0,0:-0.00459451 1,1:-0.00546284 2,2:-0.000535391 3,3:-1.23919e-11 4,4:7.95808e-13 0,1:60.0088 1,2:-59.9993 0,0:250,-408.946 1,1:250,-232.714 2,2:250,121.862 3,3:250,-103.451 4,4:250,-110.778 0,1:391.5,-101.548 1,2:265.5,120.594 MaxChange2.08093e-05 StepSize1 Iteration: 71 Printing matrix: 0,0:1.63578 1,1:0.930855 2,2:-0.487447 3,3:0.413805 4,4:0.443111 0,1:0.106125 1,2:-0.228226 Printing matrix: 0,0:-0.0042604 1,1:-0.00506567 2,2:-0.000496593 3,3:1.31877e-11 4,4:-6.82121e-13 0,1:60.0081 1,2:-59.9993 0,0:250,-408.942 1,1:250,-232.709 2,2:250,121.862 3,3:250,-103.451 4,4:250,-110.778 0,1:391.5,-101.555 1,2:265.5,120.593 MaxChange1.92962e-05 StepSize1 Iteration: 72 Printing matrix: 0,0:1.63577 1,1:0.930836 2,2:-0.487448 3,3:0.413805 4,4:0.443111 0,1:0.106144 1,2:-0.228223 Printing matrix: 0,0:-0.00395058 1,1:-0.00469737 2,2:-0.000460589 3,3:-1.39835e-11 4,4:7.95808e-13 0,1:60.0076 1,2:-59.9994 0,0:250,-408.938 1,1:250,-232.705 2,2:250,121.863 3,3:250,-103.451 4,4:250,-110.778 0,1:391.5,-101.562 1,2:265.5,120.593 MaxChange1.78931e-05 StepSize1 Iteration: 73 Printing matrix: 0,0:1.63575 1,1:0.930819 2,2:-0.48745 3,3:0.413805 4,4:0.443111 0,1:0.106162 1,2:-0.228221 Printing matrix: 0,0:-0.0036633 1,1:-0.00435584 2,2:-0.000427182 3,3:1.31877e-11 4,4:-6.82121e-13 0,1:60.007 1,2:-59.9994 0,0:250,-408.935 1,1:250,-232.701 2,2:250,121.863 3,3:250,-103.451 4,4:250,-110.778 0,1:391.5,-101.569 1,2:265.5,120.592 MaxChange1.6592e-05 StepSize1 Iteration: 74 Printing matrix: 0,0:1.63574 1,1:0.930803 2,2:-0.487452 3,3:0.413805 4,4:0.443111 0,1:0.106179 1,2:-0.228219 Printing matrix: 0,0:-0.00339691 1,1:-0.00403914 2,2:-0.000396188 3,3:-1.23919e-11 4,4:7.95808e-13 0,1:60.0065 1,2:-59.9995 0,0:250,-408.932 1,1:250,-232.697 2,2:250,121.863 3,3:250,-103.451 4,4:250,-110.778 0,1:391.5,-101.575 1,2:265.5,120.592 MaxChange1.53855e-05 StepSize1 Iteration: 75 Printing matrix: 0,0:1.63573 1,1:0.930788 2,2:-0.487453 3,3:0.413805 4,4:0.443111 0,1:0.106194 1,2:-0.228217 Printing matrix: 0,0:-0.00314989 1,1:-0.00374546 2,2:-0.000367433 3,3:1.31877e-11 4,4:-6.82121e-13 0,1:60.006 1,2:-59.9995 0,0:250,-408.929 1,1:250,-232.693 2,2:250,121.864 3,3:250,-103.451 4,4:250,-110.778 0,1:391.5,-101.581 1,2:265.5,120.591 MaxChange1.42667e-05 StepSize1 Iteration: 76 Printing matrix: 0,0:1.63571 1,1:0.930774 2,2:-0.487455 3,3:0.413805 4,4:0.443111 0,1:0.106208 1,2:-0.228215 Printing matrix: 0,0:-0.00292083 1,1:-0.00347312 2,2:-0.000340759 3,3:-1.39835e-11 4,4:7.95808e-13 0,1:60.0056 1,2:-59.9995 0,0:250,-408.926 1,1:250,-232.69 2,2:250,121.864 3,3:250,-103.451 4,4:250,-110.778 0,1:391.5,-101.586 1,2:265.5,120.591 MaxChange1.32293e-05 StepSize1 Iteration: 77 Printing matrix: 0,0:1.6357 1,1:0.930761 2,2:-0.487456 3,3:0.413805 4,4:0.443111 0,1:0.106221 1,2:-0.228214 Printing matrix: 0,0:-0.00270843 1,1:-0.00322059 2,2:-0.000316015 3,3:1.31877e-11 4,4:-6.82121e-13 0,1:60.0052 1,2:-59.9996 0,0:250,-408.923 1,1:250,-232.687 2,2:250,121.864 3,3:250,-103.451 4,4:250,-110.778 0,1:391.5,-101.591 1,2:265.5,120.59 MaxChange1.22673e-05 StepSize1 Iteration: 78 Printing matrix: 0,0:1.63569 1,1:0.930749 2,2:-0.487457 3,3:0.413805 4,4:0.443111 0,1:0.106234 1,2:-0.228212 Printing matrix: 0,0:-0.00251148 1,1:-0.00298641 2,2:-0.000293064 3,3:-1.23919e-11 4,4:7.95808e-13 0,1:60.0048 1,2:-59.9996 0,0:250,-408.921 1,1:250,-232.684 2,2:250,121.865 3,3:250,-103.451 4,4:250,-110.778 0,1:391.5,-101.595 1,2:265.5,120.59 MaxChange1.13753e-05 StepSize1 Iteration: 79 Printing matrix: 0,0:1.63568 1,1:0.930738 2,2:-0.487458 3,3:0.413805 4,4:0.443111 0,1:0.106245 1,2:-0.228211 Printing matrix: 0,0:-0.00232885 1,1:-0.00276926 2,2:-0.000271776 3,3:1.31877e-11 4,4:-6.82121e-13 0,1:60.0045 1,2:-59.9996 0,0:250,-408.919 1,1:250,-232.682 2,2:250,121.865 3,3:250,-103.451 4,4:250,-110.778 0,1:391.5,-101.599 1,2:265.5,120.59 MaxChange1.05481e-05 StepSize1 Iteration: 80 Printing matrix: 0,0:1.63568 1,1:0.930728 2,2:-0.487459 3,3:0.413805 4,4:0.443111 0,1:0.106256 1,2:-0.228209 Printing matrix: 0,0:-0.0021595 1,1:-0.0025679 2,2:-0.000252031 3,3:-1.39835e-11 4,4:-6.82121e-13 0,1:60.0041 1,2:-59.9997 0,0:250,-408.917 1,1:250,-232.68 2,2:250,121.865 3,3:250,-103.451 4,4:250,-110.778 0,1:391.5,-101.603 1,2:265.5,120.589 MaxChange9.78109e-06 StepSize1 Iteration: 81 Printing matrix: 0,0:1.63567 0,1:0.106265 1,1:0.930718 1,2:-0.228208 2,2:-0.48746 3,3:0.413805 4,4:0.443111 Printing matrix: 0,0:-0.00185685 0,1:60.0036 1,1:-0.00220803 1,2:-59.9997 2,2:-0.000216736 3,3:-1.23919e-11 4,4:-6.82121e-13 0,0:250,-408.915 0,1:391.5,-101.606 1,1:250,-232.677 1,2:265.5,120.589 2,2:250,121.865 3,3:250,-103.451 4,4:250,-110.778 MaxChange9.06984e-06 StepSize1 Iteration: 0 Printing matrix: 0,0:1.63566 0,1:0.106275 1,1:0.930709 1,2:-0.228207 2,2:-0.487461 3,3:0.413805 4,4:0.443111 Printing matrix: 0,0:-1.83255e-06 0,1:-1.83255e-06 1,1:-1.83255e-06 1,2:-1.83255e-06 2,2:-1.83255e-06 3,3:-1.83255e-06 4,4:-1.83255e-06 0,0:250,-408.911 0,1:391.5,-101.936 1,1:250,-232.643 1,2:265.5,120.764 2,2:250,121.864 3,3:250,-103.451 4,4:250,-110.778 MaxChange0.000841385 StepSize1 Iteration: 0 Printing matrix: 0,0:1.63564 0,1:0.107116 1,1:0.930571 1,2:-0.228867 2,2:-0.487455 3,3:0.413805 4,4:0.443111 Printing matrix: 0,0:-0.00392761 0,1:60.3294 1,1:-0.0345959 1,2:-60.1753 2,2:0.00140201 3,3:1.47793e-11 4,4:-5.68434e-13 0,0:250,-408.833 0,1:391.5,-102.111 1,1:250,-232.542 1,2:265.5,120.828 2,2:250,121.759 3,3:250,-103.451 4,4:250,-110.778 MaxChange0.000446856 StepSize1 Iteration: 1 Printing matrix: 0,0:1.63533 0,1:0.107563 1,1:0.930169 1,2:-0.229106 2,2:-0.487036 3,3:0.413805 4,4:0.443111 Printing matrix: 0,0:-0.0786069 0,1:60.1749 1,1:-0.100545 1,2:-60.0635 2,2:0.104832 3,3:-1.23919e-11 4,4:-5.68434e-13 0,0:250,-408.754 0,1:391.5,-102.281 1,1:250,-232.465 1,2:265.5,120.9 2,2:250,121.711 3,3:250,-103.451 4,4:250,-110.778 MaxChange0.000433549 StepSize1 Iteration: 2 Printing matrix: 0,0:1.63502 0,1:0.107996 1,1:0.929858 1,2:-0.229377 2,2:-0.486842 3,3:0.413805 4,4:0.443111 Printing matrix: 0,0:-0.0786181 0,1:60.1697 1,1:-0.0775708 1,2:-60.0718 2,2:0.0484766 3,3:1.42109e-11 4,4:-5.68434e-13 0,0:250,-408.677 0,1:391.5,-102.435 1,1:250,-232.396 1,2:265.5,120.943 2,2:250,121.663 3,3:250,-103.451 4,4:250,-110.778 MaxChange0.000394208 StepSize1 Iteration: 3 Printing matrix: 0,0:1.63471 0,1:0.108391 1,1:0.929584 1,2:-0.229539 2,2:-0.486651 3,3:0.413805 4,4:0.443111 Printing matrix: 0,0:-0.0774072 0,1:60.1543 1,1:-0.0685434 1,2:-60.0431 2,2:0.0477604 3,3:-1.25056e-11 4,4:-4.54747e-13 0,0:250,-408.603 0,1:391.5,-102.571 1,1:250,-232.328 1,2:265.5,120.982 2,2:250,121.632 3,3:250,-103.451 4,4:250,-110.778 MaxChange0.00034762 StepSize1 Iteration: 4 Printing matrix: 0,0:1.63441 0,1:0.108738 1,1:0.929312 1,2:-0.229687 2,2:-0.486529 3,3:0.413805 4,4:0.443111 Printing matrix: 0,0:-0.073235 0,1:60.1361 1,1:-0.0680967 1,2:-60.0393 2,2:0.0305317 3,3:1.40972e-11 4,4:-4.54747e-13 0,0:250,-408.536 0,1:391.5,-102.698 1,1:250,-232.267 1,2:265.5,121.007 2,2:250,121.606 3,3:250,-103.451 4,4:250,-110.778 MaxChange0.000325172 StepSize1 Iteration: 5 Printing matrix: 0,0:1.63415 0,1:0.109063 1,1:0.929067 1,2:-0.229782 2,2:-0.486423 3,3:0.413805 4,4:0.443111 Printing matrix: 0,0:-0.0669758 0,1:60.1273 1,1:-0.0611693 1,2:-60.0252 2,2:0.0265388 3,3:-1.29603e-11 4,4:-4.54747e-13 0,0:250,-408.474 0,1:391.5,-102.812 1,1:250,-232.207 1,2:265.5,121.029 2,2:250,121.588 3,3:250,-103.451 4,4:250,-110.778 MaxChange0.000291675 StepSize1 Iteration: 6 Printing matrix: 0,0:1.6339 0,1:0.109355 1,1:0.928827 1,2:-0.229863 2,2:-0.486352 3,3:0.413805 4,4:0.443111 Printing matrix: 0,0:-0.0619113 0,1:60.1142 1,1:-0.0599283 1,2:-60.0216 2,2:0.0177285 3,3:1.40972e-11 4,4:-4.54747e-13 0,0:250,-408.418 0,1:391.5,-102.919 1,1:250,-232.152 1,2:265.5,121.043 2,2:250,121.573 3,3:250,-103.451 4,4:250,-110.778 MaxChange0.000271498 StepSize1 Iteration: 7 Printing matrix: 0,0:1.63367 0,1:0.109626 1,1:0.928607 1,2:-0.229916 2,2:-0.486293 3,3:0.413805 4,4:0.443111 Printing matrix: 0,0:-0.0564161 0,1:60.1063 1,1:-0.0550184 1,2:-60.0139 2,2:0.0146823 3,3:-1.3074e-11 4,4:0 0,0:250,-408.366 0,1:391.5,-103.015 1,1:250,-232.099 1,2:265.5,121.054 2,2:250,121.563 3,3:250,-103.451 4,4:250,-110.778 MaxChange0.000246666 StepSize1 Iteration: 8 Printing matrix: 0,0:1.63346 0,1:0.109873 1,1:0.928396 1,2:-0.229958 2,2:-0.486254 3,3:0.413805 4,4:0.443111 Printing matrix: 0,0:-0.0519276 0,1:60.0966 1,1:-0.0527839 1,2:-60.0112 2,2:0.00977918 3,3:-1.01181e-11 4,4:0 0,0:250,-408.319 0,1:391.5,-103.105 1,1:250,-232.05 1,2:265.5,121.061 2,2:250,121.556 3,3:250,-103.451 4,4:250,-110.778 MaxChange0.000228758 StepSize1 Iteration: 9 Printing matrix: 0,0:1.63327 0,1:0.110102 1,1:0.928201 1,2:-0.229984 2,2:-0.486223 3,3:0.413805 4,4:0.443111 Printing matrix: 0,0:-0.0475006 0,1:60.0896 1,1:-0.0488865 1,2:-60.0069 2,2:0.00769106 3,3:1.64846e-11 4,4:0 0,0:250,-408.275 0,1:391.5,-103.187 1,1:250,-232.004 1,2:265.5,121.066 2,2:250,121.551 3,3:250,-103.451 4,4:250,-110.778 MaxChange0.000209412 StepSize1 Iteration: 10 Printing matrix: 0,0:1.6331 0,1:0.110311 1,1:0.928015 1,2:-0.230003 2,2:-0.486204 3,3:0.413805 4,4:0.443111 Printing matrix: 0,0:-0.0437342 0,1:60.082 1,1:-0.0462864 1,2:-60.0051 2,2:0.00492207 3,3:-1.09139e-11 4,4:0 0,0:250,-408.235 0,1:391.5,-103.263 1,1:250,-231.961 1,2:265.5,121.069 2,2:250,121.547 3,3:250,-103.451 4,4:250,-110.778 MaxChange0.000193888 StepSize1 Iteration: 11 Printing matrix: 0,0:1.63294 0,1:0.110505 1,1:0.927843 1,2:-0.230014 2,2:-0.486189 3,3:0.413805 4,4:0.443111 Printing matrix: 0,0:-0.0401556 0,1:60.0759 1,1:-0.0430042 1,2:-60.0028 2,2:0.00357138 3,3:1.45519e-11 4,4:0 0,0:250,-408.198 0,1:391.5,-103.333 1,1:250,-231.92 1,2:265.5,121.07 2,2:250,121.545 3,3:250,-103.451 4,4:250,-110.778 MaxChange0.000178298 StepSize1 Iteration: 12 Printing matrix: 0,0:1.63279 0,1:0.110684 1,1:0.927682 1,2:-0.23002 2,2:-0.486181 3,3:0.413805 4,4:0.443111 Printing matrix: 0,0:-0.0370158 0,1:60.0698 1,1:-0.0403999 1,2:-60.0016 2,2:0.00201244 3,3:-1.25056e-11 4,4:0 0,0:250,-408.164 0,1:391.5,-103.397 1,1:250,-231.883 1,2:265.5,121.071 2,2:250,121.544 3,3:250,-103.451 4,4:250,-110.778 MaxChange0.000164996 StepSize1 Iteration: 13 Printing matrix: 0,0:1.63265 0,1:0.110849 1,1:0.927532 1,2:-0.230021 2,2:-0.486176 3,3:0.413805 4,4:0.443111 Printing matrix: 0,0:-0.0340817 0,1:60.0646 1,1:-0.0375673 1,2:-60.0003 2,2:0.00118326 3,3:1.40972e-11 4,4:0 0,0:250,-408.132 0,1:391.5,-103.457 1,1:250,-231.848 1,2:265.5,121.07 2,2:250,121.544 3,3:250,-103.451 4,4:250,-110.778 MaxChange0.000152154 StepSize1 Iteration: 14 Printing matrix: 0,0:1.63253 0,1:0.111001 1,1:0.927391 1,2:-0.23002 2,2:-0.486175 3,3:0.413805 4,4:0.443111 Printing matrix: 0,0:-0.0314554 0,1:60.0596 1,1:-0.0351272 1,2:-59.9997 2,2:0.000321382 3,3:-1.29603e-11 4,4:0 0,0:250,-408.103 0,1:391.5,-103.512 1,1:250,-231.815 1,2:265.5,121.069 2,2:250,121.544 3,3:250,-103.451 4,4:250,-110.778 MaxChange0.000140807 StepSize1 Iteration: 15 Printing matrix: 0,0:1.63241 0,1:0.111141 1,1:0.92726 1,2:-0.230016 2,2:-0.486176 3,3:0.413805 4,4:0.443111 Printing matrix: 0,0:-0.0290194 0,1:60.0551 1,1:-0.032662 1,2:-59.999 2,2:-0.000158158 3,3:1.40972e-11 4,4:0 0,0:250,-408.076 0,1:391.5,-103.563 1,1:250,-231.785 1,2:265.5,121.068 2,2:250,121.545 3,3:250,-103.451 4,4:250,-110.778 MaxChange0.000130078 StepSize1 Iteration: 16 Printing matrix: 0,0:1.63231 0,1:0.111272 1,1:0.927139 1,2:-0.230011 2,2:-0.486178 3,3:0.413805 4,4:0.443111 Printing matrix: 0,0:-0.0268113 0,1:60.0509 1,1:-0.0304526 1,2:-59.9986 2,2:-0.000615609 3,3:-1.3074e-11 4,4:0 0,0:250,-408.052 0,1:391.5,-103.61 1,1:250,-231.756 1,2:265.5,121.066 2,2:250,121.545 3,3:250,-103.451 4,4:250,-110.778 MaxChange0.000120405 StepSize1 Iteration: 17 Printing matrix: 0,0:1.63221 0,1:0.111392 1,1:0.927025 1,2:-0.230005 2,2:-0.486182 3,3:0.413805 4,4:0.443111 Printing matrix: 0,0:-0.0247695 0,1:60.0471 1,1:-0.0283041 1,2:-59.9983 2,2:-0.000869865 3,3:-1.01181e-11 4,4:0 0,0:250,-408.029 0,1:391.5,-103.654 1,1:250,-231.73 1,2:265.5,121.064 2,2:250,121.547 3,3:250,-103.451 4,4:250,-110.778 MaxChange0.000111358 StepSize1 Iteration: 18 Printing matrix: 0,0:1.63211 0,1:0.111503 1,1:0.92692 1,2:-0.229998 2,2:-0.486186 3,3:0.413805 4,4:0.443111 Printing matrix: 0,0:-0.0229042 0,1:60.0436 1,1:-0.0263414 1,2:-59.9982 2,2:-0.00109276 3,3:1.64846e-11 4,4:0 0,0:250,-408.007 0,1:391.5,-103.694 1,1:250,-231.706 1,2:265.5,121.062 2,2:250,121.548 3,3:250,-103.451 4,4:250,-110.778 MaxChange0.000103108 StepSize1 Iteration: 19 Printing matrix: 0,0:1.63203 0,1:0.111606 1,1:0.926822 1,2:-0.229991 2,2:-0.486191 3,3:0.413805 4,4:0.443111 Printing matrix: 0,0:-0.0211809 0,1:60.0404 1,1:-0.0244714 1,2:-59.998 2,2:-0.00120682 3,3:-1.08002e-11 4,4:0 0,0:250,-407.988 0,1:391.5,-103.731 1,1:250,-231.683 1,2:265.5,121.06 2,2:250,121.549 3,3:250,-103.451 4,4:250,-110.778 MaxChange9.5432e-05 StepSize1 Iteration: 20 Printing matrix: 0,0:1.63195 0,1:0.111702 1,1:0.926731 1,2:-0.229983 2,2:-0.486196 3,3:0.413805 4,4:0.443111 Printing matrix: 0,0:-0.0195988 0,1:60.0374 1,1:-0.0227475 1,2:-59.998 2,2:-0.00129493 3,3:1.45519e-11 4,4:0 0,0:250,-407.97 0,1:391.5,-103.766 1,1:250,-231.662 1,2:265.5,121.058 2,2:250,121.55 3,3:250,-103.451 4,4:250,-110.778 MaxChange8.83864e-05 StepSize1 Iteration: 21 Printing matrix: 0,0:1.63188 0,1:0.11179 1,1:0.926647 1,2:-0.229975 2,2:-0.486201 3,3:0.413805 4,4:0.443111 Printing matrix: 0,0:-0.018137 0,1:60.0346 1,1:-0.0211233 1,2:-59.998 2,2:-0.00132492 3,3:-1.25056e-11 4,4:0 0,0:250,-407.953 0,1:391.5,-103.798 1,1:250,-231.642 1,2:265.5,121.056 2,2:250,121.552 3,3:250,-103.451 4,4:250,-110.778 MaxChange8.1848e-05 StepSize1 Iteration: 22 Printing matrix: 0,0:1.63181 0,1:0.111872 1,1:0.926568 1,2:-0.229968 2,2:-0.486207 3,3:0.413805 4,4:0.443111 Printing matrix: 0,0:-0.0167907 0,1:60.032 1,1:-0.0196197 1,2:-59.998 2,2:-0.00133725 3,3:1.42109e-11 4,4:0 0,0:250,-407.937 0,1:391.5,-103.828 1,1:250,-231.624 1,2:265.5,121.055 2,2:250,121.553 3,3:250,-103.451 4,4:250,-110.778 MaxChange7.58233e-05 StepSize1 Iteration: 23 Printing matrix: 0,0:1.63175 0,1:0.111948 1,1:0.926495 1,2:-0.229961 2,2:-0.486212 3,3:0.413805 4,4:0.443111 Printing matrix: 0,0:-0.0155462 0,1:60.0297 1,1:-0.0182121 1,2:-59.9981 2,2:-0.00131915 3,3:-1.29603e-11 4,4:0 0,0:250,-407.923 0,1:391.5,-103.855 1,1:250,-231.607 1,2:265.5,121.053 2,2:250,121.554 3,3:250,-103.451 4,4:250,-110.778 MaxChange7.02386e-05 StepSize1 Iteration: 24 Printing matrix: 0,0:1.63169 0,1:0.112018 1,1:0.926428 1,2:-0.229954 2,2:-0.486217 3,3:0.413805 4,4:0.443111 Printing matrix: 0,0:-0.0143976 0,1:60.0275 1,1:-0.0169067 1,2:-59.9981 2,2:-0.00129064 3,3:1.40972e-11 4,4:0 0,0:250,-407.91 0,1:391.5,-103.881 1,1:250,-231.591 1,2:265.5,121.051 2,2:250,121.556 3,3:250,-103.451 4,4:250,-110.778 MaxChange6.50809e-05 StepSize1 Iteration: 25 Printing matrix: 0,0:1.63164 0,1:0.112083 1,1:0.926365 1,2:-0.229947 2,2:-0.486222 3,3:0.413805 4,4:0.443111 Printing matrix: 0,0:-0.0133354 0,1:60.0255 1,1:-0.0156891 1,2:-59.9982 2,2:-0.00124701 3,3:-1.3074e-11 4,4:0 0,0:250,-407.897 0,1:391.5,-103.904 1,1:250,-231.577 1,2:265.5,121.049 2,2:250,121.557 3,3:250,-103.451 4,4:250,-110.778 MaxChange6.03019e-05 StepSize1 Iteration: 26 Printing matrix: 0,0:1.63159 0,1:0.112144 1,1:0.926307 1,2:-0.22994 2,2:-0.486227 3,3:0.413805 4,4:0.443111 Printing matrix: 0,0:-0.0123537 0,1:60.0236 1,1:-0.0145591 1,2:-59.9983 2,2:-0.00119827 3,3:-1.01181e-11 4,4:0 0,0:250,-407.886 0,1:391.5,-103.926 1,1:250,-231.563 1,2:265.5,121.048 2,2:250,121.558 3,3:250,-103.451 4,4:250,-110.778 MaxChange5.58823e-05 StepSize1 Iteration: 27 Printing matrix: 0,0:1.63154 0,1:0.112199 1,1:0.926253 1,2:-0.229934 2,2:-0.486232 3,3:0.413805 4,4:0.443111 Printing matrix: 0,0:-0.0114453 0,1:60.0219 1,1:-0.0135074 1,2:-59.9984 2,2:-0.00114289 3,3:1.64846e-11 4,4:0 0,0:250,-407.875 0,1:391.5,-103.946 1,1:250,-231.551 1,2:265.5,121.046 2,2:250,121.559 3,3:250,-103.451 4,4:250,-110.778 MaxChange5.17875e-05 StepSize1 Iteration: 28 Printing matrix: 0,0:1.6315 0,1:0.112251 1,1:0.926203 1,2:-0.229928 2,2:-0.486236 3,3:0.413805 4,4:0.443111 Printing matrix: 0,0:-0.0106049 0,1:60.0203 1,1:-0.0125313 1,2:-59.9985 2,2:-0.00108592 3,3:-1.08002e-11 4,4:0 0,0:250,-407.865 0,1:391.5,-103.965 1,1:250,-231.539 1,2:265.5,121.045 2,2:250,121.56 3,3:250,-103.451 4,4:250,-110.778 MaxChange4.79973e-05 StepSize1 Iteration: 29 Printing matrix: 0,0:1.63146 0,1:0.112299 1,1:0.926156 1,2:-0.229923 2,2:-0.48624 3,3:0.413805 4,4:0.443111 Printing matrix: 0,0:-0.00982695 0,1:60.0188 1,1:-0.011624 1,2:-59.9986 2,2:-0.00102698 3,3:1.45519e-11 4,4:0 0,0:250,-407.856 0,1:391.5,-103.983 1,1:250,-231.528 1,2:265.5,121.043 2,2:250,121.561 3,3:250,-103.451 4,4:250,-110.778 MaxChange4.44856e-05 StepSize1 Iteration: 30 Printing matrix: 0,0:1.63143 0,1:0.112344 1,1:0.926113 1,2:-0.229918 2,2:-0.486244 3,3:0.413805 4,4:0.443111 Printing matrix: 0,0:-0.00910683 0,1:60.0174 1,1:-0.010782 1,2:-59.9986 2,2:-0.000968598 3,3:-1.25056e-11 4,4:0 0,0:250,-407.848 0,1:391.5,-103.999 1,1:250,-231.518 1,2:265.5,121.042 2,2:250,121.562 3,3:250,-103.451 4,4:250,-110.778 MaxChange4.12334e-05 StepSize1 Iteration: 31 Printing matrix: 0,0:1.63139 0,1:0.112385 1,1:0.926073 1,2:-0.229913 2,2:-0.486248 3,3:0.413805 4,4:0.443111 Printing matrix: 0,0:-0.00843994 0,1:60.0161 1,1:-0.01 1,2:-59.9987 2,2:-0.000910758 3,3:1.42109e-11 4,4:0 0,0:250,-407.84 0,1:391.5,-104.014 1,1:250,-231.509 1,2:265.5,121.041 2,2:250,121.563 3,3:250,-103.451 4,4:250,-110.778 MaxChange3.82198e-05 StepSize1 Iteration: 32 Printing matrix: 0,0:1.63136 0,1:0.112423 1,1:0.926036 1,2:-0.229909 2,2:-0.486251 3,3:0.413805 4,4:0.443111 Printing matrix: 0,0:-0.00782235 0,1:60.015 1,1:-0.00927441 1,2:-59.9988 2,2:-0.0008547 3,3:-1.29603e-11 4,4:0 0,0:250,-407.833 0,1:391.5,-104.028 1,1:250,-231.5 1,2:265.5,121.04 2,2:250,121.564 3,3:250,-103.451 4,4:250,-110.778 MaxChange3.54279e-05 StepSize1 Iteration: 33 Printing matrix: 0,0:1.63133 0,1:0.112459 1,1:0.926001 1,2:-0.229904 2,2:-0.486254 3,3:0.413805 4,4:0.443111 Printing matrix: 0,0:-0.00725026 0,1:60.0139 1,1:-0.0086009 1,2:-59.9989 2,2:-0.000800451 3,3:1.40972e-11 4,4:0 0,0:250,-407.826 0,1:391.5,-104.04 1,1:250,-231.492 1,2:265.5,121.039 2,2:250,121.564 3,3:250,-103.451 4,4:250,-110.778 MaxChange3.28406e-05 StepSize1 Iteration: 34 Printing matrix: 0,0:1.6313 0,1:0.112491 1,1:0.92597 1,2:-0.2299 2,2:-0.486257 3,3:0.413805 4,4:0.443111 Printing matrix: 0,0:-0.00672028 0,1:60.0129 1,1:-0.00797607 1,2:-59.999 2,2:-0.000748584 3,3:-1.3074e-11 4,4:0 0,0:250,-407.82 0,1:391.5,-104.052 1,1:250,-231.485 1,2:265.5,121.038 2,2:250,121.565 3,3:250,-103.451 4,4:250,-110.778 MaxChange3.04431e-05 StepSize1 Iteration: 35 Printing matrix: 0,0:1.63128 0,1:0.112522 1,1:0.92594 1,2:-0.229897 2,2:-0.48626 3,3:0.413805 4,4:0.443111 Printing matrix: 0,0:-0.00622924 0,1:60.0119 1,1:-0.0073963 1,2:-59.999 2,2:-0.000699094 3,3:-1.01181e-11 4,4:0 0,0:250,-407.814 0,1:391.5,-104.063 1,1:250,-231.478 1,2:265.5,121.037 2,2:250,121.566 3,3:250,-103.451 4,4:250,-110.778 MaxChange2.8221e-05 StepSize1 Iteration: 36 Printing matrix: 0,0:1.63126 0,1:0.11255 1,1:0.925913 1,2:-0.229893 2,2:-0.486263 3,3:0.413805 4,4:0.443111 Printing matrix: 0,0:-0.00577425 0,1:60.011 1,1:-0.0068585 1,2:-59.9991 2,2:-0.000652205 3,3:1.64846e-11 4,4:0 0,0:250,-407.809 0,1:391.5,-104.074 1,1:250,-231.472 1,2:265.5,121.036 2,2:250,121.566 3,3:250,-103.451 4,4:250,-110.778 MaxChange2.61617e-05 StepSize1 Iteration: 37 Printing matrix: 0,0:1.63123 0,1:0.112576 1,1:0.925887 1,2:-0.22989 2,2:-0.486265 3,3:0.413805 4,4:0.443111 Printing matrix: 0,0:-0.00535262 0,1:60.0102 1,1:-0.00635961 1,2:-59.9992 2,2:-0.000607863 3,3:-1.08002e-11 4,4:0 0,0:250,-407.804 0,1:391.5,-104.083 1,1:250,-231.466 1,2:265.5,121.035 2,2:250,121.567 3,3:250,-103.451 4,4:250,-110.778 MaxChange2.42529e-05 StepSize1 Iteration: 38 Printing matrix: 0,0:1.63121 0,1:0.1126 1,1:0.925864 1,2:-0.229887 2,2:-0.486267 3,3:0.413805 4,4:0.443111 Printing matrix: 0,0:-0.00496188 0,1:60.0095 1,1:-0.00589689 1,2:-59.9992 2,2:-0.000566112 3,3:1.46656e-11 4,4:0 0,0:250,-407.799 0,1:391.5,-104.092 1,1:250,-231.46 1,2:265.5,121.034 2,2:250,121.567 3,3:250,-103.451 4,4:250,-110.778 MaxChange2.24837e-05 StepSize1 Iteration: 39 Printing matrix: 0,0:1.6312 0,1:0.112623 1,1:0.925842 1,2:-0.229884 2,2:-0.486269 3,3:0.413805 4,4:0.443111 Printing matrix: 0,0:-0.00459975 0,1:60.0088 1,1:-0.00546772 1,2:-59.9993 2,2:-0.000526862 3,3:-1.25056e-11 4,4:0 0,0:250,-407.795 0,1:391.5,-104.1 1,1:250,-231.455 1,2:265.5,121.034 2,2:250,121.568 3,3:250,-103.451 4,4:250,-110.778 MaxChange2.08437e-05 StepSize1 Iteration: 40 Printing matrix: 0,0:1.63118 0,1:0.112644 1,1:0.925821 1,2:-0.229882 2,2:-0.486271 3,3:0.413805 4,4:0.443111 Printing matrix: 0,0:-0.00426411 0,1:60.0082 1,1:-0.00506971 1,2:-59.9993 2,2:-0.000490066 3,3:1.42109e-11 4,4:0 0,0:250,-407.791 0,1:391.5,-104.108 1,1:250,-231.451 1,2:265.5,121.033 2,2:250,121.568 3,3:250,-103.451 4,4:250,-110.778 MaxChange1.93235e-05 StepSize1 Iteration: 41 Printing matrix: 0,0:1.63116 0,1:0.112663 1,1:0.925803 1,2:-0.229879 2,2:-0.486273 3,3:0.413805 4,4:0.443111 Printing matrix: 0,0:-0.00395301 0,1:60.0076 1,1:-0.0047006 1,2:-59.9994 2,2:-0.000455614 3,3:-1.29603e-11 4,4:0 0,0:250,-407.787 0,1:391.5,-104.115 1,1:250,-231.446 1,2:265.5,121.032 2,2:250,121.569 3,3:250,-103.451 4,4:250,-110.778 MaxChange1.79143e-05 StepSize1 Iteration: 42 Printing matrix: 0,0:1.63115 0,1:0.112681 1,1:0.925785 1,2:-0.229877 2,2:-0.486275 3,3:0.413805 4,4:0.443111 Printing matrix: 0,0:-0.00366465 0,1:60.007 1,1:-0.00435831 1,2:-59.9994 2,2:-0.000423415 3,3:1.40972e-11 4,4:0 0,0:250,-407.784 0,1:391.5,-104.121 1,1:250,-231.442 1,2:265.5,121.032 2,2:250,121.569 3,3:250,-103.451 4,4:250,-110.778 MaxChange1.6608e-05 StepSize1 Iteration: 43 Printing matrix: 0,0:1.63114 0,1:0.112698 1,1:0.925769 1,2:-0.229875 2,2:-0.486276 3,3:0.413805 4,4:0.443111 Printing matrix: 0,0:-0.00339736 0,1:60.0065 1,1:-0.0040409 1,2:-59.9995 2,2:-0.000393352 3,3:-1.3074e-11 4,4:0 0,0:250,-407.781 0,1:391.5,-104.127 1,1:250,-231.438 1,2:265.5,121.031 2,2:250,121.569 3,3:250,-103.451 4,4:250,-110.778 MaxChange1.53971e-05 StepSize1 Iteration: 44 Printing matrix: 0,0:1.63112 0,1:0.112713 1,1:0.925754 1,2:-0.229873 2,2:-0.486278 3,3:0.413805 4,4:0.443111 Printing matrix: 0,0:-0.00314958 0,1:60.006 1,1:-0.00374658 1,2:-59.9995 2,2:-0.000365317 3,3:-1.01181e-11 4,4:0 0,0:250,-407.778 0,1:391.5,-104.133 1,1:250,-231.435 1,2:265.5,121.031 2,2:250,121.57 3,3:250,-103.451 4,4:250,-110.778 MaxChange1.42745e-05 StepSize1 Iteration: 45 Printing matrix: 0,0:1.63111 0,1:0.112727 1,1:0.92574 1,2:-0.229872 2,2:-0.486279 3,3:0.413805 4,4:0.443111 Printing matrix: 0,0:-0.0029199 0,1:60.0056 1,1:-0.00347366 1,2:-59.9995 2,2:-0.000339192 3,3:1.64846e-11 4,4:0 0,0:250,-407.775 0,1:391.5,-104.138 1,1:250,-231.432 1,2:265.5,121.03 2,2:250,121.57 3,3:250,-103.451 4,4:250,-110.778 MaxChange1.32337e-05 StepSize1 Iteration: 46 Printing matrix: 0,0:1.6311 0,1:0.112741 1,1:0.925727 1,2:-0.22987 2,2:-0.48628 3,3:0.413805 4,4:0.443111 Printing matrix: 0,0:-0.00270698 0,1:60.0052 1,1:-0.00322061 1,2:-59.9996 2,2:-0.000314869 3,3:-1.08002e-11 4,4:0 0,0:250,-407.773 0,1:391.5,-104.143 1,1:250,-231.429 1,2:265.5,121.03 2,2:250,121.57 3,3:250,-103.451 4,4:250,-110.778 MaxChange1.22689e-05 StepSize1 Iteration: 47 Printing matrix: 0,0:1.63109 0,1:0.112753 1,1:0.925715 1,2:-0.229868 2,2:-0.486282 3,3:0.413805 4,4:0.443111 Printing matrix: 0,0:-0.0025096 0,1:60.0048 1,1:-0.00298597 1,2:-59.9996 2,2:-0.000292236 3,3:1.46656e-11 4,4:0 0,0:250,-407.77 0,1:391.5,-104.147 1,1:250,-231.426 1,2:265.5,121.03 2,2:250,121.571 3,3:250,-103.451 4,4:250,-110.778 MaxChange1.13745e-05 StepSize1 Iteration: 48 Printing matrix: 0,0:1.63108 0,1:0.112764 1,1:0.925704 1,2:-0.229867 2,2:-0.486283 3,3:0.413805 4,4:0.443111 Printing matrix: 0,0:-0.00232662 0,1:60.0045 1,1:-0.00276841 1,2:-59.9996 2,2:-0.000271187 3,3:-1.25056e-11 4,4:0 0,0:250,-407.768 0,1:391.5,-104.151 1,1:250,-231.423 1,2:265.5,121.029 2,2:250,121.571 3,3:250,-103.451 4,4:250,-110.778 MaxChange1.05453e-05 StepSize1 Iteration: 49 Printing matrix: 0,0:1.63107 0,1:0.112775 1,1:0.925694 1,2:-0.229866 2,2:-0.486284 3,3:0.413805 4,4:0.443111 Printing matrix: 0,0:-0.002157 0,1:60.0041 1,1:-0.0025667 1,2:-59.9997 2,2:-0.000251621 3,3:1.42109e-11 4,4:0 0,0:250,-407.766 0,1:391.5,-104.155 1,1:250,-231.421 1,2:265.5,121.029 2,2:250,121.571 3,3:250,-103.451 4,4:250,-110.778 MaxChange9.77658e-06 StepSize1 Iteration: 50 Printing matrix: 0,0:1.63106 0,1:0.112785 1,1:0.925684 1,2:-0.229864 2,2:-0.486285 3,3:0.413805 4,4:0.443111 Printing matrix: 0,0:-0.00185395 0,1:60.0035 1,1:-0.00220626 1,2:-59.9997 2,2:-0.00021655 3,3:1.40972e-11 4,4:0 0,0:250,-407.764 0,1:391.5,-104.159 1,1:250,-231.419 1,2:265.5,121.029 2,2:250,121.571 3,3:250,-103.451 4,4:250,-110.778 MaxChange9.0639e-06 StepSize1 Iteration: 0 Called from: BMNcheckSubGrad(W, S, Theta, rhoMatRest, thrCheck) Browse[1]> exactSingle = BMNExact.single(simData, 0.02) Printing matrix: 0,0:1 1,1:0.939507 2,2:-0.649954 3,3:0.413805 4,4:0.443111 Printing matrix: 0,0:-1.83255e-06 1,1:-1.83255e-06 2,2:-1.83255e-06 3,3:-1.83255e-06 4,4:-1.83255e-06 0,0:250,-365.941 1,1:250,-234.877 2,2:250,162.488 3,3:250,-103.451 4,4:250,-110.778 MaxChange0.463766 StepSize1 Iteration: 0 Printing matrix: 0,0:1.46377 1,1:0.939507 2,2:-0.649954 3,3:0.413805 4,4:0.443111 Printing matrix: 0,0:115.941 1,1:-1.10276e-11 2,2:-1.47793e-12 3,3:1.29603e-11 4,4:9.09495e-13 0,0:250,-400.833 1,1:250,-234.877 2,2:250,162.488 3,3:250,-103.451 4,4:250,-110.778 MaxChange0.139568 StepSize1 Iteration: 1 Printing matrix: 0,0:1.60333 1,1:0.939507 2,2:-0.649954 3,3:0.413805 4,4:0.443111 Printing matrix: 0,0:34.892 1,1:2.23963e-11 2,2:-7.38964e-13 3,3:-1.39835e-11 4,4:7.95808e-13 0,0:250,-415.35 1,1:250,-234.877 2,2:250,162.488 3,3:250,-103.451 4,4:250,-110.778 MaxChange0.0580647 StepSize1 Iteration: 2 Printing matrix: 0,0:1.6614 1,1:0.939507 2,2:-0.649954 3,3:0.413805 4,4:0.443111 Printing matrix: 0,0:14.5162 1,1:-1.80762e-11 2,2:-5.68434e-13 3,3:1.3074e-11 4,4:7.95808e-13 0,0:250,-421.924 1,1:250,-234.877 2,2:250,162.488 3,3:250,-103.451 4,4:250,-110.778 MaxChange0.0262974 StepSize1 Iteration: 3 Printing matrix: 0,0:1.6877 1,1:0.939507 2,2:-0.649954 3,3:0.413805 4,4:0.443111 Printing matrix: 0,0:6.57434 1,1:-1.04592e-11 2,2:-5.68434e-13 3,3:-1.39835e-11 4,4:-6.82121e-13 0,0:250,-425.003 1,1:250,-234.877 2,2:250,162.488 3,3:250,-103.451 4,4:250,-110.778 MaxChange0.0123163 StepSize1 Iteration: 4 Printing matrix: 0,0:1.70001 1,1:0.939507 2,2:-0.649954 3,3:0.413805 4,4:0.443111 Printing matrix: 0,0:3.07908 1,1:2.42153e-11 2,2:-5.11591e-13 3,3:1.31877e-11 4,4:-6.82121e-13 0,0:250,-426.467 1,1:250,-234.877 2,2:250,162.488 3,3:250,-103.451 4,4:250,-110.778 MaxChange0.00585464 StepSize1 Iteration: 5 Printing matrix: 0,0:1.70587 1,1:0.939507 2,2:-0.649954 3,3:0.413805 4,4:0.443111 Printing matrix: 0,0:1.46366 1,1:-1.28466e-11 2,2:-5.11591e-13 3,3:-1.25056e-11 4,4:7.95808e-13 0,0:250,-427.167 1,1:250,-234.877 2,2:250,162.488 3,3:250,-103.451 4,4:250,-110.778 MaxChange0.00280225 StepSize1 Iteration: 6 Printing matrix: 0,0:1.70867 1,1:0.939507 2,2:-0.649954 3,3:0.413805 4,4:0.443111 Printing matrix: 0,0:0.700563 1,1:-1.04592e-11 2,2:2.16005e-12 3,3:1.3074e-11 4,4:-6.82121e-13 0,0:250,-427.504 1,1:250,-234.877 2,2:250,162.488 3,3:250,-103.451 4,4:250,-110.778 MaxChange0.00134563 StepSize1 Iteration: 7 Printing matrix: 0,0:1.71001 1,1:0.939507 2,2:-0.649954 3,3:0.413805 4,4:0.443111 Printing matrix: 0,0:0.336409 1,1:2.42153e-11 2,2:-5.68434e-13 3,3:-1.39835e-11 4,4:7.95808e-13 0,0:250,-427.665 1,1:250,-234.877 2,2:250,162.488 3,3:250,-103.451 4,4:250,-110.778 MaxChange0.000647176 StepSize1 Iteration: 8 Printing matrix: 0,0:1.71066 1,1:0.939507 2,2:-0.649954 3,3:0.413805 4,4:0.443111 Printing matrix: 0,0:0.161794 1,1:-1.28466e-11 2,2:-5.68434e-13 3,3:1.31877e-11 4,4:-6.82121e-13 0,0:250,-427.743 1,1:250,-234.877 2,2:250,162.488 3,3:250,-103.451 4,4:250,-110.778 MaxChange0.000311488 StepSize1 Iteration: 9 Printing matrix: 0,0:1.71097 1,1:0.939507 2,2:-0.649954 3,3:0.413805 4,4:0.443111 Printing matrix: 0,0:0.077872 1,1:-1.05729e-11 2,2:-5.11591e-13 3,3:-1.25056e-11 4,4:7.95808e-13 0,0:250,-427.781 1,1:250,-234.877 2,2:250,162.488 3,3:250,-103.451 4,4:250,-110.778 MaxChange0.000149974 StepSize1 Iteration: 10 Printing matrix: 0,0:1.71112 1,1:0.939507 2,2:-0.649954 3,3:0.413805 4,4:0.443111 Printing matrix: 0,0:0.0374935 1,1:2.28511e-11 2,2:-5.11591e-13 3,3:1.31877e-11 4,4:-6.82121e-13 0,0:250,-427.799 1,1:250,-234.877 2,2:250,162.488 3,3:250,-103.451 4,4:250,-110.778 MaxChange7.22213e-05 StepSize1 Iteration: 11 Printing matrix: 0,0:1.7112 1,1:0.939507 2,2:-0.649954 3,3:0.413805 4,4:0.443111 Printing matrix: 0,0:0.0180553 1,1:-1.28466e-11 2,2:2.16005e-12 3,3:-1.39835e-11 4,4:7.95808e-13 0,0:250,-427.808 1,1:250,-234.877 2,2:250,162.488 3,3:250,-103.451 4,4:250,-110.778 MaxChange3.47817e-05 StepSize1 Iteration: 12 Printing matrix: 0,0:1.71123 1,1:0.939507 2,2:-0.649954 3,3:0.413805 4,4:0.443111 Printing matrix: 0,0:0.00869542 1,1:-1.04592e-11 2,2:-5.68434e-13 3,3:1.31877e-11 4,4:-6.82121e-13 0,0:250,-427.812 1,1:250,-234.877 2,2:250,162.488 3,3:250,-103.451 4,4:250,-110.778 MaxChange1.67515e-05 StepSize1 Iteration: 13 Printing matrix: 0,0:1.71125 1,1:0.939507 2,2:-0.649954 3,3:0.413805 4,4:0.443111 Printing matrix: 0,0:0.00418787 1,1:2.28511e-11 2,2:-5.68434e-13 3,3:-1.23919e-11 4,4:7.95808e-13 0,0:250,-427.814 1,1:250,-234.877 2,2:250,162.488 3,3:250,-103.451 4,4:250,-110.778 MaxChange8.06798e-06 StepSize1 Iteration: 14 Printing matrix: 0,0:1.71126 1,1:0.939507 2,2:-0.649954 3,3:0.413805 4,4:0.443111 0,1:0 0,3:0 1,2:0 Printing matrix: 0,0:0.000971449 1,1:-1.04592e-11 2,2:-5.11591e-13 3,3:-1.39835e-11 4,4:7.95808e-13 0,1:66.0147 0,3:58.2126 1,2:-81.234 0,0:250,-427.815 1,1:250,-234.877 2,2:250,162.488 3,3:250,-103.451 4,4:250,-110.778 0,1:391.5,-66.0147 0,3:362.25,-58.2126 1,2:265.5,81.234 MaxChange0.155307 StepSize1 Iteration: 0 Printing matrix: 0,0:1.71126 1,1:0.939507 2,2:-0.649954 3,3:0.413805 4,4:0.443111 0,1:0.0664488 0,3:0.0502763 1,2:-0.155307 Printing matrix: 0,0:0.000971449 1,1:-1.04592e-11 2,2:-5.11591e-13 3,3:-1.39835e-11 4,4:7.95808e-13 0,1:66.0147 0,3:58.2126 1,2:-81.234 0,0:250,-418.042 1,1:250,-234.539 2,2:250,137.971 3,3:250,-93.3026 4,4:250,-110.778 0,1:391.5,-80.9971 0,3:362.25,-58.833 1,2:265.5,90.8281 MaxChange0.0980677 StepSize1 Iteration: 1 Printing matrix: 0,0:1.67217 1,1:0.938156 2,2:-0.551886 3,3:0.37321 4,4:0.443111 0,1:0.104718 0,3:0.0519891 1,2:-0.191443 Printing matrix: 0,0:-9.77328 1,1:-0.337594 2,2:24.5169 3,3:-10.1488 4,4:-6.82121e-13 0,1:54.9824 0,3:40.6205 1,2:-49.5941 0,0:250,-409.629 1,1:250,-230.62 2,2:250,129.373 3,3:250,-92.4871 4,4:250,-110.778 0,1:391.5,-91.867 0,3:362.25,-68.004 1,2:265.5,109.598 MaxChange0.070697 StepSize1 Iteration: 2 Printing matrix: 0,0:1.63852 1,1:0.922481 2,2:-0.517493 3,3:0.369949 4,4:0.443111 0,1:0.132483 0,3:0.0773058 1,2:-0.26214 Printing matrix: 0,0:-8.41239 1,1:-3.91879 2,2:8.59814 3,3:-0.815434 4,4:-6.82121e-13 0,1:50.8699 0,3:49.171 1,2:-58.7701 0,0:250,-401.122 1,1:250,-230.352 2,2:250,117.362 3,3:250,-87.3375 4,4:250,-110.778 0,1:391.5,-104.13 0,3:362.25,-71.8751 1,2:265.5,118.039 MaxChange0.0480439 StepSize1 Iteration: 3 Printing matrix: 0,0:1.60449 1,1:0.92141 2,2:-0.469449 3,3:0.34935 4,4:0.443111 0,1:0.163806 0,3:0.087992 1,2:-0.293932 Printing matrix: 0,0:-8.50704 1,1:-0.267914 2,2:12.011 3,3:-5.14968 4,4:7.95808e-13 0,1:52.2629 0,3:43.8711 1,2:-48.4408 0,0:250,-393.348 1,1:250,-227.399 2,2:250,111.055 3,3:250,-84.9503 4,4:250,-110.778 0,1:391.5,-112.922 0,3:362.25,-77.8187 1,2:265.5,128.467 MaxChange0.0392781 StepSize1 Iteration: 4 Printing matrix: 0,0:1.57339 1,1:0.909596 2,2:-0.444221 3,3:0.339801 4,4:0.443111 0,1:0.186262 0,3:0.104399 1,2:-0.33321 Printing matrix: 0,0:-7.77365 1,1:-2.95336 2,2:6.30712 3,3:-2.38716 4,4:-6.82121e-13 0,1:48.7917 0,3:45.9436 1,2:-50.4283 0,0:250,-386.313 1,1:250,-225.989 2,2:250,104.246 3,3:250,-81.5338 4,4:250,-110.778 0,1:391.5,-122.23 0,3:362.25,-82.2881 1,2:265.5,134.261 MaxChange0.0281408 StepSize1 Iteration: 5 Printing matrix: 0,0:1.54525 1,1:0.903957 2,2:-0.416985 3,3:0.326135 4,4:0.443111 0,1:0.210039 0,3:0.116737 1,2:-0.355034 Printing matrix: 0,0:-7.03521 1,1:-1.40969 2,2:6.80905 3,3:-3.41656 4,4:7.95808e-13 0,1:49.3088 0,3:44.4694 1,2:-45.7941 0,0:250,-379.847 1,1:250,-223.382 2,2:250,100.105 3,3:250,-78.8936 4,4:250,-110.778 0,1:391.5,-129.597 0,3:362.25,-86.9541 1,2:265.5,140.289 MaxChange0.0258641 StepSize1 Iteration: 6 Printing matrix: 0,0:1.51939 1,1:0.893529 2,2:-0.40042 3,3:0.315574 4,4:0.443111 0,1:0.228855 0,3:0.129618 1,2:-0.377735 Printing matrix: 0,0:-6.46601 1,1:-2.607 2,2:4.14131 3,3:-2.64017 4,4:-6.82121e-13 0,1:47.3663 0,3:44.666 1,2:-46.0272 0,0:250,-374.067 1,1:250,-221.442 2,2:250,96.1274 3,3:250,-76.1793 4,4:250,-110.778 0,1:391.5,-136.915 0,3:362.25,-91.1348 1,2:265.5,144.018 MaxChange0.0231213 StepSize1 Iteration: 7 Printing matrix: 0,0:1.49627 1,1:0.885767 2,2:-0.38451 3,3:0.304717 4,4:0.443111 0,1:0.247549 0,3:0.141159 1,2:-0.391781 Printing matrix: 0,0:-5.78033 1,1:-1.94048 2,2:3.97747 3,3:-2.71426 4,4:7.95808e-13 0,1:47.3188 0,3:44.1807 1,2:-43.7292 0,0:250,-368.748 1,1:250,-219.011 2,2:250,93.5148 3,3:250,-73.7326 4,4:250,-110.778 0,1:391.5,-143.082 0,3:362.25,-95.0685 1,2:265.5,147.537 MaxChange0.0212771 StepSize1 Iteration: 8 Printing matrix: 0,0:1.47499 1,1:0.876043 2,2:-0.374059 3,3:0.294931 4,4:0.443111 0,1:0.2633 0,3:0.152018 1,2:-0.405034 Printing matrix: 0,0:-5.31926 1,1:-2.43104 2,2:2.61264 3,3:-2.44668 4,4:-6.82121e-13 0,1:46.1665 0,3:43.9336 1,2:-43.5187 0,0:250,-363.969 1,1:250,-216.915 2,2:250,91.1758 3,3:250,-71.4359 4,4:250,-110.778 0,1:391.5,-148.996 0,3:362.25,-98.7448 1,2:265.5,149.848 MaxChange0.0191148 StepSize1 Iteration: 9 Printing matrix: 0,0:1.45588 1,1:0.867659 2,2:-0.364703 3,3:0.285744 4,4:0.443111 0,1:0.278405 0,3:0.162166 1,2:-0.413739 Printing matrix: 0,0:-4.77869 1,1:-2.09607 2,2:2.33896 3,3:-2.29671 4,4:7.95808e-13 0,1:45.9138 0,3:43.6763 1,2:-42.3112 0,0:250,-359.573 1,1:250,-214.652 2,2:250,89.5731 3,3:250,-69.2895 4,4:250,-110.778 0,1:391.5,-154.17 0,3:362.25,-102.116 1,2:265.5,151.894 MaxChange0.0175833 StepSize1 Iteration: 10 Printing matrix: 0,0:1.43829 1,1:0.858608 2,2:-0.358292 3,3:0.277158 4,4:0.443111 0,1:0.291623 0,3:0.171473 1,2:-0.421445 Printing matrix: 0,0:-4.39583 1,1:-2.26282 2,2:1.60273 3,3:-2.14641 4,4:-6.82121e-13 0,1:45.1746 0,3:43.3714 1,2:-42.0459 0,0:250,-355.596 1,1:250,-212.594 2,2:250,88.2056 3,3:250,-67.3198 4,4:250,-110.778 0,1:391.5,-159.042 0,3:362.25,-105.278 1,2:265.5,153.28 MaxChange0.0159094 StepSize1 Iteration: 11 Printing matrix: 0,0:1.42238 1,1:0.850377 2,2:-0.352822 3,3:0.269279 4,4:0.443111 0,1:0.304067 0,3:0.180202 1,2:-0.426666 Printing matrix: 0,0:-3.97734 1,1:-2.05771 2,2:1.3675 3,3:-1.96973 4,4:7.95808e-13 0,1:44.8719 0,3:43.1621 1,2:-41.3861 0,0:250,-351.939 1,1:250,-210.519 2,2:250,87.2491 3,3:250,-65.4746 4,4:250,-110.778 0,1:391.5,-163.404 0,3:362.25,-108.167 1,2:265.5,154.449 MaxChange0.0146287 StepSize1 Iteration: 12 Printing matrix: 0,0:1.40775 1,1:0.842074 2,2:-0.348996 3,3:0.261899 4,4:0.443111 0,1:0.315207 0,3:0.188175 1,2:-0.43107 Printing matrix: 0,0:-3.65717 1,1:-2.07564 2,2:0.956498 3,3:-1.84516 4,4:-6.82121e-13 0,1:44.3614 0,3:42.8882 1,2:-41.1694 0,0:250,-348.61 1,1:250,-208.594 2,2:250,86.4636 3,3:250,-63.7876 4,4:250,-110.778 0,1:391.5,-167.472 0,3:362.25,-110.862 1,2:265.5,155.249 MaxChange0.013315 StepSize1 Iteration: 13 Printing matrix: 0,0:1.39444 1,1:0.834375 2,2:-0.345854 3,3:0.25515 4,4:0.443111 0,1:0.325599 0,3:0.195615 1,2:-0.434083 Printing matrix: 0,0:-3.32874 1,1:-1.92489 2,2:0.785505 3,3:-1.68707 4,4:7.95808e-13 0,1:44.0686 0,3:42.695 1,2:-40.7998 0,0:250,-345.549 1,1:250,-206.718 2,2:250,85.9124 3,3:250,-62.2151 4,4:250,-110.778 0,1:391.5,-171.165 0,3:362.25,-113.326 1,2:265.5,155.895 MaxChange0.0122432 StepSize1 Iteration: 14 Printing matrix: 0,0:1.3822 1,1:0.826871 2,2:-0.34365 3,3:0.248861 4,4:0.443111 0,1:0.335032 0,3:0.202417 1,2:-0.436515 Printing matrix: 0,0:-3.0608 1,1:-1.87599 2,2:0.551223 3,3:-1.57241 4,4:-6.82121e-13 0,1:43.6927 0,3:42.4641 1,2:-40.6457 0,0:250,-342.751 1,1:250,-204.966 2,2:250,85.4763 3,3:250,-60.7764 4,4:250,-110.778 0,1:391.5,-174.595 0,3:362.25,-115.612 1,2:265.5,156.331 MaxChange0.0111922 StepSize1 Iteration: 15 Printing matrix: 0,0:1.371 1,1:0.819866 2,2:-0.341905 3,3:0.243105 4,4:0.443111 0,1:0.343793 0,3:0.208729 1,2:-0.438157 Printing matrix: 0,0:-2.79804 1,1:-1.75128 2,2:0.436065 3,3:-1.43879 4,4:-6.82121e-13 0,1:43.4299 0,3:42.2865 1,2:-40.4358 0,0:250,-340.177 1,1:250,-203.291 2,2:250,85.1752 3,3:250,-59.4423 4,4:250,-110.778 0,1:391.5,-177.734 0,3:362.25,-117.706 1,2:265.5,156.664 MaxChange0.0102949 StepSize1 Iteration: 16 Printing matrix: 0,0:1.36071 1,1:0.813166 2,2:-0.340701 3,3:0.237769 4,4:0.443111 0,1:0.351811 0,3:0.214509 1,2:-0.439414 Printing matrix: 0,0:-2.57373 1,1:-1.67496 2,2:0.301138 3,3:-1.33405 4,4:7.95808e-13 0,1:43.139 0,3:42.0938 1,2:-40.3339 0,0:250,-337.817 1,1:250,-201.726 2,2:250,84.948 3,3:250,-58.2201 4,4:250,-110.778 0,1:391.5,-180.644 0,3:362.25,-119.641 1,2:265.5,156.879 MaxChange0.00943953 StepSize1 Iteration: 17 Printing matrix: 0,0:1.35127 1,1:0.806902 2,2:-0.339792 3,3:0.23288 4,4:0.443111 0,1:0.359244 0,3:0.219851 1,2:-0.440221 Printing matrix: 0,0:-2.35988 1,1:-1.56587 2,2:0.227138 3,3:-1.22219 4,4:-6.82121e-13 0,1:42.9101 0,3:41.935 1,2:-40.2142 0,0:250,-335.646 1,1:250,-200.244 2,2:250,84.7987 3,3:250,-57.0912 4,4:250,-110.778 0,1:391.5,-183.321 0,3:362.25,-121.415 1,2:265.5,157.029 MaxChange0.00868739 StepSize1 Iteration: 18 Printing matrix: 0,0:1.34258 1,1:0.800977 2,2:-0.339195 3,3:0.228365 4,4:0.443111 0,1:0.366081 0,3:0.224747 1,2:-0.440786 Printing matrix: 0,0:-2.17185 1,1:-1.48134 2,2:0.149372 3,3:-1.12889 4,4:7.95808e-13 0,1:42.6767 0,3:41.7738 1,2:-40.15 0,0:250,-333.65 1,1:250,-198.86 2,2:250,84.6951 3,3:250,-56.0561 4,4:250,-110.778 0,1:391.5,-185.8 0,3:362.25,-123.049 1,2:265.5,157.111 MaxChange0.00798197 StepSize1 Iteration: 19 Printing matrix: 0,0:1.3346 1,1:0.795441 2,2:-0.33878 3,3:0.224224 4,4:0.443111 0,1:0.372415 0,3:0.22926 1,2:-0.441096 Printing matrix: 0,0:-1.99549 1,1:-1.38408 2,2:0.103574 3,3:-1.03513 4,4:-6.82121e-13 0,1:42.4797 0,3:41.6348 1,2:-40.0824 0,0:250,-331.813 1,1:250,-197.56 2,2:250,84.6359 3,3:250,-55.1024 4,4:250,-110.778 0,1:391.5,-188.088 0,3:362.25,-124.549 1,2:265.5,157.155 MaxChange0.00735009 StepSize1 Iteration: 20 Printing matrix: 0,0:1.32725 1,1:0.790238 2,2:-0.338544 3,3:0.22041 4,4:0.443111 0,1:0.378258 0,3:0.2334 1,2:-0.441262 Printing matrix: 0,0:-1.83752 1,1:-1.30062 2,2:0.0591808 3,3:-0.953698 4,4:7.95808e-13 0,1:42.2877 0,3:41.4996 1,2:-40.0438 0,0:250,-330.122 1,1:250,-196.346 2,2:250,84.604 3,3:250,-54.2275 4,4:250,-110.778 0,1:391.5,-190.207 0,3:362.25,-125.929 1,2:265.5,157.161 MaxChange0.00676276 StepSize1 Iteration: 21 Printing matrix: 0,0:1.32049 1,1:0.785383 2,2:-0.338416 3,3:0.21691 4,4:0.443111 0,1:0.38367 0,3:0.237208 1,2:-0.441286 Printing matrix: 0,0:-1.69069 1,1:-1.21374 2,2:0.0319226 3,3:-0.874926 4,4:-6.82121e-13 0,1:42.1189 0,3:41.3797 1,2:-40.0064 0,0:250,-328.564 1,1:250,-195.21 2,2:250,84.5968 3,3:250,-53.4226 4,4:250,-110.778 0,1:391.5,-192.165 0,3:362.25,-127.195 1,2:265.5,157.146 MaxChange0.00623063 StepSize1 Iteration: 22 Printing matrix: 0,0:1.31426 1,1:0.780841 2,2:-0.338387 3,3:0.213691 4,4:0.443111 0,1:0.388672 0,3:0.240703 1,2:-0.441228 Printing matrix: 0,0:-1.55766 1,1:-1.13566 2,2:0.00717167 3,3:-0.804841 4,4:7.95808e-13 0,1:41.9582 0,3:41.266 1,2:-39.9846 0,0:250,-327.13 1,1:250,-194.152 2,2:250,84.6051 3,3:250,-52.6841 4,4:250,-110.778 0,1:391.5,-193.979 0,3:362.25,-128.359 1,2:265.5,157.111 MaxChange0.00573829 StepSize1 Iteration: 23 Printing matrix: 0,0:1.30852 1,1:0.776607 2,2:-0.33842 3,3:0.210736 4,4:0.443111 0,1:0.393305 0,3:0.243916 1,2:-0.441095 Printing matrix: 0,0:-1.43457 1,1:-1.05837 2,2:-0.00824145 3,3:-0.738562 4,4:-6.82121e-13 0,1:41.8138 0,3:41.1637 1,2:-39.9648 0,0:250,-325.807 1,1:250,-193.164 2,2:250,84.6265 3,3:250,-52.0053 4,4:250,-110.778 0,1:391.5,-195.657 0,3:362.25,-129.427 1,2:265.5,157.064 MaxChange0.00528911 StepSize1 Iteration: 24 Printing matrix: 0,0:1.30323 1,1:0.772657 2,2:-0.338506 3,3:0.208021 4,4:0.443111 0,1:0.397591 0,3:0.246864 1,2:-0.44092 Printing matrix: 0,0:-1.32228 1,1:-0.987442 2,2:-0.0214086 3,3:-0.678775 4,4:7.95808e-13 0,1:41.678 0,3:41.068 1,2:-39.9535 0,0:250,-324.589 1,1:250,-192.245 2,2:250,84.6559 3,3:250,-51.3823 4,4:250,-110.778 0,1:391.5,-197.211 0,3:362.25,-130.408 1,2:265.5,157.008 MaxChange0.00487444 StepSize1 Iteration: 25 Printing matrix: 0,0:1.29835 1,1:0.768981 2,2:-0.338624 3,3:0.205529 4,4:0.443111 0,1:0.401561 0,3:0.249573 1,2:-0.440709 Printing matrix: 0,0:-1.21861 1,1:-0.919085 2,2:-0.029433 3,3:-0.622976 4,4:-6.82121e-13 0,1:41.5542 0,3:40.9812 1,2:-39.9441 0,0:250,-323.465 1,1:250,-191.389 2,2:250,84.6917 3,3:250,-50.8101 4,4:250,-110.778 0,1:391.5,-198.65 0,3:362.25,-131.308 1,2:265.5,156.948 MaxChange0.00449451 StepSize1 Iteration: 26 Printing matrix: 0,0:1.29386 1,1:0.765558 2,2:-0.338767 3,3:0.20324 4,4:0.443111 0,1:0.405236 0,3:0.252059 1,2:-0.44048 Printing matrix: 0,0:-1.12363 1,1:-0.855784 2,2:-0.0357997 3,3:-0.572259 4,4:7.95808e-13 0,1:41.4386 0,3:40.9006 1,2:-39.9392 0,0:250,-322.429 1,1:250,-190.594 2,2:250,84.731 3,3:250,-50.2848 4,4:250,-110.778 0,1:391.5,-199.982 0,3:362.25,-132.136 1,2:265.5,156.883 MaxChange0.00414409 StepSize1 Iteration: 27 Printing matrix: 0,0:1.28972 1,1:0.762375 2,2:-0.338924 3,3:0.201139 4,4:0.443111 0,1:0.408639 0,3:0.254342 1,2:-0.440238 Printing matrix: 0,0:-1.03602 1,1:-0.795676 2,2:-0.0393269 3,3:-0.52528 4,4:-6.82121e-13 0,1:41.3325 0,3:40.8272 1,2:-39.9357 0,0:250,-321.474 1,1:250,-189.854 2,2:250,84.7728 3,3:250,-49.8024 4,4:250,-110.778 0,1:391.5,-201.216 0,3:362.25,-132.895 1,2:265.5,156.818 MaxChange0.00382219 StepSize1 Iteration: 28 Printing matrix: 0,0:1.28589 1,1:0.759416 2,2:-0.339091 3,3:0.19921 4,4:0.443111 0,1:0.411791 0,3:0.256439 1,2:-0.439992 Printing matrix: 0,0:-0.955547 1,1:-0.73981 2,2:-0.0417518 3,3:-0.482402 4,4:-6.82121e-13 0,1:41.2338 0,3:40.7594 1,2:-39.9346 0,0:250,-320.592 1,1:250,-189.167 2,2:250,84.8154 3,3:250,-49.3595 4,4:250,-110.778 0,1:391.5,-202.359 0,3:362.25,-133.592 1,2:265.5,156.752 MaxChange0.00352538 StepSize1 Iteration: 29 Printing matrix: 0,0:1.28237 1,1:0.756667 2,2:-0.339262 3,3:0.197438 4,4:0.443111 0,1:0.41471 0,3:0.258364 1,2:-0.439745 Printing matrix: 0,0:-0.881344 1,1:-0.687218 2,2:-0.042623 3,3:-0.442856 4,4:7.95808e-13 0,1:41.1428 0,3:40.6974 1,2:-39.9345 0,0:250,-319.779 1,1:250,-188.528 2,2:250,84.8582 3,3:250,-48.9529 4,4:250,-110.778 0,1:391.5,-203.417 0,3:362.25,-134.233 1,2:265.5,156.688 MaxChange0.00325227 StepSize1 Iteration: 30 Printing matrix: 0,0:1.27912 1,1:0.754114 2,2:-0.339433 3,3:0.195811 4,4:0.443111 0,1:0.417413 0,3:0.260132 1,2:-0.439502 Printing matrix: 0,0:-0.813068 1,1:-0.638285 2,2:-0.0428192 3,3:-0.406679 4,4:-6.82121e-13 0,1:41.0582 0,3:40.6403 1,2:-39.9356 0,0:250,-319.029 1,1:250,-187.936 2,2:250,84.9004 3,3:250,-48.5795 4,4:250,-110.778 0,1:391.5,-204.397 0,3:362.25,-134.821 1,2:265.5,156.625 MaxChange0.00300045 StepSize1 Iteration: 31 Printing matrix: 0,0:1.27612 1,1:0.751744 2,2:-0.339602 3,3:0.194318 4,4:0.443111 0,1:0.419916 0,3:0.261755 1,2:-0.439266 Printing matrix: 0,0:-0.750113 1,1:-0.59246 2,2:-0.0421883 3,3:-0.373394 4,4:7.95808e-13 0,1:40.9801 0,3:40.5881 1,2:-39.9372 0,0:250,-318.337 1,1:250,-187.386 2,2:250,84.9416 3,3:250,-48.2366 4,4:250,-110.778 0,1:391.5,-205.305 0,3:362.25,-135.361 1,2:265.5,156.565 MaxChange0.0027685 StepSize1 Iteration: 32 Printing matrix: 0,0:1.27335 1,1:0.749545 2,2:-0.339766 3,3:0.192946 4,4:0.443111 0,1:0.422234 0,3:0.263246 1,2:-0.439038 Printing matrix: 0,0:-0.692125 1,1:-0.549825 2,2:-0.0411808 3,3:-0.342906 4,4:-6.82121e-13 0,1:40.9075 0,3:40.54 1,2:-39.9394 0,0:250,-317.698 1,1:250,-186.876 2,2:250,84.9813 3,3:250,-47.9217 4,4:250,-110.778 0,1:391.5,-206.145 0,3:362.25,-135.857 1,2:265.5,156.506 MaxChange0.0025546 StepSize1 Iteration: 33 Printing matrix: 0,0:1.27079 1,1:0.747505 2,2:-0.339925 3,3:0.191687 4,4:0.443111 0,1:0.424381 0,3:0.264615 1,2:-0.438819 Printing matrix: 0,0:-0.63865 1,1:-0.510031 2,2:-0.0397594 3,3:-0.314893 4,4:7.95808e-13 0,1:40.8404 0,3:40.496 1,2:-39.9419 0,0:250,-317.109 1,1:250,-186.403 2,2:250,85.0195 3,3:250,-47.6324 4,4:250,-110.778 0,1:391.5,-206.923 0,3:362.25,-136.312 1,2:265.5,156.451 MaxChange0.00235744 StepSize1 Iteration: 34 Printing matrix: 0,0:1.26844 1,1:0.745613 2,2:-0.340078 3,3:0.19053 4,4:0.443111 0,1:0.426369 0,3:0.265873 1,2:-0.438611 Printing matrix: 0,0:-0.58936 1,1:-0.473024 2,2:-0.0381575 3,3:-0.289216 4,4:-6.82121e-13 0,1:40.7782 0,3:40.4556 1,2:-39.9447 0,0:250,-316.565 1,1:250,-185.965 2,2:250,85.0559 3,3:250,-47.3668 4,4:250,-110.778 0,1:391.5,-207.644 0,3:362.25,-136.731 1,2:265.5,156.399 MaxChange0.00217559 StepSize1 Iteration: 35 Printing matrix: 0,0:1.26626 1,1:0.743858 2,2:-0.340224 3,3:0.189467 4,4:0.443111 0,1:0.428209 0,3:0.267028 1,2:-0.438413 Printing matrix: 0,0:-0.543898 1,1:-0.43856 2,2:-0.0363762 3,3:-0.265638 4,4:7.95808e-13 0,1:40.7206 0,3:40.4185 1,2:-39.9475 0,0:250,-316.063 1,1:250,-185.558 2,2:250,85.0904 3,3:250,-47.1228 4,4:250,-110.778 0,1:391.5,-208.311 0,3:362.25,-137.115 1,2:265.5,156.349 MaxChange0.00200791 StepSize1 Iteration: 36 Printing matrix: 0,0:1.26425 1,1:0.742232 2,2:-0.340362 3,3:0.188491 4,4:0.443111 0,1:0.429913 0,3:0.268089 1,2:-0.438226 Printing matrix: 0,0:-0.501976 1,1:-0.406532 2,2:-0.034537 3,3:-0.244016 4,4:-6.82121e-13 0,1:40.6671 0,3:40.3845 1,2:-39.9504 0,0:250,-315.6 1,1:250,-185.181 2,2:250,85.1231 3,3:250,-46.8986 4,4:250,-110.778 0,1:391.5,-208.929 0,3:362.25,-137.469 1,2:265.5,156.302 MaxChange0.00185321 StepSize1 Iteration: 37 Printing matrix: 0,0:1.2624 1,1:0.740725 2,2:-0.340492 3,3:0.187594 4,4:0.443111 0,1:0.431491 0,3:0.269065 1,2:-0.43805 Printing matrix: 0,0:-0.463303 1,1:-0.376748 2,2:-0.03265 3,3:-0.224168 4,4:7.95808e-13 0,1:40.6176 0,3:40.3533 1,2:-39.9533 0,0:250,-315.172 1,1:250,-184.832 2,2:250,85.1538 3,3:250,-46.6927 4,4:250,-110.778 0,1:391.5,-209.5 0,3:362.25,-137.793 1,2:265.5,156.258 MaxChange0.00171052 StepSize1 Iteration: 38 Printing matrix: 0,0:1.26069 1,1:0.739329 2,2:-0.340615 3,3:0.186771 4,4:0.443111 0,1:0.432951 0,3:0.269961 1,2:-0.437885 Printing matrix: 0,0:-0.42763 1,1:-0.349088 2,2:-0.0307778 3,3:-0.205961 4,4:-6.82121e-13 0,1:40.5718 0,3:40.3246 1,2:-39.9561 0,0:250,-314.777 1,1:250,-184.509 2,2:250,85.1828 3,3:250,-46.5034 4,4:250,-110.778 0,1:391.5,-210.03 0,3:362.25,-138.092 1,2:265.5,156.217 MaxChange0.00157887 StepSize1 Iteration: 39 Printing matrix: 0,0:1.25911 1,1:0.738035 2,2:-0.340731 3,3:0.186014 4,4:0.443111 0,1:0.434303 0,3:0.270784 1,2:-0.43773 Printing matrix: 0,0:-0.394716 1,1:-0.323396 2,2:-0.0289293 3,3:-0.189249 4,4:7.95808e-13 0,1:40.5293 0,3:40.2983 1,2:-39.9588 0,0:250,-314.413 1,1:250,-184.209 2,2:250,85.2099 3,3:250,-46.3295 4,4:250,-110.778 0,1:391.5,-210.52 0,3:362.25,-138.366 1,2:265.5,156.179 MaxChange0.0014574 StepSize1 Iteration: 40 Printing matrix: 0,0:1.25765 1,1:0.736837 2,2:-0.34084 3,3:0.185318 4,4:0.443111 0,1:0.435554 0,3:0.271541 1,2:-0.437585 Printing matrix: 0,0:-0.36435 1,1:-0.299549 2,2:-0.027136 3,3:-0.173914 4,4:-6.82121e-13 0,1:40.4899 0,3:40.2742 1,2:-39.9615 0,0:250,-314.077 1,1:250,-183.932 2,2:250,85.2353 3,3:250,-46.1697 4,4:250,-110.778 0,1:391.5,-210.973 0,3:362.25,-138.618 1,2:265.5,156.143 MaxChange0.00134531 StepSize1 Iteration: 41 Printing matrix: 0,0:1.25631 1,1:0.735727 2,2:-0.340941 3,3:0.184679 4,4:0.443111 0,1:0.436712 0,3:0.272237 1,2:-0.437449 Printing matrix: 0,0:-0.336329 1,1:-0.277417 2,2:-0.0254031 3,3:-0.159837 4,4:-6.82121e-13 0,1:40.4534 0,3:40.252 1,2:-39.964 0,0:250,-313.766 1,1:250,-183.675 2,2:250,85.2591 3,3:250,-46.0227 4,4:250,-110.778 0,1:391.5,-211.393 0,3:362.25,-138.849 1,2:265.5,156.109 MaxChange0.00124189 StepSize1 Iteration: 42 Printing matrix: 0,0:1.25506 1,1:0.7347 2,2:-0.341036 3,3:0.184091 4,4:0.443111 0,1:0.437784 0,3:0.272876 1,2:-0.437322 Printing matrix: 0,0:-0.310472 1,1:-0.256887 2,2:-0.0237453 3,3:-0.146917 4,4:7.95808e-13 0,1:40.4196 0,3:40.2317 1,2:-39.9664 0,0:250,-313.48 1,1:250,-183.437 2,2:250,85.2812 3,3:250,-45.8877 4,4:250,-110.778 0,1:391.5,-211.781 0,3:362.25,-139.062 1,2:265.5,156.078 MaxChange0.00114644 StepSize1 Iteration: 43 Printing matrix: 0,0:1.25392 1,1:0.733748 2,2:-0.341125 3,3:0.183551 4,4:0.443111 0,1:0.438776 0,3:0.273464 1,2:-0.437204 Printing matrix: 0,0:-0.28661 1,1:-0.237844 2,2:-0.0221642 3,3:-0.135056 4,4:-6.82121e-13 0,1:40.3883 0,3:40.213 1,2:-39.9687 0,0:250,-313.215 1,1:250,-183.217 2,2:250,85.3019 3,3:250,-45.7635 4,4:250,-110.778 0,1:391.5,-212.14 0,3:362.25,-139.258 1,2:265.5,156.049 MaxChange0.00105835 StepSize1 Iteration: 44 Printing matrix: 0,0:1.25286 1,1:0.732868 2,2:-0.341208 3,3:0.183054 4,4:0.443111 0,1:0.439694 0,3:0.274005 1,2:-0.437094 Printing matrix: 0,0:-0.264588 1,1:-0.220188 2,2:-0.0206654 3,3:-0.124166 4,4:7.95808e-13 0,1:40.3594 0,3:40.1958 1,2:-39.9708 0,0:250,-312.971 1,1:250,-183.013 2,2:250,85.3211 3,3:250,-45.6494 4,4:250,-110.778 0,1:391.5,-212.473 0,3:362.25,-139.438 1,2:265.5,156.021 MaxChange0.000977054 StepSize1 Iteration: 45 Printing matrix: 0,0:1.25188 1,1:0.732052 2,2:-0.341285 3,3:0.182597 4,4:0.443111 0,1:0.440544 0,3:0.274502 1,2:-0.436992 Printing matrix: 0,0:-0.244264 1,1:-0.203819 2,2:-0.0192483 3,3:-0.114167 4,4:-6.82121e-13 0,1:40.3325 0,3:40.1801 1,2:-39.9728 0,0:250,-312.745 1,1:250,-182.824 2,2:250,85.3391 3,3:250,-45.5444 4,4:250,-110.778 0,1:391.5,-212.78 0,3:362.25,-139.604 1,2:265.5,155.996 MaxChange0.00090202 StepSize1 Iteration: 46 Printing matrix: 0,0:1.25098 1,1:0.731298 2,2:-0.341356 3,3:0.182177 4,4:0.443111 0,1:0.441329 0,3:0.274959 1,2:-0.436897 Printing matrix: 0,0:-0.225505 1,1:-0.188649 2,2:-0.0179134 3,3:-0.104985 4,4:7.95808e-13 0,1:40.3077 0,3:40.1656 1,2:-39.9748 0,0:250,-312.537 1,1:250,-182.65 2,2:250,85.3557 3,3:250,-45.4478 4,4:250,-110.778 0,1:391.5,-213.065 0,3:362.25,-139.756 1,2:265.5,155.973 MaxChange0.000832762 StepSize1 Iteration: 47 Printing matrix: 0,0:1.25015 1,1:0.730599 2,2:-0.341423 3,3:0.181791 4,4:0.443111 0,1:0.442056 0,3:0.27538 1,2:-0.436809 Printing matrix: 0,0:-0.208191 1,1:-0.17459 2,2:-0.0166585 3,3:-0.0965522 4,4:-6.82121e-13 0,1:40.2846 0,3:40.1523 1,2:-39.9765 0,0:250,-312.345 1,1:250,-182.488 2,2:250,85.3712 3,3:250,-45.359 4,4:250,-110.778 0,1:391.5,-213.328 0,3:362.25,-139.896 1,2:265.5,155.951 MaxChange0.000768837 StepSize1 Iteration: 48 Printing matrix: 0,0:1.24938 1,1:0.729953 2,2:-0.341485 3,3:0.181436 4,4:0.443111 0,1:0.442729 0,3:0.275767 1,2:-0.436727 Printing matrix: 0,0:-0.192209 1,1:-0.161566 2,2:-0.0154818 3,3:-0.0888063 4,4:7.95808e-13 0,1:40.2633 0,3:40.1401 1,2:-39.9782 0,0:250,-312.167 1,1:250,-182.339 2,2:250,85.3856 3,3:250,-45.2773 4,4:250,-110.778 0,1:391.5,-213.572 0,3:362.25,-140.025 1,2:265.5,155.931 MaxChange0.00070983 StepSize1 Iteration: 49 Printing matrix: 0,0:1.24867 1,1:0.729355 2,2:-0.341542 3,3:0.181109 4,4:0.443111 0,1:0.443351 0,3:0.276122 1,2:-0.43665 Printing matrix: 0,0:-0.177457 1,1:-0.1495 2,2:-0.0143801 3,3:-0.0816905 4,4:-6.82121e-13 0,1:40.2436 0,3:40.1289 1,2:-39.9798 0,0:250,-312.004 1,1:250,-182.2 2,2:250,85.3989 3,3:250,-45.2022 4,4:250,-110.778 0,1:391.5,-213.797 0,3:362.25,-140.144 1,2:265.5,155.912 MaxChange0.000655362 StepSize1 Iteration: 50 Printing matrix: 0,0:1.24801 1,1:0.728802 2,2:-0.341596 3,3:0.180809 4,4:0.443111 0,1:0.443927 0,3:0.27645 1,2:-0.43658 Printing matrix: 0,0:-0.16384 1,1:-0.138324 2,2:-0.0133503 3,3:-0.0751529 4,4:7.95808e-13 0,1:40.2253 0,3:40.1186 1,2:-39.9812 0,0:250,-311.852 1,1:250,-182.073 2,2:250,85.4113 3,3:250,-45.133 4,4:250,-110.778 0,1:391.5,-214.006 0,3:362.25,-140.253 1,2:265.5,155.895 MaxChange0.000605082 StepSize1 Iteration: 51 Printing matrix: 0,0:1.24741 1,1:0.72829 2,2:-0.341645 3,3:0.180532 4,4:0.443111 0,1:0.444459 0,3:0.276751 1,2:-0.436514 Printing matrix: 0,0:-0.15127 1,1:-0.127975 2,2:-0.0123889 3,3:-0.0691458 4,4:-6.82121e-13 0,1:40.2084 0,3:40.1092 1,2:-39.9826 0,0:250,-311.713 1,1:250,-181.954 2,2:250,85.4228 3,3:250,-45.0694 4,4:250,-110.778 0,1:391.5,-214.199 0,3:362.25,-140.354 1,2:265.5,155.878 MaxChange0.000558668 StepSize1 Iteration: 52 Printing matrix: 0,0:1.24685 1,1:0.727816 2,2:-0.341691 3,3:0.180278 4,4:0.443111 0,1:0.444952 0,3:0.277028 1,2:-0.436453 Printing matrix: 0,0:-0.139667 1,1:-0.118392 2,2:-0.0114924 3,3:-0.0636254 4,4:7.95808e-13 0,1:40.1928 0,3:40.1004 1,2:-39.9839 0,0:250,-311.584 1,1:250,-181.845 2,2:250,85.4335 3,3:250,-45.0108 4,4:250,-110.778 0,1:391.5,-214.377 0,3:362.25,-140.446 1,2:265.5,155.863 MaxChange0.000515821 StepSize1 Iteration: 53 Printing matrix: 0,0:1.24633 1,1:0.727378 2,2:-0.341734 3,3:0.180043 4,4:0.443111 0,1:0.445407 0,3:0.277284 1,2:-0.436397 Printing matrix: 0,0:-0.128955 1,1:-0.109519 2,2:-0.0106572 3,3:-0.0585517 4,4:-6.82121e-13 0,1:40.1783 0,3:40.0924 1,2:-39.985 0,0:250,-311.465 1,1:250,-181.743 2,2:250,85.4433 3,3:250,-44.957 4,4:250,-110.778 0,1:391.5,-214.542 0,3:362.25,-140.531 1,2:265.5,155.85 MaxChange0.000476266 StepSize1 Iteration: 54 Printing matrix: 0,0:1.24586 1,1:0.726973 2,2:-0.341773 3,3:0.179828 4,4:0.443111 0,1:0.445828 0,3:0.277519 1,2:-0.436345 Printing matrix: 0,0:-0.119067 1,1:-0.101305 2,2:-0.00987986 3,3:-0.0538879 4,4:-6.82121e-13 0,1:40.1649 0,3:40.0851 1,2:-39.9861 0,0:250,-311.355 1,1:250,-181.65 2,2:250,85.4525 3,3:250,-44.9074 4,4:250,-110.778 0,1:391.5,-214.694 0,3:362.25,-140.609 1,2:265.5,155.837 MaxChange0.000439751 StepSize1 Iteration: 55 Printing matrix: 0,0:1.24542 1,1:0.726598 2,2:-0.34181 3,3:0.179629 4,4:0.443111 0,1:0.446218 0,3:0.277735 1,2:-0.436296 Printing matrix: 0,0:-0.109938 1,1:-0.0937015 2,2:-0.00915677 3,3:-0.0496005 4,4:7.95808e-13 0,1:40.1525 0,3:40.0783 1,2:-39.9871 0,0:250,-311.253 1,1:250,-181.563 2,2:250,85.461 3,3:250,-44.8617 4,4:250,-110.778 0,1:391.5,-214.835 0,3:362.25,-140.682 1,2:265.5,155.825 MaxChange0.000406039 StepSize1 Iteration: 56 Printing matrix: 0,0:1.24501 1,1:0.726252 2,2:-0.341844 3,3:0.179447 4,4:0.443111 0,1:0.446578 0,3:0.277934 1,2:-0.436251 Printing matrix: 0,0:-0.10151 1,1:-0.0866639 2,2:-0.00848463 3,3:-0.0456586 4,4:-6.82121e-13 0,1:40.141 0,3:40.0721 1,2:-39.9881 0,0:250,-311.159 1,1:250,-181.483 2,2:250,85.4688 3,3:250,-44.8197 4,4:250,-110.778 0,1:391.5,-214.966 0,3:362.25,-140.748 1,2:265.5,155.814 MaxChange0.000374917 StepSize1 Iteration: 57 Printing matrix: 0,0:1.24464 1,1:0.725931 2,2:-0.341875 3,3:0.179279 4,4:0.443111 0,1:0.446911 0,3:0.278117 1,2:-0.43621 Printing matrix: 0,0:-0.0937291 1,1:-0.0801508 2,2:-0.00786017 3,3:-0.042034 4,4:7.95808e-13 0,1:40.1304 0,3:40.0664 1,2:-39.989 0,0:250,-311.073 1,1:250,-181.409 2,2:250,85.4761 3,3:250,-44.781 4,4:250,-110.778 0,1:391.5,-215.086 0,3:362.25,-140.809 1,2:265.5,155.804 MaxChange0.000346183 StepSize1 Iteration: 58 Printing matrix: 0,0:1.24429 1,1:0.725635 2,2:-0.341904 3,3:0.179124 4,4:0.443111 0,1:0.447219 0,3:0.278286 1,2:-0.436171 Printing matrix: 0,0:-0.0865458 1,1:-0.0741234 2,2:-0.00728031 3,3:-0.0387006 4,4:-6.82121e-13 0,1:40.1206 0,3:40.0611 1,2:-39.9898 0,0:250,-310.993 1,1:250,-181.34 2,2:250,85.4829 3,3:250,-44.7453 4,4:250,-110.778 0,1:391.5,-215.198 0,3:362.25,-140.865 1,2:265.5,155.794 MaxChange0.000319656 StepSize1 Iteration: 59 Printing matrix: 0,0:1.24397 1,1:0.72536 2,2:-0.341931 3,3:0.178981 4,4:0.443111 0,1:0.447504 0,3:0.278441 1,2:-0.436136 Printing matrix: 0,0:-0.0799139 1,1:-0.0685461 2,2:-0.00674207 3,3:-0.0356349 4,4:7.95808e-13 0,1:40.1115 0,3:40.0563 1,2:-39.9905 0,0:250,-310.919 1,1:250,-181.277 2,2:250,85.4891 3,3:250,-44.7125 4,4:250,-110.778 0,1:391.5,-215.301 0,3:362.25,-140.917 1,2:265.5,155.785 MaxChange0.000295164 StepSize1 Iteration: 60 Printing matrix: 0,0:1.24368 1,1:0.725107 2,2:-0.341956 3,3:0.17885 4,4:0.443111 0,1:0.447768 0,3:0.278585 1,2:-0.436103 Printing matrix: 0,0:-0.073791 1,1:-0.0633856 2,2:-0.00624267 3,3:-0.0328149 4,4:-6.82121e-13 0,1:40.1031 0,3:40.0518 1,2:-39.9912 0,0:250,-310.851 1,1:250,-181.218 2,2:250,85.4949 3,3:250,-44.6823 4,4:250,-110.778 0,1:391.5,-215.396 0,3:362.25,-140.965 1,2:265.5,155.777 MaxChange0.000272551 StepSize1 Iteration: 61 Printing matrix: 0,0:1.2434 1,1:0.724872 2,2:-0.34198 3,3:0.178729 4,4:0.443111 0,1:0.448011 0,3:0.278716 1,2:-0.436072 Printing matrix: 0,0:-0.0681379 1,1:-0.0586111 2,2:-0.00577945 3,3:-0.0302206 4,4:7.95808e-13 0,1:40.0953 0,3:40.0478 1,2:-39.9919 0,0:250,-310.788 1,1:250,-181.164 2,2:250,85.5002 3,3:250,-44.6545 4,4:250,-110.778 0,1:391.5,-215.484 0,3:362.25,-141.009 1,2:265.5,155.77 MaxChange0.000251674 StepSize1 Iteration: 62 Printing matrix: 0,0:1.24315 1,1:0.724656 2,2:-0.342001 3,3:0.178618 4,4:0.443111 0,1:0.448236 0,3:0.278838 1,2:-0.436044 Printing matrix: 0,0:-0.0629185 1,1:-0.0541941 2,2:-0.00534993 3,3:-0.0278338 4,4:-6.82121e-13 0,1:40.0881 0,3:40.044 1,2:-39.9925 0,0:250,-310.73 1,1:250,-181.114 2,2:250,85.5052 3,3:250,-44.6288 4,4:250,-110.778 0,1:391.5,-215.566 0,3:362.25,-141.05 1,2:265.5,155.763 MaxChange0.000232398 StepSize1 Iteration: 63 Printing matrix: 0,0:1.24292 1,1:0.724455 2,2:-0.342021 3,3:0.178515 4,4:0.443111 0,1:0.448444 0,3:0.27895 1,2:-0.436018 Printing matrix: 0,0:-0.0580994 1,1:-0.050108 2,2:-0.00495175 3,3:-0.0256376 4,4:7.95808e-13 0,1:40.0815 0,3:40.0405 1,2:-39.9931 0,0:250,-310.676 1,1:250,-181.067 2,2:250,85.5098 3,3:250,-44.6052 4,4:250,-110.778 0,1:391.5,-215.641 0,3:362.25,-141.087 1,2:265.5,155.756 MaxChange0.0002146 StepSize1 Iteration: 64 Printing matrix: 0,0:1.24271 1,1:0.72427 2,2:-0.342039 3,3:0.178421 4,4:0.443111 0,1:0.448637 0,3:0.279053 1,2:-0.435994 Printing matrix: 0,0:-0.05365 1,1:-0.0463283 2,2:-0.00458271 3,3:-0.0236166 4,4:-6.82121e-13 0,1:40.0753 0,3:40.0373 1,2:-39.9936 0,0:250,-310.627 1,1:250,-181.025 2,2:250,85.514 3,3:250,-44.5834 4,4:250,-110.778 0,1:391.5,-215.711 0,3:362.25,-141.121 1,2:265.5,155.75 MaxChange0.000198167 StepSize1 Iteration: 65 Printing matrix: 0,0:1.24251 1,1:0.724099 2,2:-0.342056 3,3:0.178334 4,4:0.443111 0,1:0.448815 0,3:0.279148 1,2:-0.435971 Printing matrix: 0,0:-0.0495417 1,1:-0.0428322 2,2:-0.00424077 3,3:-0.0217567 4,4:7.95808e-13 0,1:40.0696 0,3:40.0344 1,2:-39.9941 0,0:250,-310.581 1,1:250,-180.985 2,2:250,85.5179 3,3:250,-44.5634 4,4:250,-110.778 0,1:391.5,-215.775 0,3:362.25,-141.153 1,2:265.5,155.745 MaxChange0.000182994 StepSize1 Iteration: 66 Printing matrix: 0,0:1.24232 1,1:0.72394 2,2:-0.342072 3,3:0.178254 4,4:0.443111 0,1:0.448979 0,3:0.279235 1,2:-0.435951 Printing matrix: 0,0:-0.0457485 1,1:-0.0395985 2,2:-0.00392398 3,3:-0.0200447 4,4:-6.82121e-13 0,1:40.0644 0,3:40.0317 1,2:-39.9945 0,0:250,-310.539 1,1:250,-180.948 2,2:250,85.5216 3,3:250,-44.5449 4,4:250,-110.778 0,1:391.5,-215.835 0,3:362.25,-141.182 1,2:265.5,155.74 MaxChange0.000168984 StepSize1 Iteration: 67 Printing matrix: 0,0:1.24216 1,1:0.723794 2,2:-0.342086 3,3:0.17818 4,4:0.443111 0,1:0.449131 0,3:0.279316 1,2:-0.435932 Printing matrix: 0,0:-0.042246 1,1:-0.0366079 2,2:-0.00363055 3,3:-0.0184689 4,4:-6.82121e-13 0,1:40.0595 0,3:40.0292 1,2:-39.9949 0,0:250,-310.5 1,1:250,-180.915 2,2:250,85.5249 3,3:250,-44.5279 4,4:250,-110.778 0,1:391.5,-215.89 0,3:362.25,-141.209 1,2:265.5,155.735 MaxChange0.000156048 StepSize1 Iteration: 68 Printing matrix: 0,0:1.242 1,1:0.723658 2,2:-0.3421 3,3:0.178112 4,4:0.443111 0,1:0.449272 0,3:0.27939 1,2:-0.435914 Printing matrix: 0,0:-0.0390121 1,1:-0.033842 2,2:-0.00335881 3,3:-0.0170181 4,4:7.95808e-13 0,1:40.055 0,3:40.0269 1,2:-39.9953 0,0:250,-310.464 1,1:250,-180.883 2,2:250,85.528 3,3:250,-44.5122 4,4:250,-110.778 0,1:391.5,-215.941 0,3:362.25,-141.234 1,2:265.5,155.731 MaxChange0.000144104 StepSize1 Iteration: 69 Printing matrix: 0,0:1.24186 1,1:0.723533 2,2:-0.342112 3,3:0.178049 4,4:0.443111 0,1:0.449401 0,3:0.279458 1,2:-0.435897 Printing matrix: 0,0:-0.0360259 1,1:-0.0312842 2,2:-0.00310718 3,3:-0.0156825 4,4:-6.82121e-13 0,1:40.0508 0,3:40.0248 1,2:-39.9956 0,0:250,-310.43 1,1:250,-180.854 2,2:250,85.5309 3,3:250,-44.4978 4,4:250,-110.778 0,1:391.5,-215.988 0,3:362.25,-141.257 1,2:265.5,155.727 MaxChange0.000133075 StepSize1 Iteration: 70 Printing matrix: 0,0:1.24172 1,1:0.723418 2,2:-0.342124 3,3:0.177991 4,4:0.443111 0,1:0.449521 0,3:0.279522 1,2:-0.435882 Printing matrix: 0,0:-0.0332687 1,1:-0.028919 2,2:-0.00287421 3,3:-0.0144526 4,4:7.95808e-13 0,1:40.047 0,3:40.0229 1,2:-39.996 0,0:250,-310.4 1,1:250,-180.828 2,2:250,85.5336 3,3:250,-44.4845 4,4:250,-110.778 0,1:391.5,-216.031 0,3:362.25,-141.278 1,2:265.5,155.723 MaxChange0.000122891 StepSize1 Iteration: 71 Printing matrix: 0,0:1.2416 1,1:0.723311 2,2:-0.342134 3,3:0.177938 4,4:0.443111 0,1:0.449632 0,3:0.27958 1,2:-0.435868 Printing matrix: 0,0:-0.0307226 1,1:-0.0267318 2,2:-0.00265853 3,3:-0.0133202 4,4:-6.82121e-13 0,1:40.0434 0,3:40.0211 1,2:-39.9963 0,0:250,-310.371 1,1:250,-180.803 2,2:250,85.536 3,3:250,-44.4722 4,4:250,-110.778 0,1:391.5,-216.071 0,3:362.25,-141.297 1,2:265.5,155.72 MaxChange0.000113487 StepSize1 Iteration: 72 Printing matrix: 0,0:1.24149 1,1:0.723212 2,2:-0.342144 3,3:0.177889 4,4:0.443111 0,1:0.449735 0,3:0.279633 1,2:-0.435855 Printing matrix: 0,0:-0.0283717 1,1:-0.0247094 2,2:-0.0024589 3,3:-0.0122772 4,4:7.95808e-13 0,1:40.0402 0,3:40.0194 1,2:-39.9966 0,0:250,-310.345 1,1:250,-180.78 2,2:250,85.5383 3,3:250,-44.4609 4,4:250,-110.778 0,1:391.5,-216.108 0,3:362.25,-141.315 1,2:265.5,155.716 MaxChange0.000104803 StepSize1 Iteration: 73 Printing matrix: 0,0:1.24138 1,1:0.72312 2,2:-0.342153 3,3:0.177843 4,4:0.443111 0,1:0.44983 0,3:0.279683 1,2:-0.435843 Printing matrix: 0,0:-0.0262008 1,1:-0.0228394 2,2:-0.00227413 3,3:-0.0113166 4,4:-6.82121e-13 0,1:40.0371 0,3:40.0179 1,2:-39.9968 0,0:250,-310.321 1,1:250,-180.759 2,2:250,85.5404 3,3:250,-44.4504 4,4:250,-110.778 0,1:391.5,-216.143 0,3:362.25,-141.332 1,2:265.5,155.713 MaxChange9.67849e-05 StepSize1 Iteration: 74 Printing matrix: 0,0:1.24128 1,1:0.723036 2,2:-0.342162 3,3:0.177802 4,4:0.443111 0,1:0.449917 0,3:0.279728 1,2:-0.435832 Printing matrix: 0,0:-0.0241962 1,1:-0.0211105 2,2:-0.00210314 3,3:-0.0104319 4,4:7.95808e-13 0,1:40.0343 0,3:40.0165 1,2:-39.9971 0,0:250,-310.299 1,1:250,-180.739 2,2:250,85.5423 3,3:250,-44.4408 4,4:250,-110.778 0,1:391.5,-216.174 0,3:362.25,-141.347 1,2:265.5,155.711 MaxChange8.93806e-05 StepSize1 Iteration: 75 Printing matrix: 0,0:1.24119 1,1:0.722958 2,2:-0.342169 3,3:0.177763 4,4:0.443111 0,1:0.449998 0,3:0.27977 1,2:-0.435822 Printing matrix: 0,0:-0.0223451 1,1:-0.019512 2,2:-0.0019449 3,3:-0.00961688 4,4:-6.82121e-13 0,1:40.0317 0,3:40.0152 1,2:-39.9973 0,0:250,-310.278 1,1:250,-180.721 2,2:250,85.5441 3,3:250,-44.432 4,4:250,-110.778 0,1:391.5,-216.204 0,3:362.25,-141.361 1,2:265.5,155.708 MaxChange8.25433e-05 StepSize1 Iteration: 76 Printing matrix: 0,0:1.24111 1,1:0.722886 2,2:-0.342177 3,3:0.177728 4,4:0.443111 0,1:0.450073 0,3:0.279809 1,2:-0.435812 Printing matrix: 0,0:-0.0206358 1,1:-0.0180341 2,2:-0.00179849 3,3:-0.00886607 4,4:7.95808e-13 0,1:40.0293 0,3:40.014 1,2:-39.9975 0,0:250,-310.259 1,1:250,-180.705 2,2:250,85.5458 3,3:250,-44.4238 4,4:250,-110.778 0,1:391.5,-216.231 0,3:362.25,-141.374 1,2:265.5,155.706 MaxChange7.62295e-05 StepSize1 Iteration: 77 Printing matrix: 0,0:1.24104 1,1:0.722819 2,2:-0.342183 3,3:0.177695 4,4:0.443111 0,1:0.450142 0,3:0.279845 1,2:-0.435804 Printing matrix: 0,0:-0.0190574 1,1:-0.0166678 2,2:-0.00166303 3,3:-0.00817435 4,4:-6.82121e-13 0,1:40.0271 0,3:40.0129 1,2:-39.9977 0,0:250,-310.241 1,1:250,-180.689 2,2:250,85.5473 3,3:250,-44.4162 4,4:250,-110.778 0,1:391.5,-216.256 0,3:362.25,-141.386 1,2:265.5,155.704 MaxChange7.03992e-05 StepSize1 Iteration: 78 Printing matrix: 0,0:1.24097 1,1:0.722758 2,2:-0.342189 3,3:0.177665 4,4:0.443111 0,1:0.450206 0,3:0.279878 1,2:-0.435796 Printing matrix: 0,0:-0.0175998 1,1:-0.0154048 2,2:-0.0015377 3,3:-0.00753701 4,4:7.95808e-13 0,1:40.025 0,3:40.0119 1,2:-39.9978 0,0:250,-310.225 1,1:250,-180.675 2,2:250,85.5488 3,3:250,-44.4093 4,4:250,-110.778 0,1:391.5,-216.279 0,3:362.25,-141.397 1,2:265.5,155.702 MaxChange6.50151e-05 StepSize1 Iteration: 79 Printing matrix: 0,0:1.2409 1,1:0.722701 2,2:-0.342195 3,3:0.177637 4,4:0.443111 0,1:0.450265 0,3:0.279908 1,2:-0.435788 Printing matrix: 0,0:-0.0162538 1,1:-0.0142371 2,2:-0.00142177 3,3:-0.00694974 4,4:-6.82121e-13 0,1:40.0231 0,3:40.011 1,2:-39.998 0,0:250,-310.21 1,1:250,-180.662 2,2:250,85.5501 3,3:250,-44.4029 4,4:250,-110.778 0,1:391.5,-216.3 0,3:362.25,-141.407 1,2:265.5,155.7 MaxChange6.00432e-05 StepSize1 Iteration: 80 Printing matrix: 0,0:1.24084 1,1:0.722648 2,2:-0.3422 3,3:0.177612 4,4:0.443111 0,1:0.45032 0,3:0.279936 1,2:-0.435781 Printing matrix: 0,0:-0.0150108 1,1:-0.0131577 2,2:-0.00131452 3,3:-0.00640857 4,4:-6.82121e-13 0,1:40.0214 0,3:40.0101 1,2:-39.9982 0,0:250,-310.196 1,1:250,-180.65 2,2:250,85.5513 3,3:250,-44.397 4,4:250,-110.778 0,1:391.5,-216.32 0,3:362.25,-141.416 1,2:265.5,155.698 MaxChange5.54519e-05 StepSize1 Iteration: 81 Printing matrix: 0,0:1.24078 1,1:0.722599 2,2:-0.342205 3,3:0.177588 4,4:0.443111 0,1:0.45037 0,3:0.279962 1,2:-0.435775 Printing matrix: 0,0:-0.013863 1,1:-0.01216 2,2:-0.00121533 3,3:-0.00590984 4,4:7.95808e-13 0,1:40.0198 0,3:40.0094 1,2:-39.9983 0,0:250,-310.183 1,1:250,-180.639 2,2:250,85.5524 3,3:250,-44.3915 4,4:250,-110.778 0,1:391.5,-216.338 0,3:362.25,-141.425 1,2:265.5,155.697 MaxChange5.12119e-05 StepSize1 Iteration: 82 Printing matrix: 0,0:1.24073 1,1:0.722554 2,2:-0.34221 3,3:0.177566 4,4:0.443111 0,1:0.450417 0,3:0.279986 1,2:-0.435769 Printing matrix: 0,0:-0.012803 1,1:-0.0112377 2,2:-0.00112358 3,3:-0.0054502 4,4:-6.82121e-13 0,1:40.0183 0,3:40.0086 1,2:-39.9984 0,0:250,-310.172 1,1:250,-180.628 2,2:250,85.5535 3,3:250,-44.3865 4,4:250,-110.778 0,1:391.5,-216.355 0,3:362.25,-141.433 1,2:265.5,155.695 MaxChange4.72964e-05 StepSize1 Iteration: 83 Printing matrix: 0,0:1.24069 1,1:0.722513 2,2:-0.342214 3,3:0.177546 4,4:0.443111 0,1:0.45046 0,3:0.280007 1,2:-0.435763 Printing matrix: 0,0:-0.0118241 1,1:-0.0103852 2,2:-0.00103872 3,3:-0.00502654 4,4:7.95808e-13 0,1:40.0169 0,3:40.008 1,2:-39.9985 0,0:250,-310.161 1,1:250,-180.619 2,2:250,85.5544 3,3:250,-44.3819 4,4:250,-110.778 0,1:391.5,-216.371 0,3:362.25,-141.44 1,2:265.5,155.694 MaxChange4.36804e-05 StepSize1 Iteration: 84 Printing matrix: 0,0:1.24064 1,1:0.722474 2,2:-0.342218 3,3:0.177527 4,4:0.443111 0,1:0.4505 0,3:0.280028 1,2:-0.435758 Printing matrix: 0,0:-0.0109201 1,1:-0.00959716 2,2:-0.00096024 3,3:-0.00463604 4,4:-6.82121e-13 0,1:40.0156 0,3:40.0073 1,2:-39.9987 0,0:250,-310.151 1,1:250,-180.61 2,2:250,85.5553 3,3:250,-44.3776 4,4:250,-110.778 0,1:391.5,-216.385 0,3:362.25,-141.447 1,2:265.5,155.693 MaxChange4.03412e-05 StepSize1 Iteration: 85 Printing matrix: 0,0:1.2406 1,1:0.722439 2,2:-0.342221 3,3:0.17751 4,4:0.443111 0,1:0.450537 0,3:0.280046 1,2:-0.435754 Printing matrix: 0,0:-0.0100853 1,1:-0.00886882 2,2:-0.000887665 3,3:-0.00427607 4,4:7.95808e-13 0,1:40.0144 0,3:40.0068 1,2:-39.9988 0,0:250,-310.141 1,1:250,-180.602 2,2:250,85.5561 3,3:250,-44.3736 4,4:250,-110.778 0,1:391.5,-216.398 0,3:362.25,-141.453 1,2:265.5,155.691 MaxChange3.72574e-05 StepSize1 Iteration: 86 Printing matrix: 0,0:1.24057 1,1:0.722406 2,2:-0.342225 3,3:0.177495 4,4:0.443111 0,1:0.450571 0,3:0.280064 1,2:-0.435749 Printing matrix: 0,0:-0.00931435 1,1:-0.00819563 2,2:-0.000820552 3,3:-0.00394422 4,4:-6.82121e-13 0,1:40.0133 0,3:40.0062 1,2:-39.9989 0,0:250,-310.133 1,1:250,-180.594 2,2:250,85.5569 3,3:250,-44.37 4,4:250,-110.778 0,1:391.5,-216.411 0,3:362.25,-141.459 1,2:265.5,155.69 MaxChange3.44095e-05 StepSize1 Iteration: 87 Printing matrix: 0,0:1.24053 1,1:0.722376 2,2:-0.342228 3,3:0.17748 4,4:0.443111 0,1:0.450602 0,3:0.28008 1,2:-0.435745 Printing matrix: 0,0:-0.00860237 1,1:-0.00757343 2,2:-0.000758492 3,3:-0.00363829 4,4:7.95808e-13 0,1:40.0123 0,3:40.0058 1,2:-39.9989 0,0:250,-310.125 1,1:250,-180.587 2,2:250,85.5576 3,3:250,-44.3666 4,4:250,-110.778 0,1:391.5,-216.422 0,3:362.25,-141.464 1,2:265.5,155.689 MaxChange3.17794e-05 StepSize1 Iteration: 88 Printing matrix: 0,0:1.2405 1,1:0.722348 2,2:-0.34223 3,3:0.177467 4,4:0.443111 0,1:0.450631 0,3:0.280094 1,2:-0.435742 Printing matrix: 0,0:-0.00794486 1,1:-0.00699837 2,2:-0.000701109 3,3:-0.00335622 4,4:-6.82121e-13 0,1:40.0114 0,3:40.0053 1,2:-39.999 0,0:250,-310.117 1,1:250,-180.581 2,2:250,85.5582 3,3:250,-44.3636 4,4:250,-110.778 0,1:391.5,-216.433 0,3:362.25,-141.469 1,2:265.5,155.688 MaxChange2.93505e-05 StepSize1 Iteration: 89 Printing matrix: 0,0:1.24047 1,1:0.722322 2,2:-0.342233 3,3:0.177454 4,4:0.443111 0,1:0.450658 0,3:0.280108 1,2:-0.435738 Printing matrix: 0,0:-0.00733764 1,1:-0.00646689 2,2:-0.00064805 3,3:-0.00309615 4,4:7.95808e-13 0,1:40.0105 0,3:40.0049 1,2:-39.9991 0,0:250,-310.111 1,1:250,-180.575 2,2:250,85.5588 3,3:250,-44.3607 4,4:250,-110.778 0,1:391.5,-216.442 0,3:362.25,-141.474 1,2:265.5,155.688 MaxChange2.71074e-05 StepSize1 Iteration: 90 Printing matrix: 0,0:1.24044 1,1:0.722298 2,2:-0.342235 3,3:0.177443 4,4:0.443111 0,1:0.450683 0,3:0.28012 1,2:-0.435735 Printing matrix: 0,0:-0.00677685 1,1:-0.0059757 2,2:-0.000598993 3,3:-0.00285634 4,4:-6.82121e-13 0,1:40.0097 0,3:40.0045 1,2:-39.9992 0,0:250,-310.104 1,1:250,-180.569 2,2:250,85.5594 3,3:250,-44.3581 4,4:250,-110.778 0,1:391.5,-216.451 0,3:362.25,-141.478 1,2:265.5,155.687 MaxChange2.50358e-05 StepSize1 Iteration: 91 Printing matrix: 0,0:1.24042 1,1:0.722276 2,2:-0.342238 3,3:0.177432 4,4:0.443111 0,1:0.450706 0,3:0.280132 1,2:-0.435732 Printing matrix: 0,0:-0.00625896 1,1:-0.00552175 2,2:-0.000553636 3,3:-0.00263521 4,4:7.95808e-13 0,1:40.009 0,3:40.0042 1,2:-39.9992 0,0:250,-310.099 1,1:250,-180.564 2,2:250,85.5599 3,3:250,-44.3556 4,4:250,-110.778 0,1:391.5,-216.46 0,3:362.25,-141.482 1,2:265.5,155.686 MaxChange2.31227e-05 StepSize1 Iteration: 92 Printing matrix: 0,0:1.24039 1,1:0.722256 2,2:-0.34224 3,3:0.177423 4,4:0.443111 0,1:0.450727 0,3:0.280142 1,2:-0.435729 Printing matrix: 0,0:-0.00578066 1,1:-0.00510222 2,2:-0.000511703 3,3:-0.00243129 4,4:-6.82121e-13 0,1:40.0083 0,3:40.0038 1,2:-39.9993 0,0:250,-310.093 1,1:250,-180.559 2,2:250,85.5604 3,3:250,-44.3534 4,4:250,-110.778 0,1:391.5,-216.467 0,3:362.25,-141.485 1,2:265.5,155.685 MaxChange2.13558e-05 StepSize1 Iteration: 93 Printing matrix: 0,0:1.24037 1,1:0.722237 2,2:-0.342241 3,3:0.177414 4,4:0.443111 0,1:0.450746 0,3:0.280152 1,2:-0.435727 Printing matrix: 0,0:-0.00533894 1,1:-0.00471451 2,2:-0.000472937 3,3:-0.00224323 4,4:-6.82121e-13 0,1:40.0077 0,3:40.0036 1,2:-39.9993 0,0:250,-310.088 1,1:250,-180.555 2,2:250,85.5608 3,3:250,-44.3513 4,4:250,-110.778 0,1:391.5,-216.474 0,3:362.25,-141.488 1,2:265.5,155.685 MaxChange1.9724e-05 StepSize1 Iteration: 94 Printing matrix: 0,0:1.24035 1,1:0.722219 2,2:-0.342243 3,3:0.177405 4,4:0.443111 0,1:0.450764 0,3:0.280161 1,2:-0.435725 Printing matrix: 0,0:-0.00493099 1,1:-0.00435622 2,2:-0.000437098 3,3:-0.00206979 4,4:7.95808e-13 0,1:40.0071 0,3:40.0033 1,2:-39.9994 0,0:250,-310.084 1,1:250,-180.551 2,2:250,85.5612 3,3:250,-44.3494 4,4:250,-110.778 0,1:391.5,-216.481 0,3:362.25,-141.491 1,2:265.5,155.684 MaxChange1.82169e-05 StepSize1 Iteration: 95 Printing matrix: 0,0:1.24034 1,1:0.722203 2,2:-0.342245 3,3:0.177398 4,4:0.443111 0,1:0.450781 0,3:0.28017 1,2:-0.435722 Printing matrix: 0,0:-0.00455423 1,1:-0.00402511 2,2:-0.000403967 3,3:-0.00190982 4,4:-6.82121e-13 0,1:40.0065 0,3:40.003 1,2:-39.9994 0,0:250,-310.08 1,1:250,-180.547 2,2:250,85.5616 3,3:250,-44.3476 4,4:250,-110.778 0,1:391.5,-216.487 0,3:362.25,-141.494 1,2:265.5,155.684 MaxChange1.68251e-05 StepSize1 Iteration: 96 Printing matrix: 0,0:1.24032 1,1:0.722188 2,2:-0.342246 3,3:0.177391 4,4:0.443111 0,1:0.450797 0,3:0.280177 1,2:-0.43572 Printing matrix: 0,0:-0.00420628 1,1:-0.00371913 2,2:-0.000373341 3,3:-0.00176228 4,4:7.95808e-13 0,1:40.006 0,3:40.0028 1,2:-39.9995 0,0:250,-310.076 1,1:250,-180.544 2,2:250,85.5619 3,3:250,-44.346 4,4:250,-110.778 0,1:391.5,-216.492 0,3:362.25,-141.497 1,2:265.5,155.683 MaxChange1.55397e-05 StepSize1 Iteration: 97 Printing matrix: 0,0:1.2403 1,1:0.722175 2,2:-0.342248 3,3:0.177384 4,4:0.443111 0,1:0.450811 0,3:0.280184 1,2:-0.435719 Printing matrix: 0,0:-0.00388492 1,1:-0.00343638 2,2:-0.00034503 3,3:-0.00162618 4,4:-6.82121e-13 0,1:40.0056 0,3:40.0026 1,2:-39.9995 0,0:250,-310.072 1,1:250,-180.54 2,2:250,85.5622 3,3:250,-44.3445 4,4:250,-110.778 0,1:391.5,-216.498 0,3:362.25,-141.499 1,2:265.5,155.683 MaxChange1.43525e-05 StepSize1 Iteration: 98 Printing matrix: 0,0:1.24029 1,1:0.722162 2,2:-0.342249 3,3:0.177378 4,4:0.443111 0,1:0.450824 0,3:0.280191 1,2:-0.435717 Printing matrix: 0,0:-0.00358813 1,1:-0.00317509 2,2:-0.000318861 3,3:-0.00150064 4,4:7.95808e-13 0,1:40.0052 0,3:40.0024 1,2:-39.9996 0,0:250,-310.069 1,1:250,-180.538 2,2:250,85.5625 3,3:250,-44.3431 4,4:250,-110.778 0,1:391.5,-216.502 0,3:362.25,-141.501 1,2:265.5,155.682 MaxChange1.32561e-05 StepSize1 Iteration: 99 Printing matrix: 0,0:1.24028 1,1:0.72215 2,2:-0.34225 3,3:0.177373 4,4:0.443111 0,1:0.450836 0,3:0.280197 1,2:-0.435715 Printing matrix: 0,0:-0.00331402 1,1:-0.00293364 2,2:-0.000294672 3,3:-0.00138484 4,4:-6.82121e-13 0,1:40.0048 0,3:40.0022 1,2:-39.9996 0,0:250,-310.066 1,1:250,-180.535 2,2:250,85.5628 3,3:250,-44.3419 4,4:250,-110.778 0,1:391.5,-216.507 0,3:362.25,-141.503 1,2:265.5,155.682 MaxChange1.22434e-05 StepSize1 Iteration: 100 Printing matrix: 0,0:1.24026 1,1:0.722139 2,2:-0.342251 3,3:0.177367 4,4:0.443111 0,1:0.450847 0,3:0.280203 1,2:-0.435714 Printing matrix: 0,0:-0.00306086 1,1:-0.00271053 2,2:-0.000272313 3,3:-0.00127801 4,4:7.95808e-13 0,1:40.0044 0,3:40.002 1,2:-39.9996 0,0:250,-310.063 1,1:250,-180.532 2,2:250,85.5631 3,3:250,-44.3407 4,4:250,-110.778 0,1:391.5,-216.511 0,3:362.25,-141.505 1,2:265.5,155.682 MaxChange1.13082e-05 StepSize1 Iteration: 101 Printing matrix: 0,0:1.24025 1,1:0.722129 2,2:-0.342252 3,3:0.177363 4,4:0.443111 0,1:0.450858 0,3:0.280208 1,2:-0.435713 Printing matrix: 0,0:-0.00282705 1,1:-0.00250437 2,2:-0.000251647 3,3:-0.00117945 4,4:-6.82121e-13 0,1:40.0041 0,3:40.0019 1,2:-39.9996 0,0:250,-310.06 1,1:250,-180.53 2,2:250,85.5633 3,3:250,-44.3396 4,4:250,-110.778 0,1:391.5,-216.515 0,3:362.25,-141.507 1,2:265.5,155.681 MaxChange1.04444e-05 StepSize1 Iteration: 102 Printing matrix: 0,0:1.24024 1,1:0.72212 2,2:-0.342253 3,3:0.177358 4,4:0.443111 0,1:0.450867 0,3:0.280212 1,2:-0.435711 Printing matrix: 0,0:-0.00261111 1,1:-0.00231387 2,2:-0.000232546 3,3:-0.00108853 4,4:7.95808e-13 0,1:40.0038 0,3:40.0017 1,2:-39.9997 0,0:250,-310.058 1,1:250,-180.528 2,2:250,85.5635 3,3:250,-44.3386 4,4:250,-110.778 0,1:391.5,-216.518 0,3:362.25,-141.509 1,2:265.5,155.681 MaxChange9.64668e-06 StepSize1 Iteration: 103 Printing matrix: 0,0:1.24023 0,1:0.450876 0,3:0.280217 1,1:0.722112 1,2:-0.43571 2,2:-0.342254 3,3:0.177354 4,4:0.443111 Printing matrix: 0,0:-0.00222747 0,1:40.0032 0,3:40.0015 1,1:-0.00197519 1,2:-39.9997 2,2:-0.000198575 3,3:-0.000927239 4,4:7.95808e-13 0,0:250,-310.056 0,1:391.5,-216.521 0,3:362.25,-141.51 1,1:250,-180.526 1,2:265.5,155.681 2,2:250,85.5637 3,3:250,-44.3377 4,4:250,-110.778 MaxChange8.90988e-06 StepSize1 Iteration: 0 Printing matrix: 0,0:1.24022 0,1:0.450884 0,3:0.280221 1,1:0.722104 1,2:-0.435709 2,2:-0.342255 3,3:0.177351 4,4:0.443111 Printing matrix: 0,0:-1.83255e-06 0,1:-1.83255e-06 0,3:-1.83255e-06 1,1:-1.83255e-06 1,2:-1.83255e-06 2,2:-1.83255e-06 3,3:-1.83255e-06 4,4:-1.83255e-06 0,0:250,-309.845 0,1:391.5,-217.179 0,3:362.25,-141.911 1,1:250,-180.316 1,2:265.5,156.37 2,2:250,85.543 3,3:250,-44.3216 4,4:250,-110.778 MaxChange0.00259561 StepSize1 Iteration: 0 Printing matrix: 0,0:1.23938 0,1:0.452566 0,3:0.281328 1,1:0.721266 1,2:-0.438305 2,2:-0.342172 3,3:0.177286 4,4:0.443111 Printing matrix: 0,0:-0.21068 0,1:40.6582 0,3:40.4011 1,1:-0.209454 1,2:-40.6891 2,2:0.0206837 3,3:-0.0160834 4,4:-2.95586e-12 0,0:250,-309.523 0,1:391.5,-217.738 0,3:362.25,-142.004 1,1:250,-180.197 1,2:265.5,156.511 2,2:250,85.1385 3,3:250,-44.0983 4,4:250,-110.778 MaxChange0.0016182 StepSize1 Iteration: 1 Printing matrix: 0,0:1.23809 0,1:0.453992 0,3:0.281585 1,1:0.720789 1,2:-0.438834 2,2:-0.340554 3,3:0.176393 4,4:0.443111 Printing matrix: 0,0:-0.321901 0,1:40.5582 0,3:40.093 1,1:-0.119106 1,2:-40.1406 2,2:0.404549 3,3:-0.223304 4,4:-1.36424e-12 0,0:250,-309.229 0,1:391.5,-218.15 0,3:362.25,-142.231 1,1:250,-179.98 1,2:265.5,156.831 2,2:250,85.0131 3,3:250,-44.0368 4,4:250,-110.778 MaxChange0.00120726 StepSize1 Iteration: 2 Printing matrix: 0,0:1.23692 0,1:0.455044 0,3:0.28221 1,1:0.719921 1,2:-0.440042 2,2:-0.340052 3,3:0.176147 4,4:0.443111 Printing matrix: 0,0:-0.294213 0,1:40.4119 0,3:40.2265 1,1:-0.217158 1,2:-40.3205 2,2:0.125412 3,3:-0.0614723 4,4:-1.36424e-12 0,0:250,-308.953 0,1:391.5,-218.587 0,3:362.25,-142.37 1,1:250,-179.856 1,2:265.5,156.948 2,2:250,84.8125 3,3:250,-43.9084 4,4:250,-110.778 MaxChange0.00111761 StepSize1 Iteration: 3 Printing matrix: 0,0:1.23581 0,1:0.456161 0,3:0.282596 1,1:0.719425 1,2:-0.440483 2,2:-0.33925 3,3:0.175634 4,4:0.443111 Printing matrix: 0,0:-0.275549 0,1:40.4375 0,3:40.1396 1,1:-0.124035 1,2:-40.1172 2,2:0.200525 3,3:-0.128413 4,4:-9.09495e-13 0,0:250,-308.698 0,1:391.5,-218.931 0,3:362.25,-142.534 1,1:250,-179.682 1,2:265.5,157.119 2,2:250,84.7227 3,3:250,-43.8253 4,4:250,-110.778 MaxChange0.00101961 StepSize1 Iteration: 4 Printing matrix: 0,0:1.23479 0,1:0.457039 0,3:0.283046 1,1:0.718727 1,2:-0.441125 2,2:-0.338891 3,3:0.175301 4,4:0.443111 Printing matrix: 0,0:-0.254902 0,1:40.3437 0,3:40.1633 1,1:-0.174426 1,2:-40.1705 2,2:0.0898708 3,3:-0.0831073 4,4:-7.95808e-13 0,0:250,-308.469 0,1:391.5,-219.275 0,3:362.25,-142.672 1,1:250,-179.552 1,2:265.5,157.197 2,2:250,84.6136 3,3:250,-43.731 4,4:250,-110.778 MaxChange0.000917675 StepSize1 Iteration: 5 Printing matrix: 0,0:1.23388 0,1:0.457919 0,3:0.283428 1,1:0.718207 1,2:-0.44142 2,2:-0.338454 3,3:0.174924 4,4:0.443111 Printing matrix: 0,0:-0.229419 0,1:40.3445 0,3:40.1383 1,1:-0.130097 1,2:-40.0783 2,2:0.109114 3,3:-0.0942891 4,4:-7.95808e-13 0,0:250,-308.257 0,1:391.5,-219.564 0,3:362.25,-142.806 1,1:250,-179.404 1,2:265.5,157.289 2,2:250,84.5562 3,3:250,-43.6501 4,4:250,-110.778 MaxChange0.000849177 StepSize1 Iteration: 6 Printing matrix: 0,0:1.23303 0,1:0.458658 0,3:0.283797 1,1:0.717615 1,2:-0.441768 2,2:-0.338225 3,3:0.1746 4,4:0.443111 Printing matrix: 0,0:-0.212294 0,1:40.2891 0,3:40.1337 1,1:-0.147995 1,2:-40.0923 2,2:0.0573971 3,3:-0.0809078 4,4:5.22959e-12 0,0:250,-308.065 0,1:391.5,-219.843 0,3:362.25,-142.929 1,1:250,-179.279 1,2:265.5,157.337 2,2:250,84.4962 3,3:250,-43.5723 4,4:250,-110.778 MaxChange0.000764801 StepSize1 Iteration: 7 Printing matrix: 0,0:1.23226 0,1:0.459369 0,3:0.284139 1,1:0.717117 1,2:-0.441947 2,2:-0.337985 3,3:0.174289 4,4:0.443111 Printing matrix: 0,0:-0.1912 0,1:40.2785 0,3:40.1237 1,1:-0.124444 1,2:-40.0477 2,2:0.0599894 3,3:-0.0777822 4,4:-1.36424e-12 0,0:250,-307.889 0,1:391.5,-220.086 0,3:362.25,-143.043 1,1:250,-179.151 1,2:265.5,157.386 2,2:250,84.4619 3,3:250,-43.5002 4,4:250,-110.778 MaxChange0.000706793 StepSize1 Iteration: 8 Printing matrix: 0,0:1.23156 0,1:0.45999 0,3:0.284454 1,1:0.716604 1,2:-0.442132 2,2:-0.337848 3,3:0.174001 4,4:0.443111 Printing matrix: 0,0:-0.176698 0,1:40.243 0,3:40.114 1,1:-0.128068 1,2:-40.0492 2,2:0.0342569 3,3:-0.0720691 4,4:-1.36424e-12 0,0:250,-307.729 0,1:391.5,-220.315 0,3:362.25,-143.15 1,1:250,-179.038 1,2:265.5,157.413 2,2:250,84.4295 3,3:250,-43.4338 4,4:250,-110.778 MaxChange0.000640621 StepSize1 Iteration: 9 Printing matrix: 0,0:1.23091 0,1:0.460575 0,3:0.284749 1,1:0.71615 1,2:-0.442233 2,2:-0.337718 3,3:0.173735 4,4:0.443111 Printing matrix: 0,0:-0.160155 0,1:40.2291 0,3:40.1071 1,1:-0.113557 1,2:-40.0267 2,2:0.0323661 3,3:-0.0664259 4,4:-9.09495e-13 0,0:250,-307.581 0,1:391.5,-220.52 0,3:362.25,-143.248 1,1:250,-178.926 1,2:265.5,157.438 2,2:250,84.4105 3,3:250,-43.3714 4,4:250,-110.778 MaxChange0.000591144 StepSize1 Iteration: 10 Printing matrix: 0,0:1.23032 0,1:0.461097 0,3:0.28502 1,1:0.715705 1,2:-0.442327 2,2:-0.337642 3,3:0.173486 4,4:0.443111 Printing matrix: 0,0:-0.147786 0,1:40.2046 0,3:40.0979 1,1:-0.111262 1,2:-40.0249 2,2:0.0190358 3,3:-0.0623801 4,4:-7.95808e-13 0,0:250,-307.446 0,1:391.5,-220.71 0,3:362.25,-143.34 1,1:250,-178.825 1,2:265.5,157.451 2,2:250,84.3939 3,3:250,-43.3143 4,4:250,-110.778 MaxChange0.000538861 StepSize1 Iteration: 11 Printing matrix: 0,0:1.22978 0,1:0.461584 0,3:0.285273 1,1:0.715301 1,2:-0.442376 2,2:-0.337576 3,3:0.173257 4,4:0.443111 Printing matrix: 0,0:-0.134715 0,1:40.1907 0,3:40.0918 1,1:-0.101061 1,2:-40.0132 2,2:0.0165644 3,3:-0.0570695 4,4:-7.95808e-13 0,0:250,-307.322 0,1:391.5,-220.883 0,3:362.25,-143.424 1,1:250,-178.729 1,2:265.5,157.462 2,2:250,84.3845 3,3:250,-43.2609 4,4:250,-110.778 MaxChange0.00049677 StepSize1 Iteration: 12 Printing matrix: 0,0:1.22929 0,1:0.462025 0,3:0.285505 1,1:0.714915 1,2:-0.442418 2,2:-0.337538 3,3:0.173044 4,4:0.443111 Printing matrix: 0,0:-0.124193 0,1:40.1726 0,3:40.084 1,1:-0.0965414 1,2:-40.0111 2,2:0.00948815 3,3:-0.053448 4,4:5.22959e-12 0,0:250,-307.208 0,1:391.5,-221.043 0,3:362.25,-143.502 1,1:250,-178.64 1,2:265.5,157.467 2,2:250,84.3769 3,3:250,-43.212 4,4:250,-110.778 MaxChange0.000454703 StepSize1 Iteration: 13 Printing matrix: 0,0:1.22883 0,1:0.462434 0,3:0.285721 1,1:0.71456 1,2:-0.442437 2,2:-0.337508 3,3:0.172848 4,4:0.443111 Printing matrix: 0,0:-0.113676 0,1:40.16 0,3:40.0783 1,1:-0.0886577 1,2:-40.005 2,2:0.00751296 3,3:-0.0489492 4,4:-1.36424e-12 0,0:250,-307.103 0,1:391.5,-221.189 0,3:362.25,-143.574 1,1:250,-178.556 1,2:265.5,157.47 2,2:250,84.3732 3,3:250,-43.1663 4,4:250,-110.778 MaxChange0.000419027 StepSize1 Iteration: 14 Printing matrix: 0,0:1.22841 0,1:0.462807 0,3:0.285919 1,1:0.714226 1,2:-0.44245 2,2:-0.337493 3,3:0.172665 4,4:0.443111 Printing matrix: 0,0:-0.104757 0,1:40.146 0,3:40.0718 1,1:-0.0835446 1,2:-40.0034 2,2:0.00372337 3,3:-0.0456097 4,4:-1.36424e-12 0,0:250,-307.007 0,1:391.5,-221.324 0,3:362.25,-143.641 1,1:250,-178.479 1,2:265.5,157.471 2,2:250,84.3708 3,3:250,-43.1245 4,4:250,-110.778 MaxChange0.000384614 StepSize1 Iteration: 15 Printing matrix: 0,0:1.22803 0,1:0.463151 0,3:0.286103 1,1:0.713918 1,2:-0.442451 2,2:-0.337483 3,3:0.172498 4,4:0.443111 Printing matrix: 0,0:-0.0961535 0,1:40.1349 0,3:40.0667 1,1:-0.0770976 1,2:-40.0002 2,2:0.00239391 3,3:-0.0418628 4,4:-9.09495e-13 0,0:250,-306.919 0,1:391.5,-221.447 0,3:362.25,-143.702 1,1:250,-178.407 1,2:265.5,157.47 2,2:250,84.3704 3,3:250,-43.0856 4,4:250,-110.778 MaxChange0.000354436 StepSize1 Iteration: 16 Printing matrix: 0,0:1.22767 0,1:0.463467 0,3:0.286272 1,1:0.713629 1,2:-0.442448 2,2:-0.337482 3,3:0.172343 4,4:0.443111 Printing matrix: 0,0:-0.0886089 0,1:40.1237 0,3:40.0613 1,1:-0.0720984 1,2:-39.9992 2,2:0.000383065 3,3:-0.0388457 4,4:-7.95808e-13 0,0:250,-306.837 0,1:391.5,-221.562 0,3:362.25,-143.759 1,1:250,-178.341 1,2:265.5,157.468 2,2:250,84.3709 3,3:250,-43.0499 4,4:250,-110.778 MaxChange0.000325928 StepSize1 Iteration: 17 Printing matrix: 0,0:1.22735 0,1:0.463759 0,3:0.286429 1,1:0.713363 1,2:-0.442439 2,2:-0.337483 3,3:0.1722 4,4:0.443111 Printing matrix: 0,0:-0.0814821 0,1:40.1142 0,3:40.0567 1,1:-0.0666689 1,2:-39.9976 2,2:-0.000414735 3,3:-0.0357145 4,4:-7.95808e-13 0,0:250,-306.762 0,1:391.5,-221.667 0,3:362.25,-143.811 1,1:250,-178.279 1,2:265.5,157.465 2,2:250,84.3723 3,3:250,-43.0169 4,4:250,-110.778 MaxChange0.000300411 StepSize1 Iteration: 18 Printing matrix: 0,0:1.22705 0,1:0.464027 0,3:0.286573 1,1:0.713114 1,2:-0.442428 2,2:-0.337489 3,3:0.172067 4,4:0.443111 Printing matrix: 0,0:-0.0751027 0,1:40.105 0,3:40.0522 1,1:-0.0620706 1,2:-39.9971 2,2:-0.00144479 3,3:-0.033048 4,4:5.22959e-12 0,0:250,-306.693 0,1:391.5,-221.764 0,3:362.25,-143.859 1,1:250,-178.221 1,2:265.5,157.461 2,2:250,84.3742 3,3:250,-42.9865 4,4:250,-110.778 MaxChange0.000276586 StepSize1 Iteration: 19 Printing matrix: 0,0:1.22677 0,1:0.464275 0,3:0.286706 1,1:0.712885 1,2:-0.442414 2,2:-0.337497 3,3:0.171946 4,4:0.443111 Printing matrix: 0,0:-0.0691465 0,1:40.097 0,3:40.0482 1,1:-0.0574357 1,2:-39.9963 2,2:-0.00186616 3,3:-0.0304155 4,4:-1.36424e-12 0,0:250,-306.629 0,1:391.5,-221.853 0,3:362.25,-143.904 1,1:250,-178.168 1,2:265.5,157.457 2,2:250,84.3765 3,3:250,-42.9584 4,4:250,-110.778 MaxChange0.000254997 StepSize1 Iteration: 20 Printing matrix: 0,0:1.22652 0,1:0.464503 0,3:0.286829 1,1:0.712671 1,2:-0.442399 2,2:-0.337506 3,3:0.171833 4,4:0.443111 Printing matrix: 0,0:-0.0637492 0,1:40.0893 0,3:40.0444 1,1:-0.0533326 1,2:-39.9961 2,2:-0.00235102 3,3:-0.0280955 4,4:-1.36424e-12 0,0:250,-306.571 0,1:391.5,-221.935 0,3:362.25,-143.945 1,1:250,-178.118 1,2:265.5,157.453 2,2:250,84.3791 3,3:250,-42.9325 4,4:250,-110.778 MaxChange0.000234966 StepSize1 Iteration: 21 Printing matrix: 0,0:1.22628 0,1:0.464714 0,3:0.286942 1,1:0.712474 1,2:-0.442384 2,2:-0.337516 3,3:0.17173 4,4:0.443111 Printing matrix: 0,0:-0.0587414 0,1:40.0824 0,3:40.041 1,1:-0.0493545 1,2:-39.9958 2,2:-0.00252705 3,3:-0.0258723 4,4:-9.09495e-13 0,0:250,-306.516 0,1:391.5,-222.011 0,3:362.25,-143.982 1,1:250,-178.073 1,2:265.5,157.449 2,2:250,84.3818 3,3:250,-42.9086 4,4:250,-110.778 MaxChange0.000216681 StepSize1 Iteration: 22 Printing matrix: 0,0:1.22607 0,1:0.464908 0,3:0.287046 1,1:0.712291 1,2:-0.442368 2,2:-0.337527 3,3:0.171634 4,4:0.443111 Printing matrix: 0,0:-0.0541703 0,1:40.076 0,3:40.0377 1,1:-0.0457535 1,2:-39.9958 2,2:-0.00270993 3,3:-0.0238738 4,4:-7.95808e-13 0,0:250,-306.466 0,1:391.5,-222.082 0,3:362.25,-144.017 1,1:250,-178.03 1,2:265.5,157.444 2,2:250,84.3845 3,3:250,-42.8866 4,4:250,-110.778 MaxChange0.00019977 StepSize1 Iteration: 23 Printing matrix: 0,0:1.22587 0,1:0.465087 0,3:0.287142 1,1:0.712121 1,2:-0.442352 2,2:-0.337538 3,3:0.171546 4,4:0.443111 Printing matrix: 0,0:-0.0499426 0,1:40.0702 0,3:40.0348 1,1:-0.0423342 1,2:-39.9958 2,2:-0.00273593 3,3:-0.0219914 4,4:-7.95808e-13 0,0:250,-306.42 0,1:391.5,-222.146 0,3:362.25,-144.049 1,1:250,-177.991 1,2:265.5,157.44 2,2:250,84.3873 3,3:250,-42.8663 4,4:250,-110.778 MaxChange0.000184268 StepSize1 Iteration: 24 Printing matrix: 0,0:1.22568 0,1:0.465252 0,3:0.287231 1,1:0.711965 1,2:-0.442336 2,2:-0.337549 3,3:0.171465 4,4:0.443111 Printing matrix: 0,0:-0.0460669 0,1:40.0648 0,3:40.0321 1,1:-0.0392042 1,2:-39.9959 2,2:-0.0027547 3,3:-0.0202803 4,4:5.22959e-12 0,0:250,-306.378 0,1:391.5,-222.206 0,3:362.25,-144.079 1,1:250,-177.955 1,2:265.5,157.436 2,2:250,84.3899 3,3:250,-42.8477 4,4:250,-110.778 MaxChange0.000169951 StepSize1 Iteration: 25 Printing matrix: 0,0:1.22551 0,1:0.465405 0,3:0.287312 1,1:0.71182 1,2:-0.442321 2,2:-0.33756 3,3:0.171391 4,4:0.443111 Printing matrix: 0,0:-0.0424879 0,1:40.0598 0,3:40.0296 1,1:-0.0362658 1,2:-39.996 2,2:-0.00269501 3,3:-0.0186844 4,4:-1.36424e-12 0,0:250,-306.339 0,1:391.5,-222.261 0,3:362.25,-144.106 1,1:250,-177.921 1,2:265.5,157.432 2,2:250,84.3926 3,3:250,-42.8304 4,4:250,-110.778 MaxChange0.000156793 StepSize1 Iteration: 26 Printing matrix: 0,0:1.22535 0,1:0.465546 0,3:0.287387 1,1:0.711685 1,2:-0.442307 2,2:-0.33757 3,3:0.171322 4,4:0.443111 Printing matrix: 0,0:-0.0391983 0,1:40.0552 0,3:40.0272 1,1:-0.0335611 1,2:-39.9962 2,2:-0.00262841 3,3:-0.0172248 4,4:-1.36424e-12 0,0:250,-306.302 0,1:391.5,-222.312 0,3:362.25,-144.131 1,1:250,-177.89 1,2:265.5,157.429 2,2:250,84.3951 3,3:250,-42.8146 4,4:250,-110.778 MaxChange0.00014465 StepSize1 Iteration: 27 Printing matrix: 0,0:1.22521 0,1:0.465676 0,3:0.287457 1,1:0.711561 1,2:-0.442293 2,2:-0.33758 3,3:0.171258 4,4:0.443111 Printing matrix: 0,0:-0.0361626 0,1:40.051 0,3:40.0251 1,1:-0.0310382 1,2:-39.9963 2,2:-0.00252435 3,3:-0.015871 4,4:-9.09495e-13 0,0:250,-306.269 0,1:391.5,-222.359 0,3:362.25,-144.154 1,1:250,-177.862 1,2:265.5,157.425 2,2:250,84.3975 3,3:250,-42.7999 4,4:250,-110.778 MaxChange0.000133472 StepSize1 Iteration: 28 Printing matrix: 0,0:1.22508 0,1:0.465797 0,3:0.28752 1,1:0.711446 1,2:-0.44228 2,2:-0.33759 3,3:0.1712 4,4:0.443111 Printing matrix: 0,0:-0.0333681 0,1:40.0471 0,3:40.0231 1,1:-0.0287097 1,2:-39.9965 2,2:-0.00241733 3,3:-0.0146287 4,4:-7.95808e-13 0,0:250,-306.238 0,1:391.5,-222.403 0,3:362.25,-144.176 1,1:250,-177.835 1,2:265.5,157.422 2,2:250,84.3998 3,3:250,-42.7865 4,4:250,-110.778 MaxChange0.000123159 StepSize1 Iteration: 29 Printing matrix: 0,0:1.22495 0,1:0.465908 0,3:0.287579 1,1:0.71134 1,2:-0.442267 2,2:-0.337599 3,3:0.171146 4,4:0.443111 Printing matrix: 0,0:-0.0307898 0,1:40.0435 0,3:40.0213 1,1:-0.0265457 1,2:-39.9967 2,2:-0.00229445 3,3:-0.01348 4,4:-7.95808e-13 0,0:250,-306.21 0,1:391.5,-222.443 0,3:362.25,-144.195 1,1:250,-177.81 1,2:265.5,157.419 2,2:250,84.402 3,3:250,-42.774 4,4:250,-110.778 MaxChange0.000113656 StepSize1 Iteration: 30 Printing matrix: 0,0:1.22484 0,1:0.46601 0,3:0.287634 1,1:0.711242 1,2:-0.442256 2,2:-0.337608 3,3:0.171096 4,4:0.443111 Printing matrix: 0,0:-0.028414 0,1:40.0401 0,3:40.0196 1,1:-0.0245461 1,2:-39.9969 2,2:-0.0021724 3,3:-0.012424 4,4:5.22959e-12 0,0:250,-306.184 0,1:391.5,-222.48 0,3:362.25,-144.213 1,1:250,-177.788 1,2:265.5,157.416 2,2:250,84.404 3,3:250,-42.7626 4,4:250,-110.778 MaxChange0.000104889 StepSize1 Iteration: 31 Printing matrix: 0,0:1.22473 0,1:0.466105 0,3:0.287684 1,1:0.711151 1,2:-0.442245 2,2:-0.337616 3,3:0.17105 4,4:0.443111 Printing matrix: 0,0:-0.0262221 0,1:40.0371 0,3:40.0181 1,1:-0.0226917 1,2:-39.9971 2,2:-0.00204581 3,3:-0.0114492 4,4:-1.36424e-12 0,0:250,-306.159 0,1:391.5,-222.514 0,3:362.25,-144.23 1,1:250,-177.767 1,2:265.5,157.413 2,2:250,84.406 3,3:250,-42.752 4,4:250,-110.778 MaxChange9.68049e-05 StepSize1 Iteration: 32 Printing matrix: 0,0:1.22464 0,1:0.466192 0,3:0.28773 1,1:0.711067 1,2:-0.442234 2,2:-0.337624 3,3:0.171008 4,4:0.443111 Printing matrix: 0,0:-0.0242012 0,1:40.0342 0,3:40.0167 1,1:-0.0209773 1,2:-39.9973 2,2:-0.00192273 3,3:-0.0105522 4,4:-1.36424e-12 0,0:250,-306.137 0,1:391.5,-222.546 0,3:362.25,-144.245 1,1:250,-177.747 1,2:265.5,157.411 2,2:250,84.4078 3,3:250,-42.7423 4,4:250,-110.778 MaxChange8.93464e-05 StepSize1 Iteration: 33 Printing matrix: 0,0:1.22455 0,1:0.466273 0,3:0.287772 1,1:0.71099 1,2:-0.442225 2,2:-0.337631 3,3:0.170969 4,4:0.443111 Printing matrix: 0,0:-0.0223366 0,1:40.0316 0,3:40.0154 1,1:-0.0193895 1,2:-39.9974 2,2:-0.00180092 3,3:-0.00972495 4,4:-9.09495e-13 0,0:250,-306.117 0,1:391.5,-222.575 0,3:362.25,-144.26 1,1:250,-177.73 1,2:265.5,157.408 2,2:250,84.4094 3,3:250,-42.7333 4,4:250,-110.778 MaxChange8.2467e-05 StepSize1 Iteration: 34 Printing matrix: 0,0:1.22447 0,1:0.466348 0,3:0.287811 1,1:0.710918 1,2:-0.442216 2,2:-0.337638 3,3:0.170933 4,4:0.443111 Printing matrix: 0,0:-0.0206168 0,1:40.0292 0,3:40.0142 1,1:-0.0179215 1,2:-39.9976 2,2:-0.00168418 3,3:-0.00896334 4,4:-7.95808e-13 0,0:250,-306.097 0,1:391.5,-222.602 0,3:362.25,-144.273 1,1:250,-177.713 1,2:265.5,157.406 2,2:250,84.411 3,3:250,-42.7251 4,4:250,-110.778 MaxChange7.6119e-05 StepSize1 Iteration: 35 Printing matrix: 0,0:1.22439 0,1:0.466417 0,3:0.287847 1,1:0.710852 1,2:-0.442207 2,2:-0.337644 3,3:0.1709 4,4:0.443111 Printing matrix: 0,0:-0.0190298 0,1:40.027 0,3:40.0131 1,1:-0.0165628 1,2:-39.9978 2,2:-0.0015715 3,3:-0.00826127 4,4:-7.95808e-13 0,0:250,-306.08 0,1:391.5,-222.627 0,3:362.25,-144.285 1,1:250,-177.698 1,2:265.5,157.404 2,2:250,84.4125 3,3:250,-42.7175 4,4:250,-110.778 MaxChange7.02624e-05 StepSize1 Iteration: 36 Printing matrix: 0,0:1.22432 0,1:0.46648 0,3:0.28788 1,1:0.710791 1,2:-0.4422 2,2:-0.33765 3,3:0.17087 4,4:0.443111 Printing matrix: 0,0:-0.0175656 0,1:40.0249 0,3:40.012 1,1:-0.0153067 1,2:-39.9979 2,2:-0.0014646 3,3:-0.0076147 4,4:5.22959e-12 0,0:250,-306.064 0,1:391.5,-222.65 0,3:362.25,-144.296 1,1:250,-177.683 1,2:265.5,157.402 2,2:250,84.4138 3,3:250,-42.7104 4,4:250,-110.778 MaxChange6.48577e-05 StepSize1 Iteration: 37 Printing matrix: 0,0:1.22425 0,1:0.466539 0,3:0.287911 1,1:0.710734 1,2:-0.442192 2,2:-0.337655 3,3:0.170842 4,4:0.443111 Printing matrix: 0,0:-0.0162144 0,1:40.023 0,3:40.0111 1,1:-0.0141449 1,2:-39.9981 2,2:-0.00136292 3,3:-0.00701882 4,4:-1.36424e-12 0,0:250,-306.049 0,1:391.5,-222.671 0,3:362.25,-144.306 1,1:250,-177.67 1,2:265.5,157.4 2,2:250,84.4151 3,3:250,-42.704 4,4:250,-110.778 MaxChange5.98703e-05 StepSize1 Iteration: 38 Printing matrix: 0,0:1.22419 0,1:0.466593 0,3:0.287939 1,1:0.710682 1,2:-0.442186 2,2:-0.33766 3,3:0.170816 4,4:0.443111 Printing matrix: 0,0:-0.0149676 0,1:40.0213 0,3:40.0102 1,1:-0.0130707 1,2:-39.9982 2,2:-0.00126715 3,3:-0.00646992 4,4:-1.36424e-12 0,0:250,-306.035 0,1:391.5,-222.691 0,3:362.25,-144.315 1,1:250,-177.658 1,2:265.5,157.399 2,2:250,84.4163 3,3:250,-42.698 4,4:250,-110.778 MaxChange5.52675e-05 StepSize1 Iteration: 39 Printing matrix: 0,0:1.22414 0,1:0.466644 0,3:0.287965 1,1:0.710633 1,2:-0.442179 2,2:-0.337665 3,3:0.170792 4,4:0.443111 Printing matrix: 0,0:-0.0138169 0,1:40.0197 0,3:40.0094 1,1:-0.0120776 1,2:-39.9983 2,2:-0.00117689 3,3:-0.00596411 4,4:-9.09495e-13 0,0:250,-306.022 0,1:391.5,-222.709 0,3:362.25,-144.324 1,1:250,-177.647 1,2:265.5,157.397 2,2:250,84.4174 3,3:250,-42.6925 4,4:250,-110.778 MaxChange5.10195e-05 StepSize1 Iteration: 40 Printing matrix: 0,0:1.22409 0,1:0.46669 0,3:0.287989 1,1:0.710589 1,2:-0.442174 2,2:-0.337669 3,3:0.17077 4,4:0.443111 Printing matrix: 0,0:-0.0127549 0,1:40.0182 0,3:40.0087 1,1:-0.0111595 1,2:-39.9985 2,2:-0.00109231 3,3:-0.00549811 4,4:-7.95808e-13 0,0:250,-306.01 0,1:391.5,-222.726 0,3:362.25,-144.332 1,1:250,-177.637 1,2:265.5,157.396 2,2:250,84.4184 3,3:250,-42.6874 4,4:250,-110.778 MaxChange4.70988e-05 StepSize1 Iteration: 41 Printing matrix: 0,0:1.22404 0,1:0.466733 0,3:0.288012 1,1:0.710547 1,2:-0.442168 2,2:-0.337674 3,3:0.17075 4,4:0.443111 Printing matrix: 0,0:-0.0117747 0,1:40.0168 0,3:40.008 1,1:-0.0103108 1,2:-39.9986 2,2:-0.00101308 3,3:-0.00506868 4,4:-7.95808e-13 0,0:250,-306 0,1:391.5,-222.741 0,3:362.25,-144.34 1,1:250,-177.627 1,2:265.5,157.394 2,2:250,84.4193 3,3:250,-42.6828 4,4:250,-110.778 MaxChange4.34801e-05 StepSize1 Iteration: 42 Printing matrix: 0,0:1.224 0,1:0.466772 0,3:0.288032 1,1:0.710509 1,2:-0.442163 2,2:-0.337677 3,3:0.170731 4,4:0.443111 Printing matrix: 0,0:-0.01087 0,1:40.0155 0,3:40.0074 1,1:-0.00952638 1,2:-39.9987 2,2:-0.00093911 3,3:-0.00467301 4,4:5.22959e-12 0,0:250,-305.989 0,1:391.5,-222.756 0,3:362.25,-144.346 1,1:250,-177.619 1,2:265.5,157.393 2,2:250,84.4202 3,3:250,-42.6785 4,4:250,-110.778 MaxChange4.01399e-05 StepSize1 Iteration: 43 Printing matrix: 0,0:1.22396 0,1:0.466809 0,3:0.288051 1,1:0.710474 1,2:-0.442159 2,2:-0.337681 3,3:0.170714 4,4:0.443111 Printing matrix: 0,0:-0.010035 0,1:40.0143 0,3:40.0068 1,1:-0.00880136 1,2:-39.9988 2,2:-0.000870096 3,3:-0.00430839 4,4:-1.36424e-12 0,0:250,-305.98 0,1:391.5,-222.769 0,3:362.25,-144.353 1,1:250,-177.61 1,2:265.5,157.392 2,2:250,84.421 3,3:250,-42.6745 4,4:250,-110.778 MaxChange3.70568e-05 StepSize1 Iteration: 44 Printing matrix: 0,0:1.22392 0,1:0.466843 0,3:0.288068 1,1:0.710442 1,2:-0.442154 2,2:-0.337684 3,3:0.170698 4,4:0.443111 Printing matrix: 0,0:-0.00926419 0,1:40.0132 0,3:40.0063 1,1:-0.00813132 1,2:-39.9989 2,2:-0.000805843 3,3:-0.00397238 4,4:-1.36424e-12 0,0:250,-305.972 0,1:391.5,-222.781 0,3:362.25,-144.358 1,1:250,-177.603 1,2:265.5,157.391 2,2:250,84.4217 3,3:250,-42.6708 4,4:250,-110.778 MaxChange3.42108e-05 StepSize1 Iteration: 45 Printing matrix: 0,0:1.22389 0,1:0.466874 0,3:0.288084 1,1:0.710412 1,2:-0.44215 2,2:-0.337687 3,3:0.170683 4,4:0.443111 Printing matrix: 0,0:-0.0085527 0,1:40.0122 0,3:40.0058 1,1:-0.00751209 1,2:-39.999 2,2:-0.00074606 3,3:-0.00366272 4,4:-9.09495e-13 0,0:250,-305.964 0,1:391.5,-222.792 0,3:362.25,-144.364 1,1:250,-177.596 1,2:265.5,157.39 2,2:250,84.4224 3,3:250,-42.6675 4,4:250,-110.778 MaxChange3.15837e-05 StepSize1 Iteration: 46 Printing matrix: 0,0:1.22386 0,1:0.466903 0,3:0.288099 1,1:0.710384 1,2:-0.442147 2,2:-0.33769 3,3:0.17067 4,4:0.443111 Printing matrix: 0,0:-0.00789593 0,1:40.0113 0,3:40.0053 1,1:-0.00693988 1,2:-39.999 2,2:-0.000690512 3,3:-0.00337734 4,4:-7.95808e-13 0,0:250,-305.956 0,1:391.5,-222.803 0,3:362.25,-144.369 1,1:250,-177.59 1,2:265.5,157.389 2,2:250,84.4231 3,3:250,-42.6643 4,4:250,-110.778 MaxChange2.91587e-05 StepSize1 Iteration: 47 Printing matrix: 0,0:1.22383 0,1:0.466929 0,3:0.288113 1,1:0.710358 1,2:-0.442143 2,2:-0.337692 3,3:0.170657 4,4:0.443111 Printing matrix: 0,0:-0.00728966 0,1:40.0104 0,3:40.0049 1,1:-0.00641111 1,2:-39.9991 2,2:-0.000638928 3,3:-0.00311431 4,4:-7.95808e-13 0,0:250,-305.95 0,1:391.5,-222.812 0,3:362.25,-144.373 1,1:250,-177.584 1,2:265.5,157.388 2,2:250,84.4237 3,3:250,-42.6615 4,4:250,-110.778 MaxChange2.692e-05 StepSize1 Iteration: 48 Printing matrix: 0,0:1.2238 0,1:0.466954 0,3:0.288125 1,1:0.710335 1,2:-0.44214 2,2:-0.337695 3,3:0.170646 4,4:0.443111 Printing matrix: 0,0:-0.00673 0,1:40.0096 0,3:40.0045 1,1:-0.00592251 1,2:-39.9992 2,2:-0.00059107 3,3:-0.00287187 4,4:5.22959e-12 0,0:250,-305.944 0,1:391.5,-222.821 0,3:362.25,-144.377 1,1:250,-177.578 1,2:265.5,157.387 2,2:250,84.4242 3,3:250,-42.6588 4,4:250,-110.778 MaxChange2.48534e-05 StepSize1 Iteration: 49 Printing matrix: 0,0:1.22377 0,1:0.466977 0,3:0.288137 1,1:0.710313 1,2:-0.442137 2,2:-0.337697 3,3:0.170635 4,4:0.443111 Printing matrix: 0,0:-0.00621336 0,1:40.0089 0,3:40.0042 1,1:-0.00547105 1,2:-39.9992 2,2:-0.000546687 3,3:-0.00264841 4,4:-1.36424e-12 0,0:250,-305.938 0,1:391.5,-222.83 0,3:362.25,-144.381 1,1:250,-177.573 1,2:265.5,157.387 2,2:250,84.4247 3,3:250,-42.6564 4,4:250,-110.778 MaxChange2.29457e-05 StepSize1 Iteration: 50 Printing matrix: 0,0:1.22375 0,1:0.466998 0,3:0.288147 1,1:0.710292 1,2:-0.442135 2,2:-0.337699 3,3:0.170625 4,4:0.443111 Printing matrix: 0,0:-0.00573642 0,1:40.0082 0,3:40.0039 1,1:-0.00505393 1,2:-39.9993 2,2:-0.000505555 3,3:-0.00244243 4,4:-1.36424e-12 0,0:250,-305.933 0,1:391.5,-222.837 0,3:362.25,-144.385 1,1:250,-177.568 1,2:265.5,157.386 2,2:250,84.4252 3,3:250,-42.6541 4,4:250,-110.778 MaxChange2.11845e-05 StepSize1 Iteration: 51 Printing matrix: 0,0:1.22373 0,1:0.467017 0,3:0.288157 1,1:0.710274 1,2:-0.442132 2,2:-0.337701 3,3:0.170616 4,4:0.443111 Printing matrix: 0,0:-0.00529612 0,1:40.0076 0,3:40.0036 1,1:-0.00466852 1,2:-39.9993 2,2:-0.000467449 3,3:-0.00225255 4,4:-9.09495e-13 0,0:250,-305.928 0,1:391.5,-222.844 0,3:362.25,-144.388 1,1:250,-177.564 1,2:265.5,157.386 2,2:250,84.4256 3,3:250,-42.652 4,4:250,-110.778 MaxChange1.95586e-05 StepSize1 Iteration: 52 Printing matrix: 0,0:1.22371 0,1:0.467035 0,3:0.288166 1,1:0.710256 1,2:-0.44213 2,2:-0.337702 3,3:0.170608 4,4:0.443111 Printing matrix: 0,0:-0.00488965 0,1:40.007 0,3:40.0033 1,1:-0.00431245 1,2:-39.9994 2,2:-0.000432161 3,3:-0.0020775 4,4:-7.95808e-13 0,0:250,-305.923 0,1:391.5,-222.851 0,3:362.25,-144.391 1,1:250,-177.56 1,2:265.5,157.385 2,2:250,84.426 3,3:250,-42.6501 4,4:250,-110.778 MaxChange1.80576e-05 StepSize1 Iteration: 53 Printing matrix: 0,0:1.22369 0,1:0.467051 0,3:0.288175 1,1:0.710241 1,2:-0.442128 2,2:-0.337704 3,3:0.170601 4,4:0.443111 Printing matrix: 0,0:-0.0045144 0,1:40.0065 0,3:40.003 1,1:-0.00398347 1,2:-39.9994 2,2:-0.000399492 3,3:-0.00191613 4,4:-7.95808e-13 0,0:250,-305.919 0,1:391.5,-222.857 0,3:362.25,-144.394 1,1:250,-177.556 1,2:265.5,157.384 2,2:250,84.4264 3,3:250,-42.6484 4,4:250,-110.778 MaxChange1.66719e-05 StepSize1 Iteration: 54 Printing matrix: 0,0:1.22368 0,1:0.467067 0,3:0.288182 1,1:0.710226 1,2:-0.442126 2,2:-0.337706 3,3:0.170593 4,4:0.443111 Printing matrix: 0,0:-0.00416797 0,1:40.006 0,3:40.0028 1,1:-0.00367955 1,2:-39.9995 2,2:-0.000369259 3,3:-0.00176735 4,4:5.22959e-12 0,0:250,-305.915 0,1:391.5,-222.862 0,3:362.25,-144.397 1,1:250,-177.553 1,2:265.5,157.384 2,2:250,84.4267 3,3:250,-42.6467 4,4:250,-110.778 MaxChange1.53926e-05 StepSize1 Iteration: 55 Printing matrix: 0,0:1.22366 0,1:0.467081 0,3:0.288189 1,1:0.710212 1,2:-0.442124 2,2:-0.337707 3,3:0.170587 4,4:0.443111 Printing matrix: 0,0:-0.00384814 0,1:40.0055 0,3:40.0026 1,1:-0.00339877 1,2:-39.9995 2,2:-0.000341284 3,3:-0.00163017 4,4:-1.36424e-12 0,0:250,-305.912 0,1:391.5,-222.867 0,3:362.25,-144.399 1,1:250,-177.55 1,2:265.5,157.384 2,2:250,84.427 3,3:250,-42.6452 4,4:250,-110.778 MaxChange1.42115e-05 StepSize1 Iteration: 56 Printing matrix: 0,0:1.22365 0,1:0.467094 0,3:0.288196 1,1:0.7102 1,2:-0.442123 2,2:-0.337708 3,3:0.170581 4,4:0.443111 Printing matrix: 0,0:-0.00355288 0,1:40.0051 0,3:40.0024 1,1:-0.00313937 1,2:-39.9996 2,2:-0.000315406 3,3:-0.0015037 4,4:-1.36424e-12 0,0:250,-305.908 0,1:391.5,-222.872 0,3:362.25,-144.401 1,1:250,-177.547 1,2:265.5,157.383 2,2:250,84.4273 3,3:250,-42.6438 4,4:250,-110.778 MaxChange1.31211e-05 StepSize1 Iteration: 57 Printing matrix: 0,0:1.22363 0,1:0.467106 0,3:0.288202 1,1:0.710188 1,2:-0.442121 2,2:-0.337709 3,3:0.170575 4,4:0.443111 Printing matrix: 0,0:-0.00328028 0,1:40.0047 0,3:40.0022 1,1:-0.00289974 1,2:-39.9996 2,2:-0.00029147 3,3:-0.00138707 4,4:-9.09495e-13 0,0:250,-305.905 0,1:391.5,-222.876 0,3:362.25,-144.403 1,1:250,-177.544 1,2:265.5,157.383 2,2:250,84.4276 3,3:250,-42.6426 4,4:250,-110.778 MaxChange1.21145e-05 StepSize1 Iteration: 58 Printing matrix: 0,0:1.22362 0,1:0.467117 0,3:0.288208 1,1:0.710177 1,2:-0.44212 2,2:-0.33771 3,3:0.17057 4,4:0.443111 Printing matrix: 0,0:-0.00302862 0,1:40.0043 0,3:40.002 1,1:-0.00267838 1,2:-39.9996 2,2:-0.000269336 3,3:-0.00127954 4,4:-7.95808e-13 0,0:250,-305.902 0,1:391.5,-222.88 0,3:362.25,-144.405 1,1:250,-177.542 1,2:265.5,157.382 2,2:250,84.4279 3,3:250,-42.6414 4,4:250,-110.778 MaxChange1.11851e-05 StepSize1 Iteration: 59 Printing matrix: 0,0:1.22361 0,1:0.467127 0,3:0.288213 1,1:0.710167 1,2:-0.442118 2,2:-0.337711 3,3:0.170566 4,4:0.443111 Printing matrix: 0,0:-0.00279627 0,1:40.004 0,3:40.0019 1,1:-0.00247388 1,2:-39.9997 2,2:-0.00024887 3,3:-0.00118037 4,4:-7.95808e-13 0,0:250,-305.9 0,1:391.5,-222.884 0,3:362.25,-144.407 1,1:250,-177.54 1,2:265.5,157.382 2,2:250,84.4281 3,3:250,-42.6403 4,4:250,-110.778 MaxChange1.0327e-05 StepSize1 Iteration: 60 Printing matrix: 0,0:1.2236 0,1:0.467137 0,3:0.288218 1,1:0.710158 1,2:-0.442117 2,2:-0.337712 3,3:0.170561 4,4:0.443111 Printing matrix: 0,0:-0.00258176 0,1:40.0037 0,3:40.0017 1,1:-0.00228498 1,2:-39.9997 2,2:-0.000229949 3,3:-0.00108892 4,4:5.22959e-12 0,0:250,-305.897 0,1:391.5,-222.887 0,3:362.25,-144.408 1,1:250,-177.537 1,2:265.5,157.382 2,2:250,84.4283 3,3:250,-42.6393 4,4:250,-110.778 MaxChange9.53484e-06 StepSize1 Iteration: 61 Printing matrix: 0,0:1.22359 0,1:0.467145 0,3:0.288222 1,1:0.71015 1,2:-0.442116 2,2:-0.337713 3,3:0.170557 4,4:0.443111 Printing matrix: 0,0:-0.00220086 0,1:40.0032 0,3:40.0015 1,1:-0.00194929 1,2:-39.9997 2,2:-0.00019629 3,3:-0.000926808 4,4:-1.36424e-12 0,0:250,-305.895 0,1:391.5,-222.891 0,3:362.25,-144.41 1,1:250,-177.536 1,2:265.5,157.382 2,2:250,84.4285 3,3:250,-42.6384 4,4:250,-110.778 MaxChange8.80345e-06 StepSize1 Iteration: 0 Called from: BMNcheckSubGrad(W, S, Theta, rhoMatRest, thrCheck) Browse[3]> debug: if ((violLarge == 0) && (violSign == 0) && (violT1 == 0)) { converged = TRUE } else { converged = FALSE } Browse[4]> debug: converged = FALSE Browse[4]> debug: return(list(converged = converged, violLarge = violLarge, violSign = violSign, violT1 = violT1)) Browse[4]> cleanEx() Browse[4]> nameEx("BMNJT") Browse[4]> ### * BMNJT Browse[4]> Printing matrix: 0,0:1.22358 0,1:0.467153 0,3:0.288226 1,1:0.710142 1,2:-0.442115 2,2:-0.337714 3,3:0.170553 4,4:0.443111 Printing matrix: 0,0:-1.83255e-06 0,1:-1.83255e-06 0,3:-1.83255e-06 1,1:-1.83255e-06 1,2:-1.83255e-06 2,2:-1.83255e-06 3,3:-1.83255e-06 4,4:-1.83255e-06 0,0:250,-306.122 0,1:391.5,-223.264 0,3:362.25,-144.593 1,1:250,-177.786 1,2:265.5,157.348 2,2:250,84.4962 3,3:250,-42.683 4,4:250,-110.778 MaxChange0.00100286 StepSize1 Iteration: 0 Printing matrix: 0,0:1.22449 0,1:0.468107 0,3:0.288732 1,1:0.711145 1,2:-0.441988 2,2:-0.337985 3,3:0.170732 4,4:0.443111 Printing matrix: 0,0:0.226609 0,1:40.3732 0,3:40.1834 1,1:0.250715 1,2:-39.9662 2,2:-0.0676722 3,3:0.0446506 4,4:4.09273e-12 0,0:250,-306.117 0,1:391.5,-223.13 0,3:362.25,-144.494 1,1:250,-177.672 1,2:265.5,157.437 2,2:250,84.5231 3,3:250,-42.5832 4,4:250,-110.778 MaxChange0.00045668 StepSize1 Iteration: 1 Printing matrix: 0,0:1.22447 0,1:0.467765 0,3:0.288459 1,1:0.710688 1,2:-0.442326 2,2:-0.338093 3,3:0.170333 4,4:0.443111 Printing matrix: 0,0:-0.00521956 0,1:39.8664 0,3:39.9009 1,1:-0.11417 1,2:-40.0897 2,2:-0.0269595 3,3:-0.0997716 4,4:3.52429e-12 0,0:250,-306.162 0,1:391.5,-223.191 0,3:362.25,-144.567 1,1:250,-177.73 1,2:265.5,157.376 2,2:250,84.4736 3,3:250,-42.6338 4,4:250,-110.778 MaxChange0.000233041 StepSize1 Iteration: 2 Printing matrix: 0,0:1.22465 0,1:0.467921 0,3:0.28866 1,1:0.710921 1,2:-0.442094 2,2:-0.337895 3,3:0.170535 4,4:0.443111 Printing matrix: 0,0:0.0453005 0,1:40.0608 0,3:40.073 1,1:0.0582602 1,2:-39.9386 2,2:0.0494812 3,3:0.0505948 4,4:1.81899e-12 0,0:250,-306.157 0,1:391.5,-223.136 0,3:362.25,-144.525 1,1:250,-177.699 1,2:265.5,157.426 2,2:250,84.5042 3,3:250,-42.5956 4,4:250,-110.778 MaxChange0.000189599 StepSize1 Iteration: 3 Printing matrix: 0,0:1.22463 0,1:0.467781 0,3:0.288542 1,1:0.710797 1,2:-0.442284 2,2:-0.338017 3,3:0.170382 4,4:0.443111 Printing matrix: 0,0:-0.0051797 0,1:39.9454 0,3:39.9574 1,1:-0.0311986 1,2:-40.0503 2,2:-0.030553 3,3:-0.0382476 4,4:1.47793e-12 0,0:250,-306.174 0,1:391.5,-223.156 0,3:362.25,-144.553 1,1:250,-177.73 1,2:265.5,157.396 2,2:250,84.4781 3,3:250,-42.6175 4,4:250,-110.778 MaxChange0.000123664 StepSize1 Iteration: 4 Printing matrix: 0,0:1.2247 0,1:0.467831 0,3:0.28862 1,1:0.71092 1,2:-0.442168 2,2:-0.337912 3,3:0.17047 4,4:0.443111 Printing matrix: 0,0:0.0174221 0,1:40.0193 0,3:40.0281 1,1:0.030916 1,2:-39.9693 2,2:0.0261078 3,3:0.0219306 4,4:1.36424e-12 0,0:250,-306.173 0,1:391.5,-223.126 0,3:362.25,-144.535 1,1:250,-177.719 1,2:265.5,157.42 2,2:250,84.4932 3,3:250,-42.6029 4,4:250,-110.778 MaxChange9.3392e-05 StepSize1 Iteration: 5 Printing matrix: 0,0:1.22469 0,1:0.467755 0,3:0.288571 1,1:0.710878 1,2:-0.442262 2,2:-0.337973 3,3:0.170412 4,4:0.443111 Printing matrix: 0,0:-0.0011201 0,1:39.9703 0,3:39.9822 1,1:-0.0105714 1,2:-40.0248 2,2:-0.0151352 3,3:-0.0146387 4,4:1.25056e-12 0,0:250,-306.182 0,1:391.5,-223.13 0,3:362.25,-144.546 1,1:250,-177.737 1,2:265.5,157.406 2,2:250,84.4804 3,3:250,-42.6121 4,4:250,-110.778 MaxChange6.96416e-05 StepSize1 Iteration: 6 Printing matrix: 0,0:1.22473 0,1:0.467766 0,3:0.288602 1,1:0.710948 1,2:-0.442208 2,2:-0.337921 3,3:0.170449 4,4:0.443111 Printing matrix: 0,0:0.00927892 0,1:40.0044 0,3:40.0112 1,1:0.0174104 1,2:-39.9858 2,2:0.0128508 3,3:0.00925322 4,4:-2.26237e-11 0,0:250,-306.184 0,1:391.5,-223.113 0,3:362.25,-144.538 1,1:250,-177.735 1,2:265.5,157.418 2,2:250,84.4873 3,3:250,-42.6063 4,4:250,-110.778 MaxChange4.59377e-05 StepSize1 Iteration: 7 Printing matrix: 0,0:1.22474 0,1:0.467721 0,3:0.28858 1,1:0.710938 1,2:-0.442254 2,2:-0.337949 3,3:0.170425 4,4:0.443111 Printing matrix: 0,0:0.00138886 0,1:39.9824 0,3:39.9922 1,1:-0.00236056 1,2:-40.0122 2,2:-0.00689353 3,3:-0.00580576 4,4:1.09139e-11 0,0:250,-306.19 0,1:391.5,-223.111 0,3:362.25,-144.543 1,1:250,-177.745 1,2:265.5,157.412 2,2:250,84.4809 3,3:250,-42.6104 4,4:250,-110.778 MaxChange4.15713e-05 StepSize1 Iteration: 8 Printing matrix: 0,0:1.22476 0,1:0.467717 0,3:0.288593 1,1:0.71098 1,2:-0.442231 2,2:-0.337924 3,3:0.170442 4,4:0.443111 Printing matrix: 0,0:0.00595254 0,1:39.9984 0,3:40.0044 1,1:0.0103928 1,2:-39.9938 2,2:0.00638004 3,3:0.00406778 4,4:3.63798e-12 0,0:250,-306.192 0,1:391.5,-223.1 0,3:362.25,-144.539 1,1:250,-177.746 1,2:265.5,157.418 2,2:250,84.4838 3,3:250,-42.6081 4,4:250,-110.778 MaxChange2.90981e-05 StepSize1 Iteration: 9 Printing matrix: 0,0:1.22477 0,1:0.467688 0,3:0.288582 1,1:0.710984 1,2:-0.442254 2,2:-0.337935 3,3:0.170432 4,4:0.443111 Printing matrix: 0,0:0.00236278 0,1:39.9886 0,3:39.9963 1,1:0.000986838 1,2:-40.0061 2,2:-0.00295257 3,3:-0.00228606 4,4:2.04636e-12 0,0:250,-306.196 0,1:391.5,-223.096 0,3:362.25,-144.541 1,1:250,-177.753 1,2:265.5,157.416 2,2:250,84.4806 3,3:250,-42.61 4,4:250,-110.778 MaxChange2.68817e-05 StepSize1 Iteration: 10 Printing matrix: 0,0:1.22479 0,1:0.467678 0,3:0.288587 1,1:0.71101 1,2:-0.442244 2,2:-0.337922 3,3:0.17044 4,4:0.443111 Printing matrix: 0,0:0.00429169 0,1:39.9963 0,3:40.0016 1,1:0.00672043 1,2:-39.9974 2,2:0.00324407 3,3:0.00192685 4,4:1.93268e-12 0,0:250,-306.199 0,1:391.5,-223.088 0,3:362.25,-144.539 1,1:250,-177.755 1,2:265.5,157.419 2,2:250,84.4817 3,3:250,-42.6092 4,4:250,-110.778 MaxChange2.04743e-05 StepSize1 Iteration: 11 Printing matrix: 0,0:1.2248 0,1:0.467658 0,3:0.288582 1,1:0.711019 1,2:-0.442256 2,2:-0.337927 3,3:0.170437 4,4:0.443111 Printing matrix: 0,0:0.00256876 0,1:39.992 0,3:39.9981 1,1:0.0022039 1,2:-40.0032 2,2:-0.00114229 3,3:-0.000816732 4,4:1.47793e-12 0,0:250,-306.202 0,1:391.5,-223.084 0,3:362.25,-144.539 1,1:250,-177.76 1,2:265.5,157.418 2,2:250,84.48 3,3:250,-42.6102 4,4:250,-110.778 MaxChange1.88387e-05 StepSize1 Iteration: 12 Printing matrix: 0,0:1.22481 0,1:0.467647 0,3:0.288583 1,1:0.711038 1,2:-0.442252 2,2:-0.33792 3,3:0.170441 4,4:0.443111 Printing matrix: 0,0:0.00333092 0,1:39.9957 0,3:40.0004 1,1:0.00470968 1,2:-39.9991 2,2:0.00171872 3,3:0.00102191 4,4:1.36424e-12 0,0:250,-306.205 0,1:391.5,-223.078 0,3:362.25,-144.538 1,1:250,-177.762 1,2:265.5,157.42 2,2:250,84.4804 3,3:250,-42.6101 4,4:250,-110.778 MaxChange1.5412e-05 StepSize1 Iteration: 13 Printing matrix: 0,0:1.22482 0,1:0.467631 0,3:0.28858 1,1:0.711048 1,2:-0.442259 2,2:-0.337921 3,3:0.17044 4,4:0.443111 Printing matrix: 0,0:0.00245065 0,1:39.994 0,3:39.9989 1,1:0.00249135 1,2:-40.0017 2,2:-0.000340234 3,3:-0.000186208 4,4:1.25056e-12 0,0:250,-306.207 0,1:391.5,-223.074 0,3:362.25,-144.538 1,1:250,-177.766 1,2:265.5,157.42 2,2:250,84.4794 3,3:250,-42.6107 4,4:250,-110.778 MaxChange1.41063e-05 StepSize1 Iteration: 14 Printing matrix: 0,0:1.22483 0,1:0.467621 0,3:0.288579 1,1:0.711062 1,2:-0.442258 2,2:-0.337918 3,3:0.170443 4,4:0.443111 Printing matrix: 0,0:0.00270236 0,1:39.9959 0,3:39.9999 1,1:0.00352658 1,2:-39.9998 2,2:0.000966785 3,3:0.000627417 4,4:-2.26237e-11 0,0:250,-306.21 0,1:391.5,-223.069 0,3:362.25,-144.537 1,1:250,-177.768 1,2:265.5,157.421 2,2:250,84.4794 3,3:250,-42.6108 4,4:250,-110.778 MaxChange1.21594e-05 StepSize1 Iteration: 15 Printing matrix: 0,0:1.22484 0,1:0.467609 0,3:0.288577 1,1:0.711072 1,2:-0.442262 2,2:-0.337918 3,3:0.170443 4,4:0.443111 Printing matrix: 0,0:0.00221474 0,1:39.9952 0,3:39.9992 1,1:0.00239301 1,2:-40.001 2,2:-2.91812e-06 3,3:8.56994e-05 4,4:1.09139e-11 0,0:250,-306.212 0,1:391.5,-223.065 0,3:362.25,-144.537 1,1:250,-177.771 1,2:265.5,157.421 2,2:250,84.4788 3,3:250,-42.6112 4,4:250,-110.778 MaxChange1.10741e-05 StepSize1 Iteration: 16 Printing matrix: 0,0:1.22485 0,1:0.467599 0,3:0.288576 1,1:0.711083 1,2:-0.442262 2,2:-0.337915 3,3:0.170445 4,4:0.443111 Printing matrix: 0,0:0.00224845 0,1:39.9963 0,3:39.9997 1,1:0.00276853 1,2:-40.0001 2,2:0.000586175 3,3:0.000447104 4,4:3.63798e-12 0,0:250,-306.214 0,1:391.5,-223.061 0,3:362.25,-144.536 1,1:250,-177.773 1,2:265.5,157.421 2,2:250,84.4787 3,3:250,-42.6114 4,4:250,-110.778 MaxChange9.88252e-06 StepSize1 Iteration: 17 Printing matrix: 0,0:1.22486 0,1:0.467589 0,3:0.288575 1,1:0.711091 1,2:-0.442265 2,2:-0.337915 3,3:0.170446 4,4:0.443111 Printing matrix: 0,0:0.00189675 0,1:39.9967 0,3:39.9996 1,1:0.00224095 1,2:-40.0002 2,2:0.000385135 3,3:0.000357498 4,4:1.93268e-12 0,0:250,-306.216 0,1:391.5,-223.058 0,3:362.25,-144.536 1,1:250,-177.775 1,2:265.5,157.422 2,2:250,84.4783 3,3:250,-42.6118 4,4:250,-110.778 MaxChange8.9638e-06 StepSize1 Iteration: 0 Called from: BMNcheckSubGrad(W, S, Theta, rhoMatRest, thrCheck) Browse[3]> flush(stderr()); flush(stdout()) Browse[3]> debug: if ((violLarge == 0) && (violSign == 0) && (violT1 == 0)) { converged = TRUE } else { converged = FALSE } Browse[4]> ### Name: BMNJT Browse[4]> ### Title: Junction tree algorithm for pairwise binary Markov networks Browse[4]> ### Aliases: BMNJT Browse[4]> ### Keywords: multivariate Browse[4]> debug: converged = FALSE Browse[4]> ### ** Examples Browse[4]> debug: return(list(converged = converged, violLarge = violLarge, violSign = violSign, violT1 = violT1)) Browse[4]> library(BMN) Browse[4]> Theta = matrix(numeric(25), ncol=5) Browse[4]> Theta[1,1]=0.5; Theta[2,2]=0.5; Theta[3,3]=0; Theta[4,4]= -0.5; Theta[5,5]= 0.5; Browse[4]> Theta[1,2]=Theta[2,1]=1; Theta[1,4]=Theta[4,1]=1; Theta[2,3]=Theta[3,2]= -1; Browse[4]> Printing matrix: 0,0:1.2244 0,1:0.467427 0,3:0.288448 1,1:0.710755 1,2:-0.442211 2,2:-0.337841 3,3:0.170485 4,4:0.443111 Printing matrix: 0,0:-1.83255e-06 0,1:-1.83255e-06 0,3:-1.83255e-06 1,1:-1.83255e-06 1,2:-1.83255e-06 2,2:-1.83255e-06 3,3:-1.83255e-06 4,4:-1.83255e-06 0,0:250,-306.013 0,1:391.5,-222.853 0,3:362.25,-144.419 1,1:250,-177.578 1,2:265.5,157.417 2,2:250,84.4044 3,3:250,-42.5871 4,4:250,-110.778 MaxChange0.000442249 StepSize1 Iteration: 0 Printing matrix: 0,0:1.22405 0,1:0.467057 0,3:0.288252 1,1:0.710313 1,2:-0.44225 2,2:-0.337617 3,3:0.170348 4,4:0.443111 Printing matrix: 0,0:-0.0877244 0,1:39.8549 0,3:39.9288 1,1:-0.110562 1,2:-40.0104 2,2:0.0560126 3,3:-0.0342634 4,4:-3.52429e-12 0,0:250,-306.015 0,1:391.5,-222.912 0,3:362.25,-144.471 1,1:250,-177.619 1,2:265.5,157.397 2,2:250,84.3923 3,3:250,-42.6251 4,4:250,-110.778 MaxChange0.000163739 StepSize1 Iteration: 1 Printing matrix: 0,0:1.22406 0,1:0.467209 0,3:0.288395 1,1:0.710477 1,2:-0.442172 2,2:-0.337569 3,3:0.1705 4,4:0.443111 Printing matrix: 0,0:0.00220838 0,1:40.0598 0,3:40.0521 1,1:0.0409348 1,2:-39.9791 2,2:0.0120434 3,3:0.038004 4,4:-1.81899e-12 0,0:250,-305.993 0,1:391.5,-222.895 0,3:362.25,-144.446 1,1:250,-177.597 1,2:265.5,157.423 2,2:250,84.4032 3,3:250,-42.5979 4,4:250,-110.778 MaxChange0.000108835 StepSize1 Iteration: 2 Printing matrix: 0,0:1.22397 0,1:0.467165 0,3:0.288325 1,1:0.710386 1,2:-0.442273 2,2:-0.337613 3,3:0.170391 4,4:0.443111 Printing matrix: 0,0:-0.021856 0,1:39.9829 0,3:39.9746 1,1:-0.0226089 1,2:-40.0268 2,2:-0.0108844 3,3:-0.0272088 4,4:-1.36424e-12 0,0:250,-305.991 0,1:391.5,-222.921 0,3:362.25,-144.47 1,1:250,-177.607 1,2:265.5,157.41 2,2:250,84.3887 3,3:250,-42.6107 4,4:250,-110.778 MaxChange6.56675e-05 StepSize1 Iteration: 3 Printing matrix: 0,0:1.22396 0,1:0.46723 0,3:0.288391 1,1:0.710428 1,2:-0.442224 2,2:-0.337555 3,3:0.170443 4,4:0.443111 Printing matrix: 0,0:-0.00201604 0,1:40.0253 0,3:40.0238 1,1:0.0102692 1,2:-39.987 2,2:0.0144994 3,3:0.0128771 4,4:-1.25056e-12 0,0:250,-305.98 0,1:391.5,-222.918 0,3:362.25,-144.463 1,1:250,-177.595 1,2:265.5,157.425 2,2:250,84.3947 3,3:250,-42.5981 4,4:250,-110.778 MaxChange5.46133e-05 StepSize1 Iteration: 4 Printing matrix: 0,0:1.22392 0,1:0.467223 0,3:0.288372 1,1:0.710379 1,2:-0.442279 2,2:-0.337579 3,3:0.170392 4,4:0.443111 Printing matrix: 0,0:-0.0110381 0,1:39.9972 0,3:39.9931 1,1:-0.0122332 1,2:-40.0145 2,2:-0.00602311 3,3:-0.0126297 4,4:-1.25056e-12 0,0:250,-305.977 0,1:391.5,-222.933 0,3:362.25,-144.475 1,1:250,-177.598 1,2:265.5,157.419 2,2:250,84.3869 3,3:250,-42.6014 4,4:250,-110.778 MaxChange3.81419e-05 StepSize1 Iteration: 5 Printing matrix: 0,0:1.22391 0,1:0.467261 0,3:0.288405 1,1:0.71039 1,2:-0.442256 2,2:-0.337548 3,3:0.170406 4,4:0.443111 Printing matrix: 0,0:-0.00341792 0,1:40.0149 0,3:40.0119 1,1:0.00286114 1,2:-39.9939 2,2:0.0078192 3,3:0.00326688 4,4:4.77485e-12 0,0:250,-305.969 0,1:391.5,-222.935 0,3:362.25,-144.474 1,1:250,-177.59 1,2:265.5,157.426 2,2:250,84.3896 3,3:250,-42.5949 4,4:250,-110.778 MaxChange2.96403e-05 StepSize1 Iteration: 6 Printing matrix: 0,0:1.22388 0,1:0.467266 0,3:0.288404 1,1:0.71036 1,2:-0.442283 2,2:-0.337558 3,3:0.17038 4,4:0.443111 Printing matrix: 0,0:-0.00717354 0,1:40.0018 0,3:39.9995 1,1:-0.00741009 1,2:-40.0073 2,2:-0.00271664 3,3:-0.00645708 4,4:-1.81899e-12 0,0:250,-305.966 0,1:391.5,-222.944 0,3:362.25,-144.481 1,1:250,-177.59 1,2:265.5,157.423 2,2:250,84.3856 3,3:250,-42.5949 4,4:250,-110.778 MaxChange2.47319e-05 StepSize1 Iteration: 7 Printing matrix: 0,0:1.22386 0,1:0.467291 0,3:0.288423 1,1:0.71036 1,2:-0.442273 2,2:-0.337543 3,3:0.17038 4,4:0.443111 Printing matrix: 0,0:-0.00377904 0,1:40.0097 0,3:40.0069 1,1:-0.000160356 1,2:-39.9973 2,2:0.0039786 3,3:-1.59321e-05 4,4:-1.36424e-12 0,0:250,-305.96 0,1:391.5,-222.948 0,3:362.25,-144.483 1,1:250,-177.585 1,2:265.5,157.427 2,2:250,84.3868 3,3:250,-42.5911 4,4:250,-110.778 MaxChange2.09951e-05 StepSize1 Iteration: 8 Printing matrix: 0,0:1.22384 0,1:0.467299 0,3:0.288427 1,1:0.71034 1,2:-0.442287 2,2:-0.337547 3,3:0.170364 4,4:0.443111 Printing matrix: 0,0:-0.00524876 0,1:40.0034 0,3:40.0016 1,1:-0.00486876 1,2:-40.0036 2,2:-0.00117366 3,3:-0.00382005 4,4:-1.25056e-12 0,0:250,-305.957 0,1:391.5,-222.954 0,3:362.25,-144.487 1,1:250,-177.584 1,2:265.5,157.426 2,2:250,84.3848 3,3:250,-42.59 4,4:250,-110.778 MaxChange1.74262e-05 StepSize1 Iteration: 9 Printing matrix: 0,0:1.22383 0,1:0.467317 0,3:0.28844 1,1:0.710335 1,2:-0.442282 2,2:-0.337539 3,3:0.17036 4,4:0.443111 Printing matrix: 0,0:-0.00359806 0,1:40.0068 0,3:40.0046 1,1:-0.00137853 1,2:-39.9988 2,2:0.00197644 3,3:-0.0010766 4,4:4.77485e-12 0,0:250,-305.953 0,1:391.5,-222.958 0,3:362.25,-144.489 1,1:250,-177.58 1,2:265.5,157.428 2,2:250,84.3853 3,3:250,-42.5874 4,4:250,-110.778 MaxChange1.63823e-05 StepSize1 Iteration: 10 Printing matrix: 0,0:1.22381 0,1:0.467326 0,3:0.288446 1,1:0.710321 1,2:-0.442288 2,2:-0.337541 3,3:0.17035 4,4:0.443111 Printing matrix: 0,0:-0.00409557 0,1:40.0037 0,3:40.0022 1,1:-0.00348555 1,2:-40.0017 2,2:-0.000503026 3,3:-0.00257561 4,4:-1.81899e-12 0,0:250,-305.949 0,1:391.5,-222.963 0,3:362.25,-144.493 1,1:250,-177.578 1,2:265.5,157.427 2,2:250,84.3844 3,3:250,-42.5861 4,4:250,-110.778 MaxChange1.31437e-05 StepSize1 Iteration: 11 Printing matrix: 0,0:1.2238 0,1:0.467339 0,3:0.288455 1,1:0.710314 1,2:-0.442286 2,2:-0.337538 3,3:0.170344 4,4:0.443111 Printing matrix: 0,0:-0.00321986 0,1:40.0051 0,3:40.0033 1,1:-0.00177808 1,2:-39.9994 2,2:0.000953898 3,3:-0.00133494 4,4:-1.36424e-12 0,0:250,-305.946 0,1:391.5,-222.967 0,3:362.25,-144.495 1,1:250,-177.576 1,2:265.5,157.428 2,2:250,84.3846 3,3:250,-42.5842 4,4:250,-110.778 MaxChange1.32567e-05 StepSize1 Iteration: 12 Printing matrix: 0,0:1.22378 0,1:0.467348 0,3:0.288461 1,1:0.710303 1,2:-0.442289 2,2:-0.337538 3,3:0.170337 4,4:0.443111 Printing matrix: 0,0:-0.00331417 0,1:40.0036 0,3:40.0022 1,1:-0.00267785 1,2:-40.0008 2,2:-0.000230126 3,3:-0.00190638 4,4:-1.25056e-12 0,0:250,-305.943 0,1:391.5,-222.971 0,3:362.25,-144.498 1,1:250,-177.574 1,2:265.5,157.428 2,2:250,84.3842 3,3:250,-42.5829 4,4:250,-110.778 MaxChange1.12108e-05 StepSize1 Iteration: 13 Printing matrix: 0,0:1.22377 0,1:0.467359 0,3:0.288468 1,1:0.710296 1,2:-0.442288 2,2:-0.337537 3,3:0.170332 4,4:0.443111 Printing matrix: 0,0:-0.0028027 0,1:40.0041 0,3:40.0026 1,1:-0.0018124 1,2:-39.9997 2,2:0.000435282 3,3:-0.00130322 4,4:4.77485e-12 0,0:250,-305.941 0,1:391.5,-222.974 0,3:362.25,-144.5 1,1:250,-177.572 1,2:265.5,157.428 2,2:250,84.3843 3,3:250,-42.5814 4,4:250,-110.778 MaxChange1.09529e-05 StepSize1 Iteration: 14 Printing matrix: 0,0:1.22376 0,1:0.467367 0,3:0.288474 1,1:0.710287 1,2:-0.442289 2,2:-0.337537 3,3:0.170326 4,4:0.443111 Printing matrix: 0,0:-0.00273822 0,1:40.0032 0,3:40.002 1,1:-0.00215935 1,2:-40.0003 2,2:-0.000127754 3,3:-0.00149456 4,4:-1.81899e-12 0,0:250,-305.938 0,1:391.5,-222.978 0,3:362.25,-144.502 1,1:250,-177.57 1,2:265.5,157.428 2,2:250,84.3841 3,3:250,-42.5802 4,4:250,-110.778 MaxChange9.63379e-06 StepSize1 Iteration: 15 Printing matrix: 0,0:1.22375 0,1:0.467376 0,3:0.288479 1,1:0.71028 1,2:-0.442289 2,2:-0.337537 3,3:0.170321 4,4:0.443111 Printing matrix: 0,0:-0.00228958 0,1:40.0028 0,3:40.0017 1,1:-0.00179298 1,2:-40.0001 2,2:-9.31606e-05 3,3:-0.0012106 4,4:-1.25056e-12 0,0:250,-305.936 0,1:391.5,-222.98 0,3:362.25,-144.503 1,1:250,-177.568 1,2:265.5,157.428 2,2:250,84.3842 3,3:250,-42.579 4,4:250,-110.778 MaxChange9.15833e-06 StepSize1 Iteration: 0 Called from: BMNcheckSubGrad(W, S, Theta, rhoMatRest, thrCheck) Browse[3]> BMNJT(Theta) $Expectation [1] 0.8469677 0.7189554 0.3430270 0.6019852 0.6090000 $SecondMomentMatrix [,1] [,2] [,3] [,4] [,5] [1,] 0.8469677 0.6219397 0.2892054 0.5189675 0.5158033 [2,] 0.6219397 0.7189554 0.2260019 0.4337143 0.4378439 [3,] 0.2892054 0.2260019 0.3430270 0.2064039 0.2089034 [4,] 0.5189675 0.4337143 0.2064039 0.6019852 0.3666090 [5,] 0.5158033 0.4378439 0.2089034 0.3666090 0.6090000 Browse[3]> debug: if ((violLarge == 0) && (violSign == 0) && (violT1 == 0)) { converged = TRUE } else { converged = FALSE } Browse[4]> debug: converged = FALSE Browse[4]> debug: return(list(converged = converged, violLarge = violLarge, violSign = violSign, violT1 = violT1)) Browse[4]> cleanEx() Browse[4]> nameEx("BMNPseudo") Browse[4]> ### * BMNPseudo Browse[4]> Printing matrix: 0,0:1.22388 0,1:0.467392 0,3:0.288477 1,1:0.71037 1,2:-0.442273 2,2:-0.337598 3,3:0.17035 4,4:0.443111 Printing matrix: 0,0:-1.83255e-06 0,1:-1.83255e-06 0,3:-1.83255e-06 1,1:-1.83255e-06 1,2:-1.83255e-06 2,2:-1.83255e-06 3,3:-1.83255e-06 4,4:-1.83255e-06 0,0:250,-306.033 0,1:391.5,-223.104 0,3:362.25,-144.566 1,1:250,-177.682 1,2:265.5,157.427 2,2:250,84.4534 3,3:250,-42.6171 4,4:250,-110.778 MaxChange0.000356416 StepSize1 Iteration: 0 Printing matrix: 0,0:1.22413 0,1:0.4677 0,3:0.288656 1,1:0.710726 1,2:-0.442288 2,2:-0.337813 3,3:0.170468 4,4:0.443111 Printing matrix: 0,0:0.0645442 0,1:40.1206 0,3:40.065 1,1:0.0891041 1,2:-40.0039 2,2:-0.0539111 3,3:0.0296179 4,4:4.66116e-12 0,0:250,-306.026 0,1:391.5,-223.062 0,3:362.25,-144.525 1,1:250,-177.651 1,2:265.5,157.441 2,2:250,84.4569 3,3:250,-42.5824 4,4:250,-110.778 MaxChange0.000138967 StepSize1 Iteration: 1 Printing matrix: 0,0:1.22411 0,1:0.46759 0,3:0.288545 1,1:0.710602 1,2:-0.442339 2,2:-0.337827 3,3:0.170329 4,4:0.443111 Printing matrix: 0,0:-0.00703055 0,1:39.9571 0,3:39.9596 1,1:-0.0309776 1,2:-40.0135 2,2:-0.00350453 3,3:-0.0347417 4,4:3.97904e-12 0,0:250,-306.04 0,1:391.5,-223.077 0,3:362.25,-144.55 1,1:250,-177.666 1,2:265.5,157.424 2,2:250,84.4494 3,3:250,-42.6032 4,4:250,-110.778 MaxChange8.34417e-05 StepSize1 Iteration: 2 Printing matrix: 0,0:1.22416 0,1:0.467629 0,3:0.288614 1,1:0.710664 1,2:-0.442276 2,2:-0.337797 3,3:0.170413 4,4:0.443111 Printing matrix: 0,0:0.0136071 0,1:40.0152 0,3:40.025 1,1:0.0154482 1,2:-39.9833 2,2:0.00750894 3,3:0.0208604 4,4:2.27374e-12 0,0:250,-306.038 0,1:391.5,-223.061 0,3:362.25,-144.534 1,1:250,-177.658 1,2:265.5,157.434 2,2:250,84.4583 3,3:250,-42.5903 4,4:250,-110.778 MaxChange5.17755e-05 StepSize1 Iteration: 3 Printing matrix: 0,0:1.22415 0,1:0.467588 0,3:0.288569 1,1:0.710632 1,2:-0.442312 2,2:-0.337833 3,3:0.170361 4,4:0.443111 Printing matrix: 0,0:-0.0015026 0,1:39.9838 0,3:39.9838 1,1:-0.00800924 1,2:-40.0097 2,2:-0.00896566 3,3:-0.0129439 4,4:1.81899e-12 0,0:250,-306.044 0,1:391.5,-223.065 0,3:362.25,-144.543 1,1:250,-177.666 1,2:265.5,157.425 2,2:250,84.4536 3,3:250,-42.5987 4,4:250,-110.778 MaxChange3.52047e-05 StepSize1 Iteration: 4 Printing matrix: 0,0:1.22418 0,1:0.467598 0,3:0.288593 1,1:0.710664 1,2:-0.442277 2,2:-0.337815 3,3:0.170395 4,4:0.443111 Printing matrix: 0,0:0.00588972 0,1:40.0041 0,3:40.0087 1,1:0.00791387 1,2:-39.9907 2,2:0.00468043 3,3:0.00841915 4,4:1.7053e-12 0,0:250,-306.045 0,1:391.5,-223.056 0,3:362.25,-144.536 1,1:250,-177.663 1,2:265.5,157.429 2,2:250,84.4586 3,3:250,-42.5942 4,4:250,-110.778 MaxChange2.28281e-05 StepSize1 Iteration: 5 Printing matrix: 0,0:1.22418 0,1:0.467575 0,3:0.288575 1,1:0.710652 1,2:-0.442295 2,2:-0.337834 3,3:0.170377 4,4:0.443111 Printing matrix: 0,0:0.00027964 0,1:39.9911 0,3:39.9932 1,1:-0.00279942 1,2:-40.0048 2,2:-0.00495407 3,3:-0.00447228 4,4:-2.21689e-11 0,0:250,-306.048 0,1:391.5,-223.056 0,3:362.25,-144.539 1,1:250,-177.668 1,2:265.5,157.425 2,2:250,84.4563 3,3:250,-42.5978 4,4:250,-110.778 MaxChange1.8168e-05 StepSize1 Iteration: 6 Printing matrix: 0,0:1.22419 0,1:0.467576 0,3:0.288583 1,1:0.710671 1,2:-0.442277 2,2:-0.337825 3,3:0.170391 4,4:0.443111 Printing matrix: 0,0:0.00336078 0,1:40.0004 0,3:40.0029 1,1:0.00454199 1,2:-39.9953 2,2:0.00226548 3,3:0.00354754 4,4:1.13687e-11 0,0:250,-306.049 0,1:391.5,-223.051 0,3:362.25,-144.536 1,1:250,-177.667 1,2:265.5,157.427 2,2:250,84.4589 3,3:250,-42.5963 4,4:250,-110.778 MaxChange1.38314e-05 StepSize1 Iteration: 7 Printing matrix: 0,0:1.2242 0,1:0.467563 0,3:0.288574 1,1:0.710668 1,2:-0.442286 2,2:-0.337835 3,3:0.170385 4,4:0.443111 Printing matrix: 0,0:0.000974548 0,1:39.9946 0,3:39.9969 1,1:-0.000617663 1,2:-40.0023 2,2:-0.00252022 3,3:-0.00145502 4,4:4.09273e-12 0,0:250,-306.051 0,1:391.5,-223.05 0,3:362.25,-144.537 1,1:250,-177.67 1,2:265.5,157.425 2,2:250,84.4578 3,3:250,-42.598 4,4:250,-110.778 MaxChange1.11533e-05 StepSize1 Iteration: 8 Printing matrix: 0,0:1.2242 0,1:0.46756 0,3:0.288576 1,1:0.710679 1,2:-0.442277 2,2:-0.337831 3,3:0.170392 4,4:0.443111 Printing matrix: 0,0:0.00224027 0,1:39.999 0,3:40.0008 1,1:0.00278832 1,2:-39.9977 2,2:0.00105102 3,3:0.00167214 4,4:2.38742e-12 0,0:250,-306.052 0,1:391.5,-223.046 0,3:362.25,-144.535 1,1:250,-177.67 1,2:265.5,157.426 2,2:250,84.459 3,3:250,-42.5976 4,4:250,-110.778 MaxChange9.13449e-06 StepSize1 Iteration: 9 Printing matrix: 0,0:1.22421 0,1:0.467551 0,3:0.288572 1,1:0.71068 1,2:-0.442281 2,2:-0.337836 3,3:0.170391 4,4:0.443111 Printing matrix: 0,0:0.00164839 0,1:39.9986 0,3:40 1,1:0.00186223 1,2:-39.9989 2,2:0.000482942 3,3:0.000910622 4,4:1.7053e-12 0,0:250,-306.054 0,1:391.5,-223.045 0,3:362.25,-144.535 1,1:250,-177.672 1,2:265.5,157.425 2,2:250,84.4586 3,3:250,-42.5985 4,4:250,-110.778 MaxChange7.44894e-06 StepSize1 Iteration: 0 Called from: BMNcheckSubGrad(W, S, Theta, rhoMatRest, thrCheck) Browse[3]> flush(stderr()); flush(stdout()) Browse[3]> debug: if ((violLarge == 0) && (violSign == 0) && (violT1 == 0)) { converged = TRUE } else { converged = FALSE } Browse[4]> ### Name: BMNPseudo Browse[4]> ### Title: Pseudo-likelihood inference in L1-penalized Binary Markov Model Browse[4]> ### Aliases: BMNPseudo BMNPseudo.single Browse[4]> ### Keywords: multivariate Browse[4]> debug: converged = FALSE Browse[4]> ### ** Examples Browse[4]> debug: return(list(converged = converged, violLarge = violLarge, violSign = violSign, violT1 = violT1)) Browse[4]> library(BMN) Browse[4]> Theta = matrix(numeric(25), ncol=5); Browse[4]> Theta[1,1]=0.5; Theta[2,2]=0.5; Theta[3,3]=0; Theta[4,4]= -0.5; Theta[5,5]= 0.5; Browse[4]> Theta[1,2]=Theta[2,1]=1; Theta[1,4]=Theta[4,1]=1; Theta[2,3]=Theta[3,2]= -1; Browse[4]> numSamples=1000; burnIn=100; skip=1; Browse[4]> Printing matrix: 0,0:1.22409 0,1:0.467491 0,3:0.288538 1,1:0.710573 1,2:-0.442276 2,2:-0.337749 3,3:0.170378 4,4:0.443111 Printing matrix: 0,0:-1.83255e-06 0,1:-1.83255e-06 0,3:-1.83255e-06 1,1:-1.83255e-06 1,2:-1.83255e-06 2,2:-1.83255e-06 3,3:-1.83255e-06 4,4:-1.83255e-06 0,0:250,-305.997 0,1:391.5,-222.971 0,3:362.25,-144.496 1,1:250,-177.603 1,2:265.5,157.421 2,2:250,84.4097 3,3:250,-42.5799 4,4:250,-110.778 MaxChange0.00016265 StepSize1 Iteration: 0 Printing matrix: 0,0:1.22399 0,1:0.46736 0,3:0.288464 1,1:0.710411 1,2:-0.442265 2,2:-0.337639 3,3:0.17032 4,4:0.443111 Printing matrix: 0,0:-0.0267179 0,1:39.9485 0,3:39.9734 1,1:-0.0406624 1,2:-39.9971 2,2:0.0275784 3,3:-0.0146311 4,4:-5.68434e-12 0,0:250,-306 0,1:391.5,-222.991 0,3:362.25,-144.515 1,1:250,-177.615 1,2:265.5,157.417 2,2:250,84.4085 3,3:250,-42.5941 4,4:250,-110.778 MaxChange5.65088e-05 StepSize1 Iteration: 1 Printing matrix: 0,0:1.224 0,1:0.467409 0,3:0.288516 1,1:0.71046 1,2:-0.44225 2,2:-0.337634 3,3:0.170376 4,4:0.443111 Printing matrix: 0,0:0.00320064 0,1:40.0193 0,3:40.0189 1,1:0.0123432 1,2:-39.9961 2,2:0.00125185 3,3:0.0141272 4,4:-3.86535e-12 0,0:250,-305.993 0,1:391.5,-222.985 0,3:362.25,-144.505 1,1:250,-177.608 1,2:265.5,157.424 2,2:250,84.4106 3,3:250,-42.5842 4,4:250,-110.778 MaxChange3.94007e-05 StepSize1 Iteration: 2 Printing matrix: 0,0:1.22397 0,1:0.467395 0,3:0.288489 1,1:0.710433 1,2:-0.442277 2,2:-0.337642 3,3:0.170337 4,4:0.443111 Printing matrix: 0,0:-0.00624779 0,1:39.9946 0,3:39.9901 1,1:-0.00665673 1,2:-40.0071 2,2:-0.0021481 3,3:-0.00985017 4,4:-3.29692e-12 0,0:250,-305.994 0,1:391.5,-222.993 0,3:362.25,-144.513 1,1:250,-177.611 1,2:265.5,157.421 2,2:250,84.4067 3,3:250,-42.5893 4,4:250,-110.778 MaxChange2.1731e-05 StepSize1 Iteration: 3 Printing matrix: 0,0:1.22397 0,1:0.467414 0,3:0.288511 1,1:0.710445 1,2:-0.442264 2,2:-0.337627 3,3:0.170357 4,4:0.443111 Printing matrix: 0,0:4.1376e-05 0,1:40.0074 0,3:40.0079 1,1:0.00294547 1,2:-39.9967 2,2:0.00392553 3,3:0.00504137 4,4:2.84217e-12 0,0:250,-305.99 0,1:391.5,-222.992 0,3:362.25,-144.51 1,1:250,-177.608 1,2:265.5,157.425 2,2:250,84.4082 3,3:250,-42.5851 4,4:250,-110.778 MaxChange1.65797e-05 StepSize1 Iteration: 4 Printing matrix: 0,0:1.22396 0,1:0.467411 0,3:0.288502 1,1:0.710431 1,2:-0.44228 2,2:-0.337633 3,3:0.17034 4,4:0.443111 Printing matrix: 0,0:-0.00309622 0,1:39.999 0,3:39.997 1,1:-0.00344534 1,2:-40.0041 2,2:-0.00151844 3,3:-0.00414492 4,4:-3.29692e-12 0,0:250,-305.99 0,1:391.5,-222.996 0,3:362.25,-144.514 1,1:250,-177.609 1,2:265.5,157.424 2,2:250,84.406 3,3:250,-42.5866 4,4:250,-110.778 MaxChange1.08747e-05 StepSize1 Iteration: 5 Printing matrix: 0,0:1.22396 0,1:0.467422 0,3:0.288512 1,1:0.710435 1,2:-0.442273 2,2:-0.337624 3,3:0.170346 4,4:0.443111 Printing matrix: 0,0:-0.000705969 0,1:40.0043 0,3:40.0036 1,1:0.000896322 1,2:-39.9984 2,2:0.00222194 3,3:0.00147526 4,4:2.84217e-12 0,0:250,-305.988 0,1:391.5,-222.996 0,3:362.25,-144.513 1,1:250,-177.607 1,2:265.5,157.426 2,2:250,84.4067 3,3:250,-42.5847 4,4:250,-110.778 MaxChange8.27094e-06 StepSize1 Iteration: 6 Printing matrix: 0,0:1.22395 0,1:0.467423 0,3:0.288511 1,1:0.710427 1,2:-0.442281 2,2:-0.337627 3,3:0.170339 4,4:0.443111 Printing matrix: 0,0:-0.000910596 0,1:40.0027 0,3:40.0019 1,1:3.28737e-05 1,2:-39.9992 2,2:0.00115922 3,3:0.000249833 4,4:2.84217e-12 0,0:250,-305.987 0,1:391.5,-222.999 0,3:362.25,-144.515 1,1:250,-177.607 1,2:265.5,157.425 2,2:250,84.4055 3,3:250,-42.5849 4,4:250,-110.778 MaxChange6.93392e-06 StepSize1 Iteration: 0 Called from: BMNcheckSubGrad(W, S, Theta, rhoMatRest, thrCheck) Browse[3]> simData = BMNSamples(Theta, numSamples, burnIn, skip) Error in numeric(p * numSamples) : object 'numSamples' not found Calls: BMNExact ... doTryCatch -> BMNcheckSubGrad -> BMNSamples -> matrix -> numeric Browse[3]> debug: if ((violLarge == 0) && (violSign == 0) && (violT1 == 0)) { converged = TRUE } else { converged = FALSE } Browse[4]> rhoVec = c(0.01, 0.02, 0.03) Browse[4]> debug: converged = TRUE Browse[4]> pseudoPath = BMNPseudo(simData, rhoVec) Error in BMNPseudo(simData, rhoVec) : object 'simData' not found Calls: BMNExact ... tryCatchOne -> doTryCatch -> BMNcheckSubGrad -> BMNPseudo Browse[4]> pseudoSingle = BMNPseudo.single(simData, 0.02) Error in BMNPseudo.single(simData, 0.02) : object 'simData' not found Calls: BMNExact ... tryCatchOne -> doTryCatch -> BMNcheckSubGrad -> BMNPseudo.single Browse[4]> debug: return(list(converged = converged, violLarge = violLarge, violSign = violSign, violT1 = violT1)) Browse[4]> Called from: BMNcheckSubGrad(W, S, Theta, rhoMat, thrCheck) Browse[3]> debug: if ((violLarge == 0) && (violSign == 0) && (violT1 == 0)) { converged = TRUE } else { converged = FALSE } Browse[4]> ### *